| Back to Multiple platform build/check report for BioC 3.16: simplified long |
|
This page was generated on 2023-04-12 11:05:09 -0400 (Wed, 12 Apr 2023).
| Hostname | OS | Arch (*) | R version | Installed pkgs |
|---|---|---|---|---|
| nebbiolo2 | Linux (Ubuntu 20.04.5 LTS) | x86_64 | 4.2.3 (2023-03-15) -- "Shortstop Beagle" | 4502 |
| palomino4 | Windows Server 2022 Datacenter | x64 | 4.2.3 (2023-03-15 ucrt) -- "Shortstop Beagle" | 4282 |
| lconway | macOS 12.5.1 Monterey | x86_64 | 4.2.3 (2023-03-15) -- "Shortstop Beagle" | 4310 |
| Click on any hostname to see more info about the system (e.g. compilers) (*) as reported by 'uname -p', except on Windows and Mac OS X | ||||
|
To the developers/maintainers of the M3Drop package: - Please allow up to 24 hours (and sometimes 48 hours) for your latest push to git@git.bioconductor.org:packages/M3Drop.git to reflect on this report. See How and When does the builder pull? When will my changes propagate? for more information. - Make sure to use the following settings in order to reproduce any error or warning you see on this page. |
| Package 1068/2183 | Hostname | OS / Arch | INSTALL | BUILD | CHECK | BUILD BIN | ||||||||
| M3Drop 1.24.0 (landing page) Tallulah Andrews
| nebbiolo2 | Linux (Ubuntu 20.04.5 LTS) / x86_64 | OK | OK | WARNINGS | |||||||||
| palomino4 | Windows Server 2022 Datacenter / x64 | OK | OK | WARNINGS | OK | |||||||||
| lconway | macOS 12.5.1 Monterey / x86_64 | OK | OK | WARNINGS | OK | |||||||||
| Package: M3Drop |
| Version: 1.24.0 |
| Command: /home/biocbuild/bbs-3.16-bioc/R/bin/R CMD check --install=check:M3Drop.install-out.txt --library=/home/biocbuild/bbs-3.16-bioc/R/site-library --timings M3Drop_1.24.0.tar.gz |
| StartedAt: 2023-04-10 21:38:44 -0400 (Mon, 10 Apr 2023) |
| EndedAt: 2023-04-10 21:48:04 -0400 (Mon, 10 Apr 2023) |
| EllapsedTime: 559.6 seconds |
| RetCode: 0 |
| Status: WARNINGS |
| CheckDir: M3Drop.Rcheck |
| Warnings: 1 |
##############################################################################
##############################################################################
###
### Running command:
###
### /home/biocbuild/bbs-3.16-bioc/R/bin/R CMD check --install=check:M3Drop.install-out.txt --library=/home/biocbuild/bbs-3.16-bioc/R/site-library --timings M3Drop_1.24.0.tar.gz
###
##############################################################################
##############################################################################
* using log directory ‘/home/biocbuild/bbs-3.16-bioc/meat/M3Drop.Rcheck’
* using R version 4.2.3 (2023-03-15)
* using platform: x86_64-pc-linux-gnu (64-bit)
* using session charset: UTF-8
* checking for file ‘M3Drop/DESCRIPTION’ ... OK
* this is package ‘M3Drop’ version ‘1.24.0’
* checking package namespace information ... OK
* checking package dependencies ... OK
* checking if this is a source package ... OK
* checking if there is a namespace ... OK
* checking for hidden files and directories ... OK
* checking for portable file names ... OK
* checking for sufficient/correct file permissions ... OK
* checking whether package ‘M3Drop’ can be installed ... OK
* checking installed package size ... OK
* checking package directory ... OK
* checking ‘build’ directory ... OK
* checking DESCRIPTION meta-information ... OK
* checking top-level files ... OK
* checking for left-over files ... OK
* checking index information ... OK
* checking package subdirectories ... OK
* checking R files for non-ASCII characters ... OK
* checking R files for syntax errors ... OK
* checking whether the package can be loaded ... OK
* checking whether the package can be loaded with stated dependencies ... OK
* checking whether the package can be unloaded cleanly ... OK
* checking whether the namespace can be loaded with stated dependencies ... OK
* checking whether the namespace can be unloaded cleanly ... OK
* checking loading without being on the library search path ... OK
* checking dependencies in R code ... WARNING
Package in Depends field not imported from: ‘numDeriv’
These packages need to be imported from (in the NAMESPACE file)
for when this namespace is loaded but not attached.
Missing or unexported object: ‘scater::exprs’
* checking S3 generic/method consistency ... OK
* checking replacement functions ... OK
* checking foreign function calls ... OK
* checking R code for possible problems ... NOTE
M3DropConvertData: no visible global function definition for ‘assays’
NBumiConvertData: no visible global function definition for ‘assays’
bg__filter_cells: no visible binding for global variable ‘x’
bg__get_extreme_residuals: no visible binding for global variable ‘x’
Undefined global functions or variables:
assays x
* checking Rd files ... NOTE
prepare_Rd: NBumi_FSOther.Rd:8-10: Dropping empty section \usage
prepare_Rd: NBumi_TradDE.Rd:7-8: Dropping empty section \usage
* checking Rd metadata ... OK
* checking Rd cross-references ... OK
* checking for missing documentation entries ... OK
* checking for code/documentation mismatches ... OK
* checking Rd \usage sections ... OK
* checking Rd contents ... OK
* checking for unstated dependencies in examples ... OK
* checking files in ‘vignettes’ ... OK
* checking examples ... OK
Examples with CPU (user + system) or elapsed time > 5s
user system elapsed
NewSimulations 131.791 1.844 133.641
Imputation 39.370 0.212 39.582
M3D_getmarkers 33.857 0.144 34.002
M3D_ConverData 5.246 0.180 5.426
* checking for unstated dependencies in vignettes ... OK
* checking package vignettes in ‘inst/doc’ ... OK
* checking running R code from vignettes ...
‘M3Drop_Vignette.Rnw’... OK
OK
* checking re-building of vignette outputs ... OK
* checking PDF version of manual ... OK
* DONE
Status: 1 WARNING, 2 NOTEs
See
‘/home/biocbuild/bbs-3.16-bioc/meat/M3Drop.Rcheck/00check.log’
for details.
M3Drop.Rcheck/00install.out
############################################################################## ############################################################################## ### ### Running command: ### ### /home/biocbuild/bbs-3.16-bioc/R/bin/R CMD INSTALL M3Drop ### ############################################################################## ############################################################################## * installing to library ‘/home/biocbuild/bbs-3.16-bioc/R/site-library’ * installing *source* package ‘M3Drop’ ... ** using staged installation ** R ** inst ** byte-compile and prepare package for lazy loading ** help *** installing help indices ** building package indices ** installing vignettes ** testing if installed package can be loaded from temporary location ** testing if installed package can be loaded from final location ** testing if installed package keeps a record of temporary installation path * DONE (M3Drop)
M3Drop.Rcheck/M3Drop-Ex.timings
| name | user | system | elapsed | |
| Brennecke_getVariableGenes | 3.641 | 0.184 | 3.828 | |
| Consensus_FS | 0.310 | 0.024 | 0.333 | |
| Fitting_Dropout_Models | 0 | 0 | 0 | |
| Imputation | 39.370 | 0.212 | 39.582 | |
| M3D_Clean_Data | 1.731 | 0.091 | 1.822 | |
| M3D_ConverData | 5.246 | 0.180 | 5.426 | |
| M3D_Differential_Expression | 2.457 | 0.080 | 2.536 | |
| M3D_Dropout_Models | 1.071 | 0.020 | 1.091 | |
| M3D_Expression_Heatmap | 0.489 | 0.000 | 0.488 | |
| M3D_Get_Extremes | 3.225 | 0.080 | 3.306 | |
| M3D_Get_Heatmap_Cell_Clusters | 0.434 | 0.004 | 0.438 | |
| M3D_Simulations | 0 | 0 | 0 | |
| M3D_Test_Shift | 0.639 | 0.000 | 0.639 | |
| M3D_ThreeSet_Venn | 0.327 | 0.000 | 0.327 | |
| M3D_TraditionalDE | 0.017 | 0.000 | 0.017 | |
| M3D_getmarkers | 33.857 | 0.144 | 34.002 | |
| M3D_horz_res | 0 | 0 | 0 | |
| NBumi_CheckFit | 2.209 | 0.116 | 2.325 | |
| NBumi_CoExpression | 0.722 | 0.032 | 0.754 | |
| NBumi_CompareModels | 2.851 | 0.056 | 2.907 | |
| NBumi_ConvertToInteger | 0.001 | 0.000 | 0.000 | |
| NBumi_ConvrtData | 0.337 | 0.008 | 0.346 | |
| NBumi_FSDrop | 1.533 | 0.060 | 1.593 | |
| NBumi_FSHighVar | 0.691 | 0.020 | 0.711 | |
| NBumi_FSOther | 0.011 | 0.000 | 0.011 | |
| NBumi_FitDisp | 0 | 0 | 0 | |
| NBumi_FitDispVsMean | 0.521 | 0.004 | 0.525 | |
| NBumi_FitModel | 0.724 | 0.016 | 0.740 | |
| NBumi_HVG | 0.794 | 0.000 | 0.795 | |
| NBumi_TradDE | 0 | 0 | 0 | |
| NewSimulations | 131.791 | 1.844 | 133.641 | |
| Other_FS | 1.040 | 0.008 | 1.047 | |
| PoissonUMIFeatureSelectionDropouts | 1.302 | 0.068 | 1.371 | |
| bg__fit_gamma | 0 | 0 | 0 | |
| bg__get_stats | 0 | 0 | 0 | |
| bg__mean2disp | 0 | 0 | 0 | |
| bg__shift_size | 0 | 0 | 0 | |
| bg__var_vs_drop | 0.000 | 0.000 | 0.001 | |