| Back to Multiple platform build/check report for BioC 3.16: simplified long |
|
This page was generated on 2023-04-12 11:05:30 -0400 (Wed, 12 Apr 2023).
| Hostname | OS | Arch (*) | R version | Installed pkgs |
|---|---|---|---|---|
| nebbiolo2 | Linux (Ubuntu 20.04.5 LTS) | x86_64 | 4.2.3 (2023-03-15) -- "Shortstop Beagle" | 4502 |
| palomino4 | Windows Server 2022 Datacenter | x64 | 4.2.3 (2023-03-15 ucrt) -- "Shortstop Beagle" | 4282 |
| lconway | macOS 12.5.1 Monterey | x86_64 | 4.2.3 (2023-03-15) -- "Shortstop Beagle" | 4310 |
| Click on any hostname to see more info about the system (e.g. compilers) (*) as reported by 'uname -p', except on Windows and Mac OS X | ||||
|
To the developers/maintainers of the DEP package: - Please allow up to 24 hours (and sometimes 48 hours) for your latest push to git@git.bioconductor.org:packages/DEP.git to reflect on this report. See How and When does the builder pull? When will my changes propagate? for more information. - Make sure to use the following settings in order to reproduce any error or warning you see on this page. |
| Package 514/2183 | Hostname | OS / Arch | INSTALL | BUILD | CHECK | BUILD BIN | ||||||||
| DEP 1.20.0 (landing page) Arne Smits
| nebbiolo2 | Linux (Ubuntu 20.04.5 LTS) / x86_64 | OK | OK | WARNINGS | |||||||||
| palomino4 | Windows Server 2022 Datacenter / x64 | OK | OK | WARNINGS | OK | |||||||||
| lconway | macOS 12.5.1 Monterey / x86_64 | OK | OK | WARNINGS | OK | |||||||||
| Package: DEP |
| Version: 1.20.0 |
| Command: F:\biocbuild\bbs-3.16-bioc\R\bin\R.exe CMD check --no-multiarch --install=check:DEP.install-out.txt --library=F:\biocbuild\bbs-3.16-bioc\R\library --no-vignettes --timings DEP_1.20.0.tar.gz |
| StartedAt: 2023-04-11 00:45:20 -0400 (Tue, 11 Apr 2023) |
| EndedAt: 2023-04-11 00:50:47 -0400 (Tue, 11 Apr 2023) |
| EllapsedTime: 326.6 seconds |
| RetCode: 0 |
| Status: WARNINGS |
| CheckDir: DEP.Rcheck |
| Warnings: 1 |
##############################################################################
##############################################################################
###
### Running command:
###
### F:\biocbuild\bbs-3.16-bioc\R\bin\R.exe CMD check --no-multiarch --install=check:DEP.install-out.txt --library=F:\biocbuild\bbs-3.16-bioc\R\library --no-vignettes --timings DEP_1.20.0.tar.gz
###
##############################################################################
##############################################################################
* using log directory 'F:/biocbuild/bbs-3.16-bioc/meat/DEP.Rcheck'
* using R version 4.2.3 (2023-03-15 ucrt)
* using platform: x86_64-w64-mingw32 (64-bit)
* using session charset: UTF-8
* using option '--no-vignettes'
* checking for file 'DEP/DESCRIPTION' ... OK
* this is package 'DEP' version '1.20.0'
* package encoding: UTF-8
* checking package namespace information ... OK
* checking package dependencies ... OK
* checking if this is a source package ... OK
* checking if there is a namespace ... OK
* checking for hidden files and directories ... OK
* checking for portable file names ... OK
* checking whether package 'DEP' can be installed ... OK
* checking installed package size ... OK
* checking package directory ... OK
* checking 'build' directory ... OK
* checking DESCRIPTION meta-information ... OK
* checking top-level files ... OK
* checking for left-over files ... OK
* checking index information ... OK
* checking package subdirectories ... OK
* checking R files for non-ASCII characters ... OK
* checking R files for syntax errors ... OK
* checking whether the package can be loaded ... OK
* checking whether the package can be loaded with stated dependencies ... OK
* checking whether the package can be unloaded cleanly ... OK
* checking whether the namespace can be loaded with stated dependencies ... OK
* checking whether the namespace can be unloaded cleanly ... OK
* checking dependencies in R code ... OK
* checking S3 generic/method consistency ... OK
* checking replacement functions ... OK
* checking foreign function calls ... OK
* checking R code for possible problems ... OK
* checking Rd files ... OK
* checking Rd metadata ... OK
* checking Rd cross-references ... WARNING
Missing link or links in documentation object 'LFQ.Rd':
'[MSnbase:impute-methods]{impute}'
Missing link or links in documentation object 'TMT.Rd':
'[MSnbase:impute-methods]{impute}'
Missing link or links in documentation object 'impute.Rd':
'[MSnbase:impute-methods]{impute}'
Missing link or links in documentation object 'process.Rd':
'[MSnbase:impute-methods]{impute}'
See section 'Cross-references' in the 'Writing R Extensions' manual.
* checking for missing documentation entries ... OK
* checking for code/documentation mismatches ... OK
* checking Rd \usage sections ... OK
* checking Rd contents ... OK
* checking for unstated dependencies in examples ... OK
* checking contents of 'data' directory ... OK
* checking data for non-ASCII characters ... OK
* checking LazyData ... OK
* checking data for ASCII and uncompressed saves ... OK
* checking R/sysdata.rda ... OK
* checking files in 'vignettes' ... OK
* checking examples ... OK
* checking for unstated dependencies in 'tests' ... OK
* checking tests ...
Running 'testthat.R'
OK
* checking for unstated dependencies in vignettes ... OK
* checking package vignettes in 'inst/doc' ... OK
* checking running R code from vignettes ... SKIPPED
* checking re-building of vignette outputs ... SKIPPED
* checking PDF version of manual ... OK
* DONE
Status: 1 WARNING
See
'F:/biocbuild/bbs-3.16-bioc/meat/DEP.Rcheck/00check.log'
for details.
DEP.Rcheck/00install.out
############################################################################## ############################################################################## ### ### Running command: ### ### F:\biocbuild\bbs-3.16-bioc\R\bin\R.exe CMD INSTALL DEP ### ############################################################################## ############################################################################## * installing to library 'F:/biocbuild/bbs-3.16-bioc/R/library' * installing *source* package 'DEP' ... ** using staged installation ** R ** data *** moving datasets to lazyload DB ** inst ** byte-compile and prepare package for lazy loading ** help *** installing help indices ** building package indices ** installing vignettes ** testing if installed package can be loaded from temporary location ** testing if installed package can be loaded from final location ** testing if installed package keeps a record of temporary installation path * DONE (DEP)
DEP.Rcheck/tests/testthat.Rout
R version 4.2.3 (2023-03-15 ucrt) -- "Shortstop Beagle"
Copyright (C) 2023 The R Foundation for Statistical Computing
Platform: x86_64-w64-mingw32/x64 (64-bit)
R is free software and comes with ABSOLUTELY NO WARRANTY.
You are welcome to redistribute it under certain conditions.
Type 'license()' or 'licence()' for distribution details.
R is a collaborative project with many contributors.
Type 'contributors()' for more information and
'citation()' on how to cite R or R packages in publications.
Type 'demo()' for some demos, 'help()' for on-line help, or
'help.start()' for an HTML browser interface to help.
Type 'q()' to quit R.
> library(testthat)
> library(DEP)
>
> test_check("DEP")
!!! Error: Cannot call ghostscript `mgs' (No such file or directory/The system cannot find the file specified)!
pdfcrop: major issue: So far, you have not checked for updates as a MiKTeX user.
!!! Error: Cannot call ghostscript `mgs' (No such file or directory/The system cannot find the file specified)!
pdfcrop: major issue: So far, you have not checked for updates as a MiKTeX user.
!!! Error: Cannot call ghostscript `mgs' (No such file or directory/The system cannot find the file specified)!
pdfcrop: major issue: So far, you have not checked for updates as a MiKTeX user.
!!! Error: Cannot call ghostscript `mgs' (No such file or directory/The system cannot find the file specified)!
pdfcrop: major issue: So far, you have not checked for updates as a MiKTeX user.
!!! Error: Cannot call ghostscript `mgs' (No such file or directory/The system cannot find the file specified)!
pdfcrop: major issue: So far, you have not checked for updates as a MiKTeX user.
!!! Error: Cannot call ghostscript `mgs' (No such file or directory/The system cannot find the file specified)!
pdfcrop: major issue: So far, you have not checked for updates as a MiKTeX user.
!!! Error: Cannot call ghostscript `mgs' (No such file or directory/The system cannot find the file specified)!
pdfcrop: major issue: So far, you have not checked for updates as a MiKTeX user.
!!! Error: Cannot call ghostscript `mgs' (No such file or directory/The system cannot find the file specified)!
pdfcrop: major issue: So far, you have not checked for updates as a MiKTeX user.
!!! Error: Cannot call ghostscript `mgs' (No such file or directory/The system cannot find the file specified)!
pdfcrop: major issue: So far, you have not checked for updates as a MiKTeX user.
!!! Error: Cannot call ghostscript `mgs' (No such file or directory/The system cannot find the file specified)!
pdfcrop: major issue: So far, you have not checked for updates as a MiKTeX user.
[ FAIL 0 | WARN 14 | SKIP 0 | PASS 333 ]
[ FAIL 0 | WARN 14 | SKIP 0 | PASS 333 ]
>
> proc.time()
user system elapsed
49.21 1.40 64.26
DEP.Rcheck/DEP-Ex.timings
| name | user | system | elapsed | |
| LFQ | 1.35 | 0.05 | 1.40 | |
| TMT | 0 | 0 | 0 | |
| add_rejections | 1.42 | 0.03 | 1.45 | |
| analyze_dep | 2.24 | 0.00 | 2.23 | |
| filter_missval | 0.44 | 0.00 | 0.44 | |
| filter_proteins | 0.25 | 0.00 | 0.25 | |
| get_df_long | 0.71 | 0.02 | 0.74 | |
| get_df_wide | 0.8 | 0.0 | 0.8 | |
| get_prefix | 0 | 0 | 0 | |
| get_results | 0.97 | 0.01 | 0.98 | |
| get_suffix | 0 | 0 | 0 | |
| import_IsobarQuant | 0 | 0 | 0 | |
| import_MaxQuant | 0.04 | 0.00 | 0.05 | |
| impute | 1.88 | 0.00 | 1.89 | |
| make_se | 0.03 | 0.00 | 0.03 | |
| make_se_parse | 0.06 | 0.00 | 0.06 | |
| make_unique | 0.02 | 0.00 | 0.02 | |
| manual_impute | 0.72 | 0.03 | 0.75 | |
| meanSdPlot | 0.71 | 0.00 | 0.73 | |
| normalize_vsn | 0.4 | 0.0 | 0.4 | |
| plot_all | 1.50 | 0.03 | 1.54 | |
| plot_cond | 1.12 | 0.02 | 1.14 | |
| plot_cond_freq | 0.81 | 0.05 | 0.86 | |
| plot_cond_overlap | 0.86 | 0.00 | 0.86 | |
| plot_cor | 1.19 | 0.00 | 1.18 | |
| plot_coverage | 1.21 | 0.03 | 1.25 | |
| plot_detect | 0.71 | 0.00 | 0.72 | |
| plot_dist | 3.29 | 0.08 | 3.39 | |
| plot_frequency | 0.38 | 0.00 | 0.39 | |
| plot_gsea | 0.70 | 0.00 | 0.71 | |
| plot_heatmap | 2.28 | 0.00 | 2.28 | |
| plot_imputation | 1.08 | 0.01 | 1.11 | |
| plot_missval | 1.45 | 0.00 | 1.45 | |
| plot_normalization | 1.41 | 0.02 | 1.42 | |
| plot_numbers | 0.53 | 0.02 | 0.56 | |
| plot_p_hist | 1.28 | 0.01 | 1.30 | |
| plot_pca | 1.47 | 0.00 | 1.48 | |
| plot_single | 1.69 | 0.00 | 1.69 | |
| plot_volcano | 3.91 | 0.05 | 3.97 | |
| process | 1.39 | 0.02 | 1.41 | |
| report | 0 | 0 | 0 | |
| run_app | 0 | 0 | 0 | |
| se2msn | 0.17 | 0.01 | 0.18 | |
| test_diff | 1.09 | 0.00 | 1.10 | |
| test_gsea | 0.72 | 0.00 | 0.72 | |
| theme_DEP1 | 0.41 | 0.00 | 0.42 | |
| theme_DEP2 | 0.47 | 0.00 | 0.47 | |