| Back to Multiple platform build/check report for BioC 3.16: simplified long |
|
This page was generated on 2023-04-12 11:05:02 -0400 (Wed, 12 Apr 2023).
| Hostname | OS | Arch (*) | R version | Installed pkgs |
|---|---|---|---|---|
| nebbiolo2 | Linux (Ubuntu 20.04.5 LTS) | x86_64 | 4.2.3 (2023-03-15) -- "Shortstop Beagle" | 4502 |
| palomino4 | Windows Server 2022 Datacenter | x64 | 4.2.3 (2023-03-15 ucrt) -- "Shortstop Beagle" | 4282 |
| lconway | macOS 12.5.1 Monterey | x86_64 | 4.2.3 (2023-03-15) -- "Shortstop Beagle" | 4310 |
| Click on any hostname to see more info about the system (e.g. compilers) (*) as reported by 'uname -p', except on Windows and Mac OS X | ||||
|
To the developers/maintainers of the DEP package: - Please allow up to 24 hours (and sometimes 48 hours) for your latest push to git@git.bioconductor.org:packages/DEP.git to reflect on this report. See How and When does the builder pull? When will my changes propagate? for more information. - Make sure to use the following settings in order to reproduce any error or warning you see on this page. |
| Package 514/2183 | Hostname | OS / Arch | INSTALL | BUILD | CHECK | BUILD BIN | ||||||||
| DEP 1.20.0 (landing page) Arne Smits
| nebbiolo2 | Linux (Ubuntu 20.04.5 LTS) / x86_64 | OK | OK | WARNINGS | |||||||||
| palomino4 | Windows Server 2022 Datacenter / x64 | OK | OK | WARNINGS | OK | |||||||||
| lconway | macOS 12.5.1 Monterey / x86_64 | OK | OK | WARNINGS | OK | |||||||||
| Package: DEP |
| Version: 1.20.0 |
| Command: /home/biocbuild/bbs-3.16-bioc/R/bin/R CMD check --install=check:DEP.install-out.txt --library=/home/biocbuild/bbs-3.16-bioc/R/site-library --timings DEP_1.20.0.tar.gz |
| StartedAt: 2023-04-10 20:13:57 -0400 (Mon, 10 Apr 2023) |
| EndedAt: 2023-04-10 20:20:11 -0400 (Mon, 10 Apr 2023) |
| EllapsedTime: 373.6 seconds |
| RetCode: 0 |
| Status: WARNINGS |
| CheckDir: DEP.Rcheck |
| Warnings: 1 |
##############################################################################
##############################################################################
###
### Running command:
###
### /home/biocbuild/bbs-3.16-bioc/R/bin/R CMD check --install=check:DEP.install-out.txt --library=/home/biocbuild/bbs-3.16-bioc/R/site-library --timings DEP_1.20.0.tar.gz
###
##############################################################################
##############################################################################
* using log directory ‘/home/biocbuild/bbs-3.16-bioc/meat/DEP.Rcheck’
* using R version 4.2.3 (2023-03-15)
* using platform: x86_64-pc-linux-gnu (64-bit)
* using session charset: UTF-8
* checking for file ‘DEP/DESCRIPTION’ ... OK
* this is package ‘DEP’ version ‘1.20.0’
* package encoding: UTF-8
* checking package namespace information ... OK
* checking package dependencies ... OK
* checking if this is a source package ... OK
* checking if there is a namespace ... OK
* checking for hidden files and directories ... OK
* checking for portable file names ... OK
* checking for sufficient/correct file permissions ... OK
* checking whether package ‘DEP’ can be installed ... OK
* checking installed package size ... OK
* checking package directory ... OK
* checking ‘build’ directory ... OK
* checking DESCRIPTION meta-information ... OK
* checking top-level files ... OK
* checking for left-over files ... OK
* checking index information ... OK
* checking package subdirectories ... OK
* checking R files for non-ASCII characters ... OK
* checking R files for syntax errors ... OK
* checking whether the package can be loaded ... OK
* checking whether the package can be loaded with stated dependencies ... OK
* checking whether the package can be unloaded cleanly ... OK
* checking whether the namespace can be loaded with stated dependencies ... OK
* checking whether the namespace can be unloaded cleanly ... OK
* checking loading without being on the library search path ... OK
* checking dependencies in R code ... OK
* checking S3 generic/method consistency ... OK
* checking replacement functions ... OK
* checking foreign function calls ... OK
* checking R code for possible problems ... OK
* checking Rd files ... OK
* checking Rd metadata ... OK
* checking Rd cross-references ... WARNING
Missing link or links in documentation object 'LFQ.Rd':
‘[MSnbase:impute-methods]{impute}’
Missing link or links in documentation object 'TMT.Rd':
‘[MSnbase:impute-methods]{impute}’
Missing link or links in documentation object 'impute.Rd':
‘[MSnbase:impute-methods]{impute}’
Missing link or links in documentation object 'process.Rd':
‘[MSnbase:impute-methods]{impute}’
See section 'Cross-references' in the 'Writing R Extensions' manual.
* checking for missing documentation entries ... OK
* checking for code/documentation mismatches ... OK
* checking Rd \usage sections ... OK
* checking Rd contents ... OK
* checking for unstated dependencies in examples ... OK
* checking contents of ‘data’ directory ... OK
* checking data for non-ASCII characters ... OK
* checking LazyData ... OK
* checking data for ASCII and uncompressed saves ... OK
* checking R/sysdata.rda ... OK
* checking files in ‘vignettes’ ... OK
* checking examples ... OK
* checking for unstated dependencies in ‘tests’ ... OK
* checking tests ...
Running ‘testthat.R’
OK
* checking for unstated dependencies in vignettes ... OK
* checking package vignettes in ‘inst/doc’ ... OK
* checking running R code from vignettes ...
‘DEP.Rmd’ using ‘UTF-8’... OK
‘MissingValues.Rmd’ using ‘UTF-8’... OK
NONE
* checking re-building of vignette outputs ... OK
* checking PDF version of manual ... OK
* DONE
Status: 1 WARNING
See
‘/home/biocbuild/bbs-3.16-bioc/meat/DEP.Rcheck/00check.log’
for details.
DEP.Rcheck/00install.out
############################################################################## ############################################################################## ### ### Running command: ### ### /home/biocbuild/bbs-3.16-bioc/R/bin/R CMD INSTALL DEP ### ############################################################################## ############################################################################## * installing to library ‘/home/biocbuild/bbs-3.16-bioc/R/site-library’ * installing *source* package ‘DEP’ ... ** using staged installation ** R ** data *** moving datasets to lazyload DB ** inst ** byte-compile and prepare package for lazy loading ** help *** installing help indices ** building package indices ** installing vignettes ** testing if installed package can be loaded from temporary location ** testing if installed package can be loaded from final location ** testing if installed package keeps a record of temporary installation path * DONE (DEP)
DEP.Rcheck/tests/testthat.Rout
R version 4.2.3 (2023-03-15) -- "Shortstop Beagle"
Copyright (C) 2023 The R Foundation for Statistical Computing
Platform: x86_64-pc-linux-gnu (64-bit)
R is free software and comes with ABSOLUTELY NO WARRANTY.
You are welcome to redistribute it under certain conditions.
Type 'license()' or 'licence()' for distribution details.
R is a collaborative project with many contributors.
Type 'contributors()' for more information and
'citation()' on how to cite R or R packages in publications.
Type 'demo()' for some demos, 'help()' for on-line help, or
'help.start()' for an HTML browser interface to help.
Type 'q()' to quit R.
> library(testthat)
> library(DEP)
>
> test_check("DEP")
[ FAIL 0 | WARN 14 | SKIP 0 | PASS 333 ]
[ FAIL 0 | WARN 14 | SKIP 0 | PASS 333 ]
>
> proc.time()
user system elapsed
48.579 1.685 50.262
DEP.Rcheck/DEP-Ex.timings
| name | user | system | elapsed | |
| LFQ | 1.972 | 0.052 | 2.023 | |
| TMT | 0 | 0 | 0 | |
| add_rejections | 0.655 | 0.052 | 0.707 | |
| analyze_dep | 1.893 | 0.011 | 1.905 | |
| filter_missval | 0.391 | 0.001 | 0.391 | |
| filter_proteins | 0.238 | 0.000 | 0.238 | |
| get_df_long | 0.704 | 0.032 | 0.736 | |
| get_df_wide | 0.702 | 0.004 | 0.706 | |
| get_prefix | 0.002 | 0.000 | 0.002 | |
| get_results | 0.886 | 0.000 | 0.886 | |
| get_suffix | 0.001 | 0.000 | 0.001 | |
| import_IsobarQuant | 0 | 0 | 0 | |
| import_MaxQuant | 0.044 | 0.000 | 0.044 | |
| impute | 1.873 | 0.007 | 1.881 | |
| make_se | 0.035 | 0.001 | 0.035 | |
| make_se_parse | 0.058 | 0.000 | 0.057 | |
| make_unique | 0.015 | 0.000 | 0.015 | |
| manual_impute | 0.599 | 0.072 | 0.670 | |
| meanSdPlot | 0.552 | 0.004 | 0.556 | |
| normalize_vsn | 0.329 | 0.000 | 0.328 | |
| plot_all | 1.406 | 0.007 | 1.414 | |
| plot_cond | 1.004 | 0.000 | 1.004 | |
| plot_cond_freq | 0.823 | 0.000 | 0.823 | |
| plot_cond_overlap | 0.855 | 0.012 | 0.867 | |
| plot_cor | 1.159 | 0.007 | 1.167 | |
| plot_coverage | 0.516 | 0.001 | 0.516 | |
| plot_detect | 0.689 | 0.000 | 0.689 | |
| plot_dist | 3.176 | 0.020 | 3.196 | |
| plot_frequency | 0.439 | 0.000 | 0.439 | |
| plot_gsea | 0.645 | 0.000 | 0.644 | |
| plot_heatmap | 2.321 | 0.003 | 2.325 | |
| plot_imputation | 0.967 | 0.011 | 0.980 | |
| plot_missval | 1.434 | 0.059 | 1.494 | |
| plot_normalization | 1.266 | 0.009 | 1.274 | |
| plot_numbers | 0.529 | 0.011 | 0.540 | |
| plot_p_hist | 1.130 | 0.001 | 1.129 | |
| plot_pca | 1.291 | 0.011 | 1.303 | |
| plot_single | 2.245 | 0.079 | 2.325 | |
| plot_volcano | 3.721 | 0.017 | 3.738 | |
| process | 1.249 | 0.035 | 1.286 | |
| report | 0 | 0 | 0 | |
| run_app | 0 | 0 | 0 | |
| se2msn | 0.107 | 0.004 | 0.111 | |
| test_diff | 0.839 | 0.001 | 0.840 | |
| test_gsea | 0.606 | 0.000 | 0.607 | |
| theme_DEP1 | 0.375 | 0.000 | 0.376 | |
| theme_DEP2 | 0.461 | 0.000 | 0.462 | |