| Back to Multiple platform build/check report for BioC 3.16: simplified long |
|
This page was generated on 2023-04-12 11:05:02 -0400 (Wed, 12 Apr 2023).
| Hostname | OS | Arch (*) | R version | Installed pkgs |
|---|---|---|---|---|
| nebbiolo2 | Linux (Ubuntu 20.04.5 LTS) | x86_64 | 4.2.3 (2023-03-15) -- "Shortstop Beagle" | 4502 |
| palomino4 | Windows Server 2022 Datacenter | x64 | 4.2.3 (2023-03-15 ucrt) -- "Shortstop Beagle" | 4282 |
| lconway | macOS 12.5.1 Monterey | x86_64 | 4.2.3 (2023-03-15) -- "Shortstop Beagle" | 4310 |
| Click on any hostname to see more info about the system (e.g. compilers) (*) as reported by 'uname -p', except on Windows and Mac OS X | ||||
|
To the developers/maintainers of the CytoTree package: - Please allow up to 24 hours (and sometimes 48 hours) for your latest push to git@git.bioconductor.org:packages/CytoTree.git to reflect on this report. See How and When does the builder pull? When will my changes propagate? for more information. - Make sure to use the following settings in order to reproduce any error or warning you see on this page. |
| Package 470/2183 | Hostname | OS / Arch | INSTALL | BUILD | CHECK | BUILD BIN | ||||||||
Yuting Dai
| nebbiolo2 | Linux (Ubuntu 20.04.5 LTS) / x86_64 | OK | OK | WARNINGS | |||||||||
| palomino4 | Windows Server 2022 Datacenter / x64 | OK | OK | WARNINGS | OK | |||||||||
| lconway | macOS 12.5.1 Monterey / x86_64 | OK | OK | WARNINGS | OK | |||||||||
| Package: CytoTree |
| Version: 1.8.0 |
| Command: /home/biocbuild/bbs-3.16-bioc/R/bin/R CMD check --install=check:CytoTree.install-out.txt --library=/home/biocbuild/bbs-3.16-bioc/R/site-library --timings CytoTree_1.8.0.tar.gz |
| StartedAt: 2023-04-10 20:06:57 -0400 (Mon, 10 Apr 2023) |
| EndedAt: 2023-04-10 20:12:59 -0400 (Mon, 10 Apr 2023) |
| EllapsedTime: 362.1 seconds |
| RetCode: 0 |
| Status: WARNINGS |
| CheckDir: CytoTree.Rcheck |
| Warnings: 2 |
##############################################################################
##############################################################################
###
### Running command:
###
### /home/biocbuild/bbs-3.16-bioc/R/bin/R CMD check --install=check:CytoTree.install-out.txt --library=/home/biocbuild/bbs-3.16-bioc/R/site-library --timings CytoTree_1.8.0.tar.gz
###
##############################################################################
##############################################################################
* using log directory ‘/home/biocbuild/bbs-3.16-bioc/meat/CytoTree.Rcheck’
* using R version 4.2.3 (2023-03-15)
* using platform: x86_64-pc-linux-gnu (64-bit)
* using session charset: UTF-8
* checking for file ‘CytoTree/DESCRIPTION’ ... OK
* checking extension type ... Package
* this is package ‘CytoTree’ version ‘1.8.0’
* package encoding: UTF-8
* checking package namespace information ... OK
* checking package dependencies ... OK
* checking if this is a source package ... OK
* checking if there is a namespace ... OK
* checking for hidden files and directories ... OK
* checking for portable file names ... OK
* checking for sufficient/correct file permissions ... OK
* checking whether package ‘CytoTree’ can be installed ... WARNING
Found the following significant warnings:
Warning: Package 'CytoTree' is deprecated and will be removed from Bioconductor
See ‘/home/biocbuild/bbs-3.16-bioc/meat/CytoTree.Rcheck/00install.out’ for details.
* checking installed package size ... OK
* checking package directory ... OK
* checking ‘build’ directory ... OK
* checking DESCRIPTION meta-information ... OK
* checking top-level files ... OK
* checking for left-over files ... OK
* checking index information ... OK
* checking package subdirectories ... OK
* checking R files for non-ASCII characters ... OK
* checking R files for syntax errors ... OK
* checking whether the package can be loaded ... OK
* checking whether the package can be loaded with stated dependencies ... OK
* checking whether the package can be unloaded cleanly ... OK
* checking whether the namespace can be loaded with stated dependencies ... OK
* checking whether the namespace can be unloaded cleanly ... OK
* checking loading without being on the library search path ... OK
* checking dependencies in R code ... OK
* checking S3 generic/method consistency ... OK
* checking replacement functions ... OK
* checking foreign function calls ... OK
* checking R code for possible problems ... OK
* checking Rd files ... OK
* checking Rd metadata ... OK
* checking Rd cross-references ... OK
* checking for missing documentation entries ... OK
* checking for code/documentation mismatches ... OK
* checking Rd \usage sections ... OK
* checking Rd contents ... OK
* checking for unstated dependencies in examples ... OK
* checking line endings in C/C++/Fortran sources/headers ... OK
* checking compiled code ... NOTE
Note: information on .o files is not available
* checking files in ‘vignettes’ ... OK
* checking examples ... WARNING
Found the following significant warnings:
Warning: 'as(<dsCMatrix>, "dsTMatrix")' is deprecated.
Deprecated functions may be defunct as soon as of the next release of
R.
See ?Deprecated.
Examples with CPU (user + system) or elapsed time > 5s
user system elapsed
runCluster 11.737 0.127 11.864
plot2D 10.086 0.232 10.319
runMclust 7.215 0.012 7.228
plotCluster 5.889 0.071 5.962
runUMAP 5.384 0.036 5.420
* checking for unstated dependencies in vignettes ... OK
* checking package vignettes in ‘inst/doc’ ... OK
* checking running R code from vignettes ...
‘Tutorial.Rmd’ using ‘UTF-8’... OK
NONE
* checking re-building of vignette outputs ... OK
* checking PDF version of manual ... OK
* DONE
Status: 2 WARNINGs, 1 NOTE
See
‘/home/biocbuild/bbs-3.16-bioc/meat/CytoTree.Rcheck/00check.log’
for details.
CytoTree.Rcheck/00install.out
############################################################################## ############################################################################## ### ### Running command: ### ### /home/biocbuild/bbs-3.16-bioc/R/bin/R CMD INSTALL CytoTree ### ############################################################################## ############################################################################## * installing to library ‘/home/biocbuild/bbs-3.16-bioc/R/site-library’ * installing *source* package ‘CytoTree’ ... ** using staged installation ** libs g++ -std=gnu++14 -I"/home/biocbuild/bbs-3.16-bioc/R/include" -DNDEBUG -I'/home/biocbuild/bbs-3.16-bioc/R/site-library/Rcpp/include' -I/usr/local/include -fpic -g -O2 -Wall -c RcppExports.cpp -o RcppExports.o g++ -std=gnu++14 -I"/home/biocbuild/bbs-3.16-bioc/R/include" -DNDEBUG -I'/home/biocbuild/bbs-3.16-bioc/R/site-library/Rcpp/include' -I/usr/local/include -fpic -g -O2 -Wall -c jaccard_coeff.cpp -o jaccard_coeff.o g++ -std=gnu++14 -shared -L/home/biocbuild/bbs-3.16-bioc/R/lib -L/usr/local/lib -o CytoTree.so RcppExports.o jaccard_coeff.o -L/home/biocbuild/bbs-3.16-bioc/R/lib -lR installing to /home/biocbuild/bbs-3.16-bioc/R/site-library/00LOCK-CytoTree/00new/CytoTree/libs ** R ** inst ** byte-compile and prepare package for lazy loading No methods found in package ‘flowCore’ for requests: ‘action’, ‘assign’, ‘Data’, ‘gate’, ‘tree’ when loading ‘flowUtils’ ** help *** installing help indices ** building package indices ** installing vignettes ** testing if installed package can be loaded from temporary location No methods found in package ‘flowCore’ for requests: ‘action’, ‘assign’, ‘Data’, ‘gate’, ‘tree’ when loading ‘flowUtils’ Warning: Package 'CytoTree' is deprecated and will be removed from Bioconductor version 3.17 ** checking absolute paths in shared objects and dynamic libraries ** testing if installed package can be loaded from final location No methods found in package ‘flowCore’ for requests: ‘action’, ‘assign’, ‘Data’, ‘gate’, ‘tree’ when loading ‘flowUtils’ Warning: Package 'CytoTree' is deprecated and will be removed from Bioconductor version 3.17 ** testing if installed package keeps a record of temporary installation path * DONE (CytoTree)
CytoTree.Rcheck/CytoTree-Ex.timings
| name | user | system | elapsed | |
| CytoTree-package | 0 | 0 | 0 | |
| Rphenograph | 3.477 | 0.104 | 3.581 | |
| buildTree | 0.114 | 0.000 | 0.113 | |
| constraintMatrix | 0.024 | 0.000 | 0.023 | |
| correctBatchCYT | 1.841 | 0.004 | 1.845 | |
| createCYT | 0.078 | 0.000 | 0.079 | |
| defLeafCells | 0.015 | 0.000 | 0.014 | |
| defRootCells | 0.015 | 0.000 | 0.014 | |
| fetchCell | 0.016 | 0.000 | 0.016 | |
| fetchClustMeta | 0.026 | 0.000 | 0.026 | |
| fetchPlotMeta | 0.026 | 0.000 | 0.026 | |
| find_neighbors | 0.001 | 0.000 | 0.002 | |
| gatingMatrix | 0.011 | 0.004 | 0.015 | |
| plot2D | 10.086 | 0.232 | 10.319 | |
| plot3D | 0.04 | 0.00 | 0.04 | |
| plotBranchHeatmap | 0.222 | 0.016 | 0.238 | |
| plotCluster | 5.889 | 0.071 | 5.962 | |
| plotClusterHeatmap | 0.207 | 0.001 | 0.207 | |
| plotHeatmap | 0.473 | 0.008 | 0.481 | |
| plotMarkerDensity | 0.000 | 0.000 | 0.001 | |
| plotPieCluster | 2.928 | 0.068 | 2.996 | |
| plotPieTree | 0.400 | 0.016 | 0.416 | |
| plotPseudotimeDensity | 0.953 | 0.008 | 0.961 | |
| plotPseudotimeTraj | 4.426 | 0.036 | 4.463 | |
| plotTree | 1.458 | 0.000 | 1.457 | |
| plotViolin | 3.064 | 0.011 | 3.075 | |
| processingCluster | 0.446 | 0.005 | 0.449 | |
| runClara | 0.041 | 0.000 | 0.041 | |
| runCluster | 11.737 | 0.127 | 11.864 | |
| runDiff | 0.051 | 0.003 | 0.056 | |
| runDiffusionMap | 0.187 | 0.023 | 0.211 | |
| runExprsExtract | 0.009 | 0.001 | 0.008 | |
| runExprsMerge | 0.041 | 0.003 | 0.044 | |
| runFastPCA | 0.016 | 0.001 | 0.015 | |
| runKmeans | 0.014 | 0.000 | 0.015 | |
| runMclust | 7.215 | 0.012 | 7.228 | |
| runPhenograph | 3.923 | 0.176 | 4.098 | |
| runPseudotime | 0.615 | 0.020 | 0.634 | |
| runSOM | 0.028 | 0.000 | 0.027 | |
| runTSNE | 3.315 | 0.007 | 3.322 | |
| runUMAP | 5.384 | 0.036 | 5.420 | |
| runWalk | 0.138 | 0.001 | 0.139 | |
| show-CYT-method | 0.012 | 0.000 | 0.013 | |
| subsetCYT | 0.017 | 0.000 | 0.017 | |
| updateClustMeta | 0.021 | 0.003 | 0.026 | |
| updatePlotMeta | 0.015 | 0.001 | 0.015 | |