| Back to Multiple platform build/check report for BioC 3.16: simplified long |
|
This page was generated on 2023-04-12 11:06:04 -0400 (Wed, 12 Apr 2023).
| Hostname | OS | Arch (*) | R version | Installed pkgs |
|---|---|---|---|---|
| nebbiolo2 | Linux (Ubuntu 20.04.5 LTS) | x86_64 | 4.2.3 (2023-03-15) -- "Shortstop Beagle" | 4502 |
| palomino4 | Windows Server 2022 Datacenter | x64 | 4.2.3 (2023-03-15 ucrt) -- "Shortstop Beagle" | 4282 |
| lconway | macOS 12.5.1 Monterey | x86_64 | 4.2.3 (2023-03-15) -- "Shortstop Beagle" | 4310 |
| Click on any hostname to see more info about the system (e.g. compilers) (*) as reported by 'uname -p', except on Windows and Mac OS X | ||||
|
To the developers/maintainers of the CytoTree package: - Please allow up to 24 hours (and sometimes 48 hours) for your latest push to git@git.bioconductor.org:packages/CytoTree.git to reflect on this report. See How and When does the builder pull? When will my changes propagate? for more information. - Make sure to use the following settings in order to reproduce any error or warning you see on this page. |
| Package 470/2183 | Hostname | OS / Arch | INSTALL | BUILD | CHECK | BUILD BIN | ||||||||
Yuting Dai
| nebbiolo2 | Linux (Ubuntu 20.04.5 LTS) / x86_64 | OK | OK | WARNINGS | |||||||||
| palomino4 | Windows Server 2022 Datacenter / x64 | OK | OK | WARNINGS | OK | |||||||||
| lconway | macOS 12.5.1 Monterey / x86_64 | OK | OK | WARNINGS | OK | |||||||||
| Package: CytoTree |
| Version: 1.8.0 |
| Command: /Library/Frameworks/R.framework/Resources/bin/R CMD check --install=check:CytoTree.install-out.txt --library=/Library/Frameworks/R.framework/Resources/library --no-vignettes --timings CytoTree_1.8.0.tar.gz |
| StartedAt: 2023-04-10 19:43:55 -0400 (Mon, 10 Apr 2023) |
| EndedAt: 2023-04-10 19:49:02 -0400 (Mon, 10 Apr 2023) |
| EllapsedTime: 306.4 seconds |
| RetCode: 0 |
| Status: WARNINGS |
| CheckDir: CytoTree.Rcheck |
| Warnings: 2 |
##############################################################################
##############################################################################
###
### Running command:
###
### /Library/Frameworks/R.framework/Resources/bin/R CMD check --install=check:CytoTree.install-out.txt --library=/Library/Frameworks/R.framework/Resources/library --no-vignettes --timings CytoTree_1.8.0.tar.gz
###
##############################################################################
##############################################################################
* using log directory ‘/Users/biocbuild/bbs-3.16-bioc/meat/CytoTree.Rcheck’
* using R version 4.2.3 (2023-03-15)
* using platform: x86_64-apple-darwin17.0 (64-bit)
* using session charset: UTF-8
* using option ‘--no-vignettes’
* checking for file ‘CytoTree/DESCRIPTION’ ... OK
* checking extension type ... Package
* this is package ‘CytoTree’ version ‘1.8.0’
* package encoding: UTF-8
* checking package namespace information ... OK
* checking package dependencies ... OK
* checking if this is a source package ... OK
* checking if there is a namespace ... OK
* checking for hidden files and directories ... OK
* checking for portable file names ... OK
* checking for sufficient/correct file permissions ... OK
* checking whether package ‘CytoTree’ can be installed ... WARNING
Found the following significant warnings:
Warning: Package 'CytoTree' is deprecated and will be removed from Bioconductor
See ‘/Users/biocbuild/bbs-3.16-bioc/meat/CytoTree.Rcheck/00install.out’ for details.
* checking installed package size ... OK
* checking package directory ... OK
* checking ‘build’ directory ... OK
* checking DESCRIPTION meta-information ... OK
* checking top-level files ... OK
* checking for left-over files ... OK
* checking index information ... OK
* checking package subdirectories ... OK
* checking R files for non-ASCII characters ... OK
* checking R files for syntax errors ... OK
* checking whether the package can be loaded ... OK
* checking whether the package can be loaded with stated dependencies ... OK
* checking whether the package can be unloaded cleanly ... OK
* checking whether the namespace can be loaded with stated dependencies ... OK
* checking whether the namespace can be unloaded cleanly ... OK
* checking dependencies in R code ... OK
* checking S3 generic/method consistency ... OK
* checking replacement functions ... OK
* checking foreign function calls ... OK
* checking R code for possible problems ... OK
* checking Rd files ... OK
* checking Rd metadata ... OK
* checking Rd cross-references ... OK
* checking for missing documentation entries ... OK
* checking for code/documentation mismatches ... OK
* checking Rd \usage sections ... OK
* checking Rd contents ... OK
* checking for unstated dependencies in examples ... OK
* checking line endings in C/C++/Fortran sources/headers ... OK
* checking compiled code ... NOTE
Note: information on .o files is not available
* checking files in ‘vignettes’ ... OK
* checking examples ... WARNING
Found the following significant warnings:
Warning: 'as(<dsCMatrix>, "dsTMatrix")' is deprecated.
Deprecated functions may be defunct as soon as of the next release of
R.
See ?Deprecated.
Examples with CPU (user + system) or elapsed time > 5s
user system elapsed
runCluster 10.671 0.041 10.725
plot2D 9.383 0.127 9.533
runMclust 7.042 0.025 7.089
plotCluster 5.990 0.036 6.044
runUMAP 5.043 0.089 5.142
* checking for unstated dependencies in vignettes ... OK
* checking package vignettes in ‘inst/doc’ ... OK
* checking running R code from vignettes ... SKIPPED
* checking re-building of vignette outputs ... SKIPPED
* checking PDF version of manual ... OK
* DONE
Status: 2 WARNINGs, 1 NOTE
See
‘/Users/biocbuild/bbs-3.16-bioc/meat/CytoTree.Rcheck/00check.log’
for details.
CytoTree.Rcheck/00install.out
############################################################################## ############################################################################## ### ### Running command: ### ### /Library/Frameworks/R.framework/Resources/bin/R CMD INSTALL CytoTree ### ############################################################################## ############################################################################## * installing to library ‘/Library/Frameworks/R.framework/Versions/4.2/Resources/library’ * installing *source* package ‘CytoTree’ ... ** using staged installation ** libs clang++ -mmacosx-version-min=10.13 -std=gnu++14 -I"/Library/Frameworks/R.framework/Resources/include" -DNDEBUG -I'/Library/Frameworks/R.framework/Versions/4.2/Resources/library/Rcpp/include' -I/usr/local/include -fPIC -Wall -g -O2 -c RcppExports.cpp -o RcppExports.o clang++ -mmacosx-version-min=10.13 -std=gnu++14 -I"/Library/Frameworks/R.framework/Resources/include" -DNDEBUG -I'/Library/Frameworks/R.framework/Versions/4.2/Resources/library/Rcpp/include' -I/usr/local/include -fPIC -Wall -g -O2 -c jaccard_coeff.cpp -o jaccard_coeff.o clang++ -mmacosx-version-min=10.13 -std=gnu++14 -dynamiclib -Wl,-headerpad_max_install_names -undefined dynamic_lookup -single_module -multiply_defined suppress -L/Library/Frameworks/R.framework/Resources/lib -L/usr/local/lib -o CytoTree.so RcppExports.o jaccard_coeff.o -F/Library/Frameworks/R.framework/.. -framework R -Wl,-framework -Wl,CoreFoundation installing to /Library/Frameworks/R.framework/Versions/4.2/Resources/library/00LOCK-CytoTree/00new/CytoTree/libs ** R ** inst ** byte-compile and prepare package for lazy loading No methods found in package ‘flowCore’ for requests: ‘action’, ‘assign’, ‘Data’, ‘gate’, ‘tree’ when loading ‘flowUtils’ ** help *** installing help indices ** building package indices ** installing vignettes ** testing if installed package can be loaded from temporary location No methods found in package ‘flowCore’ for requests: ‘action’, ‘assign’, ‘Data’, ‘gate’, ‘tree’ when loading ‘flowUtils’ Warning: Package 'CytoTree' is deprecated and will be removed from Bioconductor version 3.17 ** checking absolute paths in shared objects and dynamic libraries ** testing if installed package can be loaded from final location No methods found in package ‘flowCore’ for requests: ‘action’, ‘assign’, ‘Data’, ‘gate’, ‘tree’ when loading ‘flowUtils’ Warning: Package 'CytoTree' is deprecated and will be removed from Bioconductor version 3.17 ** testing if installed package keeps a record of temporary installation path * DONE (CytoTree)
CytoTree.Rcheck/CytoTree-Ex.timings
| name | user | system | elapsed | |
| CytoTree-package | 0 | 0 | 0 | |
| Rphenograph | 3.198 | 0.012 | 3.213 | |
| buildTree | 0.105 | 0.007 | 0.116 | |
| constraintMatrix | 0.023 | 0.000 | 0.024 | |
| correctBatchCYT | 1.620 | 0.005 | 1.627 | |
| createCYT | 0.092 | 0.013 | 0.114 | |
| defLeafCells | 0.012 | 0.001 | 0.014 | |
| defRootCells | 0.016 | 0.001 | 0.017 | |
| fetchCell | 0.015 | 0.001 | 0.017 | |
| fetchClustMeta | 0.025 | 0.002 | 0.028 | |
| fetchPlotMeta | 0.023 | 0.004 | 0.027 | |
| find_neighbors | 0.001 | 0.000 | 0.002 | |
| gatingMatrix | 0.013 | 0.001 | 0.015 | |
| plot2D | 9.383 | 0.127 | 9.533 | |
| plot3D | 0.031 | 0.003 | 0.034 | |
| plotBranchHeatmap | 0.201 | 0.007 | 0.209 | |
| plotCluster | 5.990 | 0.036 | 6.044 | |
| plotClusterHeatmap | 0.195 | 0.008 | 0.204 | |
| plotHeatmap | 0.429 | 0.024 | 0.456 | |
| plotMarkerDensity | 0 | 0 | 0 | |
| plotPieCluster | 2.702 | 0.061 | 2.769 | |
| plotPieTree | 0.299 | 0.009 | 0.308 | |
| plotPseudotimeDensity | 0.901 | 0.014 | 0.919 | |
| plotPseudotimeTraj | 3.700 | 0.052 | 3.758 | |
| plotTree | 1.332 | 0.013 | 1.349 | |
| plotViolin | 2.679 | 0.064 | 2.747 | |
| processingCluster | 0.386 | 0.023 | 0.409 | |
| runClara | 0.036 | 0.000 | 0.037 | |
| runCluster | 10.671 | 0.041 | 10.725 | |
| runDiff | 0.049 | 0.001 | 0.050 | |
| runDiffusionMap | 0.170 | 0.019 | 0.189 | |
| runExprsExtract | 0.010 | 0.001 | 0.012 | |
| runExprsMerge | 0.061 | 0.004 | 0.065 | |
| runFastPCA | 0.015 | 0.001 | 0.016 | |
| runKmeans | 0.013 | 0.000 | 0.014 | |
| runMclust | 7.042 | 0.025 | 7.089 | |
| runPhenograph | 3.763 | 0.030 | 3.797 | |
| runPseudotime | 0.593 | 0.041 | 0.636 | |
| runSOM | 0.023 | 0.001 | 0.025 | |
| runTSNE | 2.528 | 0.058 | 2.593 | |
| runUMAP | 5.043 | 0.089 | 5.142 | |
| runWalk | 0.115 | 0.007 | 0.123 | |
| show-CYT-method | 0.009 | 0.000 | 0.009 | |
| subsetCYT | 0.011 | 0.000 | 0.012 | |
| updateClustMeta | 0.017 | 0.000 | 0.017 | |
| updatePlotMeta | 0.010 | 0.001 | 0.010 | |