| Back to Multiple platform build/check report for BioC 3.21: simplified long |
|
This page was generated on 2025-08-18 11:42 -0400 (Mon, 18 Aug 2025).
| Hostname | OS | Arch (*) | R version | Installed pkgs |
|---|---|---|---|---|
| nebbiolo1 | Linux (Ubuntu 24.04.3 LTS) | x86_64 | 4.5.1 (2025-06-13) -- "Great Square Root" | 4824 |
| palomino7 | Windows Server 2022 Datacenter | x64 | 4.5.1 (2025-06-13 ucrt) -- "Great Square Root" | 4566 |
| merida1 | macOS 12.7.5 Monterey | x86_64 | 4.5.1 RC (2025-06-05 r88288) -- "Great Square Root" | 4604 |
| kjohnson1 | macOS 13.6.6 Ventura | arm64 | 4.5.1 Patched (2025-06-14 r88325) -- "Great Square Root" | 4545 |
| kunpeng2 | Linux (openEuler 24.03 LTS) | aarch64 | R Under development (unstable) (2025-02-19 r87757) -- "Unsuffered Consequences" | 4579 |
| Click on any hostname to see more info about the system (e.g. compilers) (*) as reported by 'uname -p', except on Windows and Mac OS X | ||||
| Package 1289/2341 | Hostname | OS / Arch | INSTALL | BUILD | CHECK | BUILD BIN | ||||||||
| mina 1.16.0 (landing page) Rui Guan
| nebbiolo1 | Linux (Ubuntu 24.04.3 LTS) / x86_64 | OK | OK | WARNINGS | |||||||||
| palomino7 | Windows Server 2022 Datacenter / x64 | OK | OK | WARNINGS | OK | |||||||||
| merida1 | macOS 12.7.5 Monterey / x86_64 | OK | OK | WARNINGS | OK | |||||||||
| kjohnson1 | macOS 13.6.6 Ventura / arm64 | OK | OK | WARNINGS | OK | |||||||||
| kunpeng2 | Linux (openEuler 24.03 LTS) / aarch64 | OK | ERROR | skipped | ||||||||||
|
To the developers/maintainers of the mina package: - Allow up to 24 hours (and sometimes 48 hours) for your latest push to git@git.bioconductor.org:packages/mina.git to reflect on this report. See Troubleshooting Build Report for more information. - Use the following Renviron settings to reproduce errors and warnings. - If 'R CMD check' started to fail recently on the Linux builder(s) over a missing dependency, add the missing dependency to 'Suggests:' in your DESCRIPTION file. See Renviron.bioc for more information. |
| Package: mina |
| Version: 1.16.0 |
| Command: E:\biocbuild\bbs-3.21-bioc\R\bin\R.exe CMD check --no-multiarch --install=check:mina.install-out.txt --library=E:\biocbuild\bbs-3.21-bioc\R\library --no-vignettes --timings mina_1.16.0.tar.gz |
| StartedAt: 2025-08-15 04:10:26 -0400 (Fri, 15 Aug 2025) |
| EndedAt: 2025-08-15 04:15:29 -0400 (Fri, 15 Aug 2025) |
| EllapsedTime: 302.6 seconds |
| RetCode: 0 |
| Status: WARNINGS |
| CheckDir: mina.Rcheck |
| Warnings: 1 |
##############################################################################
##############################################################################
###
### Running command:
###
### E:\biocbuild\bbs-3.21-bioc\R\bin\R.exe CMD check --no-multiarch --install=check:mina.install-out.txt --library=E:\biocbuild\bbs-3.21-bioc\R\library --no-vignettes --timings mina_1.16.0.tar.gz
###
##############################################################################
##############################################################################
* using log directory 'E:/biocbuild/bbs-3.21-bioc/meat/mina.Rcheck'
* using R version 4.5.1 (2025-06-13 ucrt)
* using platform: x86_64-w64-mingw32
* R was compiled by
gcc.exe (GCC) 14.2.0
GNU Fortran (GCC) 14.2.0
* running under: Windows Server 2022 x64 (build 20348)
* using session charset: UTF-8
* using option '--no-vignettes'
* checking for file 'mina/DESCRIPTION' ... OK
* this is package 'mina' version '1.16.0'
* package encoding: UTF-8
* checking package namespace information ... OK
* checking package dependencies ... INFO
Package which this enhances but not available for checking: 'doMC'
* checking if this is a source package ... OK
* checking if there is a namespace ... OK
* checking for hidden files and directories ... OK
* checking for portable file names ... OK
* checking whether package 'mina' can be installed ... OK
* used C++ compiler: 'G__~1.EXE (GCC) 14.2.0'
* checking installed package size ... INFO
installed size is 9.0Mb
sub-directories of 1Mb or more:
data 7.6Mb
* checking package directory ... OK
* checking 'build' directory ... OK
* checking DESCRIPTION meta-information ... OK
* checking top-level files ... OK
* checking for left-over files ... OK
* checking index information ... OK
* checking package subdirectories ... OK
* checking code files for non-ASCII characters ... OK
* checking R files for syntax errors ... OK
* checking whether the package can be loaded ... OK
* checking whether the package can be loaded with stated dependencies ... OK
* checking whether the package can be unloaded cleanly ... OK
* checking whether the namespace can be loaded with stated dependencies ... OK
* checking whether the namespace can be unloaded cleanly ... OK
* checking dependencies in R code ... OK
* checking S3 generic/method consistency ... OK
* checking replacement functions ... OK
* checking foreign function calls ... OK
* checking R code for possible problems ... NOTE
sparcc: no visible binding for global variable 'i'
net_dis_pcoa,character: no visible binding for global variable 'y'
net_dis_pcoa,character: no visible binding for global variable 'Group'
net_dis_plot,mina: no visible binding for global variable 'Group1'
net_dis_plot,mina: no visible binding for global variable 'Group2'
net_dis_plot,mina: no visible binding for global variable 'Distance'
net_dis_plot,mina: no visible binding for global variable 'Sig'
Undefined global functions or variables:
Distance Group Group1 Group2 Sig i y
* checking Rd files ... NOTE
checkRd: (-1) re_format_AP.Rd:10: Lost braces; missing escapes or markup?
10 | \item{x}{an {APResult} object from \pkg{apcluster}.}
| ^
* checking Rd metadata ... OK
* checking Rd cross-references ... OK
* checking for missing documentation entries ... OK
* checking for code/documentation mismatches ... OK
* checking Rd \usage sections ... OK
* checking Rd contents ... OK
* checking for unstated dependencies in examples ... OK
* checking contents of 'data' directory ... OK
* checking data for non-ASCII characters ... OK
* checking LazyData ... WARNING
LazyData DB of 7.6 MB without LazyDataCompression set
See ยง1.1.6 of 'Writing R Extensions'
* checking data for ASCII and uncompressed saves ... OK
* checking line endings in C/C++/Fortran sources/headers ... OK
* checking compiled code ... NOTE
Note: information on .o files for x64 is not available
File 'E:/biocbuild/bbs-3.21-bioc/R/library/mina/libs/x64/mina.dll':
Found '_exit', possibly from '_exit' (C)
Found 'abort', possibly from 'abort' (C), 'runtime' (Fortran)
Found 'exit', possibly from 'exit' (C), 'stop' (Fortran)
Compiled code should not call entry points which might terminate R nor
write to stdout/stderr instead of to the console, nor use Fortran I/O
nor system RNGs nor [v]sprintf. The detected symbols are linked into
the code but might come from libraries and not actually be called.
See 'Writing portable packages' in the 'Writing R Extensions' manual.
* checking files in 'vignettes' ... OK
* checking examples ... OK
Examples with CPU (user + system) or elapsed time > 5s
user system elapsed
net_dis_plot 36.75 16.56 49.09
com_plot-mina 44.77 2.36 3.47
net_dis-mina 18.28 8.75 25.63
dis_stat_accessor 14.30 4.42 17.14
net_cls-mina 16.41 1.14 17.20
bs_pm-mina 9.06 1.44 8.58
net_cls 7.75 0.64 8.10
net_cls-matrix 7.23 0.60 7.59
* checking for unstated dependencies in vignettes ... OK
* checking package vignettes ... OK
* checking running R code from vignettes ... SKIPPED
* checking re-building of vignette outputs ... SKIPPED
* checking PDF version of manual ... OK
* DONE
Status: 1 WARNING, 3 NOTEs
See
'E:/biocbuild/bbs-3.21-bioc/meat/mina.Rcheck/00check.log'
for details.
mina.Rcheck/00install.out
############################################################################## ############################################################################## ### ### Running command: ### ### E:\biocbuild\bbs-3.21-bioc\R\bin\R.exe CMD INSTALL mina ### ############################################################################## ############################################################################## * installing to library 'E:/biocbuild/bbs-3.21-bioc/R/library' * installing *source* package 'mina' ... ** this is package 'mina' version '1.16.0' ** using staged installation ** libs using C++ compiler: 'G__~1.EXE (GCC) 14.2.0' g++ -std=gnu++17 -I"E:/biocbuild/bbs-3.21-bioc/R/include" -DNDEBUG -I'E:/biocbuild/bbs-3.21-bioc/R/library/Rcpp/include' -I'E:/biocbuild/bbs-3.21-bioc/R/library/RcppParallel/include' -I'E:/biocbuild/bbs-3.21-bioc/R/library/RcppArmadillo/include' -I"C:/rtools45/x86_64-w64-mingw32.static.posix/include" -O2 -Wall -mfpmath=sse -msse2 -mstackrealign -c RcppExports.cpp -o RcppExports.o g++ -std=gnu++17 -I"E:/biocbuild/bbs-3.21-bioc/R/include" -DNDEBUG -I'E:/biocbuild/bbs-3.21-bioc/R/library/Rcpp/include' -I'E:/biocbuild/bbs-3.21-bioc/R/library/RcppParallel/include' -I'E:/biocbuild/bbs-3.21-bioc/R/library/RcppArmadillo/include' -I"C:/rtools45/x86_64-w64-mingw32.static.posix/include" -O2 -Wall -mfpmath=sse -msse2 -mstackrealign -c cp_cor.cpp -o cp_cor.o g++ -std=gnu++17 -shared -s -static-libgcc -o mina.dll tmp.def RcppExports.o cp_cor.o -LC:/rtools45/x86_64-w64-mingw32.static.posix/lib/x64 -LC:/rtools45/x86_64-w64-mingw32.static.posix/lib -LE:/biocbuild/bbs-3.21-bioc/R/bin/x64 -lR installing to E:/biocbuild/bbs-3.21-bioc/R/library/00LOCK-mina/00new/mina/libs/x64 ** R ** data *** moving datasets to lazyload DB ** byte-compile and prepare package for lazy loading Creating a new generic function for 'norm' in package 'mina' ** help *** installing help indices ** building package indices ** installing vignettes ** testing if installed package can be loaded from temporary location ** testing if installed package can be loaded from final location ** testing if installed package keeps a record of temporary installation path * DONE (mina)
mina.Rcheck/mina-Ex.timings
| name | user | system | elapsed | |
| adj-matrix | 0.63 | 0.05 | 0.36 | |
| adj-mina | 1.00 | 0.06 | 0.84 | |
| adj | 0.74 | 0.02 | 0.47 | |
| adj_method_list | 0.12 | 0.06 | 1.22 | |
| bs_pm-mina | 9.06 | 1.44 | 8.58 | |
| bs_pm | 2.80 | 0.76 | 3.14 | |
| check_mina | 0.05 | 0.03 | 0.08 | |
| check_mina_de | 0.04 | 0.03 | 0.08 | |
| check_mina_qu | 0.05 | 0.01 | 0.06 | |
| cls_tab | 0.08 | 0.03 | 0.11 | |
| com_dis-matrix | 0.73 | 0.03 | 0.44 | |
| com_dis-mina | 0.50 | 0.00 | 0.09 | |
| com_dis | 0.77 | 0.05 | 0.42 | |
| com_dis_list | 0.23 | 0.02 | 0.36 | |
| com_plot-mina | 44.77 | 2.36 | 3.47 | |
| com_plot | 0.17 | 0.03 | 0.20 | |
| com_r2-mina | 0.49 | 0.10 | 0.58 | |
| com_r2 | 1.42 | 0.33 | 0.79 | |
| data-hmp | 0.01 | 0.00 | 0.03 | |
| data-maize | 0.00 | 0.01 | 0.01 | |
| des_accessor | 0.00 | 0.02 | 0.02 | |
| dis_accessor | 0.44 | 0.04 | 0.09 | |
| dis_stat_accessor | 14.30 | 4.42 | 17.14 | |
| dmr-matrix | 0.59 | 0.10 | 0.48 | |
| dmr-mina | 0.80 | 0.03 | 0.49 | |
| dmr | 0.72 | 0.01 | 0.38 | |
| dmr_accessor | 0.89 | 0.08 | 0.56 | |
| fit_tabs-mina | 0.64 | 0.24 | 0.88 | |
| fit_tabs | 1.11 | 0.25 | 1.39 | |
| get_net_cls_tab-matrix-data.frame-method | 3.05 | 0.33 | 3.05 | |
| get_net_cls_tab | 2.71 | 0.28 | 2.70 | |
| get_r2-mat | 0.94 | 0.11 | 0.73 | |
| get_r2 | 0.94 | 0.03 | 0.58 | |
| get_rep-matrix | 0.28 | 0.06 | 0.35 | |
| get_rep-mima | 0.88 | 0.17 | 1.05 | |
| hmp_des | 0.00 | 0.02 | 0.01 | |
| hmp_otu | 0 | 0 | 0 | |
| maize_asv | 0 | 0 | 0 | |
| maize_asv2 | 0.00 | 0.01 | 0.01 | |
| maize_des | 0.00 | 0.02 | 0.02 | |
| maize_des2 | 0 | 0 | 0 | |
| mina-class | 0 | 0 | 0 | |
| net_cls-matrix | 7.23 | 0.60 | 7.59 | |
| net_cls-mina | 16.41 | 1.14 | 17.20 | |
| net_cls | 7.75 | 0.64 | 8.10 | |
| net_cls_tab-mina-method | 2.00 | 0.25 | 2.04 | |
| net_cls_tab | 2.92 | 0.30 | 2.94 | |
| net_dis-mina | 18.28 | 8.75 | 25.63 | |
| net_dis | 3.09 | 0.97 | 3.59 | |
| net_dis_indi | 0 | 0 | 0 | |
| net_dis_pcoa | 0.00 | 0.01 | 0.02 | |
| net_dis_plot | 36.75 | 16.56 | 49.09 | |
| net_grp_cmp | 0 | 0 | 0 | |
| net_node_cmp | 0 | 0 | 0 | |
| norm_accessor | 0.03 | 0.02 | 0.05 | |
| norm_tab-matrix | 1.04 | 0.07 | 1.11 | |
| norm_tab-mina | 0.78 | 0.08 | 0.86 | |
| norm_tab | 0.04 | 0.02 | 0.06 | |
| norm_tab_method_list | 0.05 | 0.07 | 0.14 | |
| pcoa_plot | 1.50 | 0.19 | 0.99 | |
| sim_par | 0 | 0 | 0 | |
| sparcc | 0 | 0 | 0 | |
| tab_accessor | 0.00 | 0.02 | 0.02 | |
| tina-matrix-method | 0 | 0 | 0 | |
| tina | 0 | 0 | 0 | |