| Back to Multiple platform build/check report for BioC 3.21: simplified long |
|
This page was generated on 2025-10-16 11:39 -0400 (Thu, 16 Oct 2025).
| Hostname | OS | Arch (*) | R version | Installed pkgs |
|---|---|---|---|---|
| nebbiolo1 | Linux (Ubuntu 24.04.3 LTS) | x86_64 | 4.5.1 (2025-06-13) -- "Great Square Root" | 4833 |
| merida1 | macOS 12.7.6 Monterey | x86_64 | 4.5.1 RC (2025-06-05 r88288) -- "Great Square Root" | 4614 |
| kjohnson1 | macOS 13.7.5 Ventura | arm64 | 4.5.1 Patched (2025-06-14 r88325) -- "Great Square Root" | 4555 |
| kunpeng2 | Linux (openEuler 24.03 LTS) | aarch64 | R Under development (unstable) (2025-02-19 r87757) -- "Unsuffered Consequences" | 4586 |
| Click on any hostname to see more info about the system (e.g. compilers) (*) as reported by 'uname -p', except on Windows and Mac OS X | ||||
| Package 1289/2341 | Hostname | OS / Arch | INSTALL | BUILD | CHECK | BUILD BIN | ||||||||
| mina 1.16.0 (landing page) Rui Guan
| nebbiolo1 | Linux (Ubuntu 24.04.3 LTS) / x86_64 | OK | OK | WARNINGS | |||||||||
| merida1 | macOS 12.7.6 Monterey / x86_64 | OK | OK | WARNINGS | OK | |||||||||
| kjohnson1 | macOS 13.7.5 Ventura / arm64 | OK | OK | WARNINGS | OK | |||||||||
| kunpeng2 | Linux (openEuler 24.03 LTS) / aarch64 | OK | OK | ERROR | ||||||||||
|
To the developers/maintainers of the mina package: - Allow up to 24 hours (and sometimes 48 hours) for your latest push to git@git.bioconductor.org:packages/mina.git to reflect on this report. See Troubleshooting Build Report for more information. - Use the following Renviron settings to reproduce errors and warnings. - If 'R CMD check' started to fail recently on the Linux builder(s) over a missing dependency, add the missing dependency to 'Suggests:' in your DESCRIPTION file. See Renviron.bioc for more information. |
| Package: mina |
| Version: 1.16.0 |
| Command: /Library/Frameworks/R.framework/Resources/bin/R CMD check --install=check:mina.install-out.txt --library=/Library/Frameworks/R.framework/Resources/library --no-vignettes --timings mina_1.16.0.tar.gz |
| StartedAt: 2025-10-14 06:34:50 -0400 (Tue, 14 Oct 2025) |
| EndedAt: 2025-10-14 06:41:44 -0400 (Tue, 14 Oct 2025) |
| EllapsedTime: 414.3 seconds |
| RetCode: 0 |
| Status: WARNINGS |
| CheckDir: mina.Rcheck |
| Warnings: 1 |
##############################################################################
##############################################################################
###
### Running command:
###
### /Library/Frameworks/R.framework/Resources/bin/R CMD check --install=check:mina.install-out.txt --library=/Library/Frameworks/R.framework/Resources/library --no-vignettes --timings mina_1.16.0.tar.gz
###
##############################################################################
##############################################################################
* using log directory ‘/Users/biocbuild/bbs-3.21-bioc/meat/mina.Rcheck’
* using R version 4.5.1 RC (2025-06-05 r88288)
* using platform: x86_64-apple-darwin20
* R was compiled by
Apple clang version 14.0.0 (clang-1400.0.29.202)
GNU Fortran (GCC) 14.2.0
* running under: macOS Monterey 12.7.6
* using session charset: UTF-8
* using option ‘--no-vignettes’
* checking for file ‘mina/DESCRIPTION’ ... OK
* this is package ‘mina’ version ‘1.16.0’
* package encoding: UTF-8
* checking package namespace information ... OK
* checking package dependencies ... OK
* checking if this is a source package ... OK
* checking if there is a namespace ... OK
* checking for hidden files and directories ... OK
* checking for portable file names ... OK
* checking for sufficient/correct file permissions ... OK
* checking whether package ‘mina’ can be installed ... OK
* used C++ compiler: ‘Apple clang version 14.0.0 (clang-1400.0.29.202)’
* used SDK: ‘MacOSX11.3.sdk’
* checking installed package size ... INFO
installed size is 8.2Mb
sub-directories of 1Mb or more:
data 7.6Mb
* checking package directory ... OK
* checking ‘build’ directory ... OK
* checking DESCRIPTION meta-information ... OK
* checking top-level files ... OK
* checking for left-over files ... OK
* checking index information ... OK
* checking package subdirectories ... OK
* checking code files for non-ASCII characters ... OK
* checking R files for syntax errors ... OK
* checking whether the package can be loaded ... OK
* checking whether the package can be loaded with stated dependencies ... OK
* checking whether the package can be unloaded cleanly ... OK
* checking whether the namespace can be loaded with stated dependencies ... OK
* checking whether the namespace can be unloaded cleanly ... OK
* checking dependencies in R code ... OK
* checking S3 generic/method consistency ... OK
* checking replacement functions ... OK
* checking foreign function calls ... OK
* checking R code for possible problems ... NOTE
sparcc: no visible binding for global variable ‘i’
net_dis_pcoa,character: no visible binding for global variable ‘y’
net_dis_pcoa,character: no visible binding for global variable ‘Group’
net_dis_plot,mina: no visible binding for global variable ‘Group1’
net_dis_plot,mina: no visible binding for global variable ‘Group2’
net_dis_plot,mina: no visible binding for global variable ‘Distance’
net_dis_plot,mina: no visible binding for global variable ‘Sig’
Undefined global functions or variables:
Distance Group Group1 Group2 Sig i y
* checking Rd files ... NOTE
checkRd: (-1) re_format_AP.Rd:10: Lost braces; missing escapes or markup?
10 | \item{x}{an {APResult} object from \pkg{apcluster}.}
| ^
* checking Rd metadata ... OK
* checking Rd cross-references ... OK
* checking for missing documentation entries ... OK
* checking for code/documentation mismatches ... OK
* checking Rd \usage sections ... OK
* checking Rd contents ... OK
* checking for unstated dependencies in examples ... OK
* checking contents of ‘data’ directory ... OK
* checking data for non-ASCII characters ... OK
* checking LazyData ... WARNING
LazyData DB of 7.6 MB without LazyDataCompression set
See §1.1.6 of 'Writing R Extensions'
* checking data for ASCII and uncompressed saves ... OK
* checking line endings in C/C++/Fortran sources/headers ... OK
* checking compiled code ... NOTE
Note: information on .o files is not available
* checking files in ‘vignettes’ ... OK
* checking examples ... OK
Examples with CPU (user + system) or elapsed time > 5s
user system elapsed
net_dis_plot 50.674 8.369 54.089
net_cls-mina 30.542 0.436 31.724
net_dis-mina 26.113 4.372 30.346
com_plot-mina 21.565 2.741 4.339
dis_stat_accessor 20.576 3.141 21.866
bs_pm-mina 12.358 1.636 11.828
net_cls 11.017 0.509 11.474
net_cls-matrix 10.538 0.267 10.682
get_net_cls_tab 7.154 0.311 7.313
net_cls_tab 6.836 0.266 6.820
get_net_cls_tab-matrix-data.frame-method 6.553 0.383 6.687
* checking for unstated dependencies in vignettes ... OK
* checking package vignettes ... OK
* checking running R code from vignettes ... SKIPPED
* checking re-building of vignette outputs ... SKIPPED
* checking PDF version of manual ... OK
* DONE
Status: 1 WARNING, 3 NOTEs
See
‘/Users/biocbuild/bbs-3.21-bioc/meat/mina.Rcheck/00check.log’
for details.
mina.Rcheck/00install.out
############################################################################## ############################################################################## ### ### Running command: ### ### /Library/Frameworks/R.framework/Resources/bin/R CMD INSTALL mina ### ############################################################################## ############################################################################## * installing to library ‘/Library/Frameworks/R.framework/Versions/4.5-x86_64/Resources/library’ * installing *source* package ‘mina’ ... ** this is package ‘mina’ version ‘1.16.0’ ** using staged installation ** libs using C++ compiler: ‘Apple clang version 14.0.0 (clang-1400.0.29.202)’ using SDK: ‘MacOSX11.3.sdk’ clang++ -arch x86_64 -std=gnu++17 -I"/Library/Frameworks/R.framework/Resources/include" -DNDEBUG -I'/Library/Frameworks/R.framework/Versions/4.5-x86_64/Resources/library/Rcpp/include' -I'/Library/Frameworks/R.framework/Versions/4.5-x86_64/Resources/library/RcppParallel/include' -I'/Library/Frameworks/R.framework/Versions/4.5-x86_64/Resources/library/RcppArmadillo/include' -I/opt/R/x86_64/include -fPIC -falign-functions=64 -Wall -g -O2 -c RcppExports.cpp -o RcppExports.o clang++ -arch x86_64 -std=gnu++17 -I"/Library/Frameworks/R.framework/Resources/include" -DNDEBUG -I'/Library/Frameworks/R.framework/Versions/4.5-x86_64/Resources/library/Rcpp/include' -I'/Library/Frameworks/R.framework/Versions/4.5-x86_64/Resources/library/RcppParallel/include' -I'/Library/Frameworks/R.framework/Versions/4.5-x86_64/Resources/library/RcppArmadillo/include' -I/opt/R/x86_64/include -fPIC -falign-functions=64 -Wall -g -O2 -c cp_cor.cpp -o cp_cor.o clang++ -arch x86_64 -std=gnu++17 -dynamiclib -Wl,-headerpad_max_install_names -undefined dynamic_lookup -L/Library/Frameworks/R.framework/Resources/lib -L/opt/R/x86_64/lib -o mina.so RcppExports.o cp_cor.o -F/Library/Frameworks/R.framework/.. -framework R installing to /Library/Frameworks/R.framework/Versions/4.5-x86_64/Resources/library/00LOCK-mina/00new/mina/libs ** R ** data *** moving datasets to lazyload DB ** byte-compile and prepare package for lazy loading Creating a new generic function for ‘norm’ in package ‘mina’ ** help *** installing help indices ** building package indices ** installing vignettes ** testing if installed package can be loaded from temporary location ** checking absolute paths in shared objects and dynamic libraries ** testing if installed package can be loaded from final location ** testing if installed package keeps a record of temporary installation path * DONE (mina)
mina.Rcheck/mina-Ex.timings
| name | user | system | elapsed | |
| adj-matrix | 0.833 | 0.062 | 0.655 | |
| adj-mina | 1.288 | 0.066 | 1.111 | |
| adj | 1.205 | 0.044 | 1.019 | |
| adj_method_list | 0.124 | 0.063 | 0.188 | |
| bs_pm-mina | 12.358 | 1.636 | 11.828 | |
| bs_pm | 2.645 | 0.315 | 2.810 | |
| check_mina | 0.086 | 0.037 | 0.125 | |
| check_mina_de | 0.084 | 0.035 | 0.119 | |
| check_mina_qu | 0.082 | 0.031 | 0.113 | |
| cls_tab | 0.085 | 0.049 | 0.133 | |
| com_dis-matrix | 1.690 | 0.026 | 0.496 | |
| com_dis-mina | 1.093 | 0.008 | 0.172 | |
| com_dis | 1.577 | 0.055 | 0.540 | |
| com_dis_list | 0.206 | 0.066 | 0.259 | |
| com_plot-mina | 21.565 | 2.741 | 4.339 | |
| com_plot | 0.414 | 0.035 | 0.451 | |
| com_r2-mina | 2.203 | 0.033 | 0.935 | |
| com_r2 | 1.271 | 0.152 | 0.876 | |
| data-hmp | 0.002 | 0.003 | 0.005 | |
| data-maize | 0.002 | 0.003 | 0.004 | |
| des_accessor | 0.004 | 0.002 | 0.005 | |
| dis_accessor | 1.435 | 0.014 | 0.137 | |
| dis_stat_accessor | 20.576 | 3.141 | 21.866 | |
| dmr-matrix | 1.635 | 0.023 | 0.562 | |
| dmr-mina | 1.683 | 0.102 | 0.661 | |
| dmr | 1.616 | 0.021 | 0.560 | |
| dmr_accessor | 1.617 | 0.038 | 0.592 | |
| fit_tabs-mina | 0.982 | 0.261 | 1.246 | |
| fit_tabs | 1.616 | 0.269 | 1.890 | |
| get_net_cls_tab-matrix-data.frame-method | 6.553 | 0.383 | 6.687 | |
| get_net_cls_tab | 7.154 | 0.311 | 7.313 | |
| get_r2-mat | 1.893 | 0.035 | 0.840 | |
| get_r2 | 1.888 | 0.029 | 0.830 | |
| get_rep-matrix | 0.395 | 0.009 | 0.404 | |
| get_rep-mima | 1.097 | 0.114 | 1.214 | |
| hmp_des | 0.001 | 0.002 | 0.003 | |
| hmp_otu | 0.001 | 0.001 | 0.003 | |
| maize_asv | 0.001 | 0.001 | 0.002 | |
| maize_asv2 | 0.001 | 0.002 | 0.003 | |
| maize_des | 0.001 | 0.002 | 0.004 | |
| maize_des2 | 0.001 | 0.001 | 0.003 | |
| mina-class | 0.002 | 0.000 | 0.002 | |
| net_cls-matrix | 10.538 | 0.267 | 10.682 | |
| net_cls-mina | 30.542 | 0.436 | 31.724 | |
| net_cls | 11.017 | 0.509 | 11.474 | |
| net_cls_tab-mina-method | 2.704 | 0.041 | 2.527 | |
| net_cls_tab | 6.836 | 0.266 | 6.820 | |
| net_dis-mina | 26.113 | 4.372 | 30.346 | |
| net_dis | 2.524 | 0.463 | 2.933 | |
| net_dis_indi | 0.000 | 0.001 | 0.002 | |
| net_dis_pcoa | 0.001 | 0.002 | 0.002 | |
| net_dis_plot | 50.674 | 8.369 | 54.089 | |
| net_grp_cmp | 0.000 | 0.001 | 0.001 | |
| net_node_cmp | 0.000 | 0.001 | 0.001 | |
| norm_accessor | 0.049 | 0.001 | 0.050 | |
| norm_tab-matrix | 1.176 | 0.143 | 1.321 | |
| norm_tab-mina | 1.094 | 0.007 | 1.104 | |
| norm_tab | 0.054 | 0.001 | 0.055 | |
| norm_tab_method_list | 0.103 | 0.045 | 0.151 | |
| pcoa_plot | 4.019 | 0.078 | 1.700 | |
| sim_par | 0.000 | 0.001 | 0.001 | |
| sparcc | 0.000 | 0.001 | 0.001 | |
| tab_accessor | 0.001 | 0.001 | 0.001 | |
| tina-matrix-method | 0.000 | 0.000 | 0.001 | |
| tina | 0.001 | 0.000 | 0.001 | |