Back to Multiple platform build/check report for BioC 3.22:   simplified   long
ABCDEFGHIJKL[M]NOPQRSTUVWXYZ

This page was generated on 2025-11-11 12:02 -0500 (Tue, 11 Nov 2025).

HostnameOSArch (*)R versionInstalled pkgs
nebbiolo2Linux (Ubuntu 24.04.3 LTS)x86_644.5.1 Patched (2025-08-23 r88802) -- "Great Square Root" 4902
kjohnson3macOS 13.7.7 Venturaarm644.5.1 Patched (2025-09-10 r88807) -- "Great Square Root" 4638
Click on any hostname to see more info about the system (e.g. compilers)      (*) as reported by 'uname -p', except on Windows and Mac OS X

Package 1306/2361HostnameOS / ArchINSTALLBUILDCHECKBUILD BIN
mina 1.18.0  (landing page)
Rui Guan
Snapshot Date: 2025-11-10 13:45 -0500 (Mon, 10 Nov 2025)
git_url: https://git.bioconductor.org/packages/mina
git_branch: RELEASE_3_22
git_last_commit: 575681a
git_last_commit_date: 2025-10-29 11:04:54 -0500 (Wed, 29 Oct 2025)
nebbiolo2Linux (Ubuntu 24.04.3 LTS) / x86_64  OK    OK    WARNINGS  UNNEEDED, same version is already published
kjohnson3macOS 13.7.7 Ventura / arm64  OK    OK    WARNINGS    OK  UNNEEDED, same version is already published


CHECK results for mina on nebbiolo2

To the developers/maintainers of the mina package:
- Allow up to 24 hours (and sometimes 48 hours) for your latest push to git@git.bioconductor.org:packages/mina.git to reflect on this report. See Troubleshooting Build Report for more information.
- Use the following Renviron settings to reproduce errors and warnings.
- If 'R CMD check' started to fail recently on the Linux builder(s) over a missing dependency, add the missing dependency to 'Suggests:' in your DESCRIPTION file. See Renviron.bioc for more information.

raw results


Summary

Package: mina
Version: 1.18.0
Command: /home/biocbuild/bbs-3.22-bioc/R/bin/R CMD check --install=check:mina.install-out.txt --library=/home/biocbuild/bbs-3.22-bioc/R/site-library --timings mina_1.18.0.tar.gz
StartedAt: 2025-11-11 01:40:19 -0500 (Tue, 11 Nov 2025)
EndedAt: 2025-11-11 01:45:14 -0500 (Tue, 11 Nov 2025)
EllapsedTime: 295.2 seconds
RetCode: 0
Status:   WARNINGS  
CheckDir: mina.Rcheck
Warnings: 1

Command output

##############################################################################
##############################################################################
###
### Running command:
###
###   /home/biocbuild/bbs-3.22-bioc/R/bin/R CMD check --install=check:mina.install-out.txt --library=/home/biocbuild/bbs-3.22-bioc/R/site-library --timings mina_1.18.0.tar.gz
###
##############################################################################
##############################################################################


* using log directory ‘/home/biocbuild/bbs-3.22-bioc/meat/mina.Rcheck’
* using R version 4.5.1 Patched (2025-08-23 r88802)
* using platform: x86_64-pc-linux-gnu
* R was compiled by
    gcc (Ubuntu 13.3.0-6ubuntu2~24.04) 13.3.0
    GNU Fortran (Ubuntu 13.3.0-6ubuntu2~24.04) 13.3.0
* running under: Ubuntu 24.04.3 LTS
* using session charset: UTF-8
* checking for file ‘mina/DESCRIPTION’ ... OK
* this is package ‘mina’ version ‘1.18.0’
* package encoding: UTF-8
* checking package namespace information ... OK
* checking package dependencies ... OK
* checking if this is a source package ... OK
* checking if there is a namespace ... OK
* checking for hidden files and directories ... OK
* checking for portable file names ... OK
* checking for sufficient/correct file permissions ... OK
* checking whether package ‘mina’ can be installed ... OK
* used C++ compiler: ‘g++ (Ubuntu 13.3.0-6ubuntu2~24.04) 13.3.0’
* checking installed package size ... INFO
  installed size is  9.1Mb
  sub-directories of 1Mb or more:
    data   7.6Mb
    libs   1.1Mb
* checking package directory ... OK
* checking ‘build’ directory ... OK
* checking DESCRIPTION meta-information ... OK
* checking top-level files ... OK
* checking for left-over files ... OK
* checking index information ... OK
* checking package subdirectories ... OK
* checking code files for non-ASCII characters ... OK
* checking R files for syntax errors ... OK
* checking whether the package can be loaded ... OK
* checking whether the package can be loaded with stated dependencies ... OK
* checking whether the package can be unloaded cleanly ... OK
* checking whether the namespace can be loaded with stated dependencies ... OK
* checking whether the namespace can be unloaded cleanly ... OK
* checking loading without being on the library search path ... OK
* checking dependencies in R code ... OK
* checking S3 generic/method consistency ... OK
* checking replacement functions ... OK
* checking foreign function calls ... OK
* checking R code for possible problems ... NOTE
sparcc: no visible binding for global variable ‘i’
net_dis_pcoa,character: no visible binding for global variable ‘y’
net_dis_pcoa,character: no visible binding for global variable ‘Group’
net_dis_plot,mina: no visible binding for global variable ‘Group1’
net_dis_plot,mina: no visible binding for global variable ‘Group2’
net_dis_plot,mina: no visible binding for global variable ‘Distance’
net_dis_plot,mina: no visible binding for global variable ‘Sig’
Undefined global functions or variables:
  Distance Group Group1 Group2 Sig i y
* checking Rd files ... NOTE
checkRd: (-1) re_format_AP.Rd:10: Lost braces; missing escapes or markup?
    10 | \item{x}{an {APResult} object from \pkg{apcluster}.}
       |             ^
* checking Rd metadata ... OK
* checking Rd cross-references ... OK
* checking for missing documentation entries ... OK
* checking for code/documentation mismatches ... OK
* checking Rd \usage sections ... OK
* checking Rd contents ... OK
* checking for unstated dependencies in examples ... OK
* checking contents of ‘data’ directory ... OK
* checking data for non-ASCII characters ... OK
* checking LazyData ... WARNING
  LazyData DB of 7.6 MB without LazyDataCompression set
  See §1.1.6 of 'Writing R Extensions'
* checking data for ASCII and uncompressed saves ... OK
* checking line endings in C/C++/Fortran sources/headers ... OK
* checking compiled code ... NOTE
Note: information on .o files is not available
* checking files in ‘vignettes’ ... OK
* checking examples ... OK
Examples with CPU (user + system) or elapsed time > 5s
                    user system elapsed
net_dis_plot      42.808  4.749  30.605
net_dis-mina      20.663  1.312  14.534
dis_stat_accessor 16.321  1.597  11.927
com_plot-mina     17.372  0.100   1.847
net_cls-mina      14.287  0.015  13.780
bs_pm-mina        11.138  1.030   6.133
net_cls            6.541  0.008   6.039
net_cls-matrix     6.459  0.009   6.060
* checking for unstated dependencies in vignettes ... OK
* checking package vignettes ... OK
* checking re-building of vignette outputs ... OK
* checking PDF version of manual ... OK
* DONE

Status: 1 WARNING, 3 NOTEs
See
  ‘/home/biocbuild/bbs-3.22-bioc/meat/mina.Rcheck/00check.log’
for details.


Installation output

mina.Rcheck/00install.out

##############################################################################
##############################################################################
###
### Running command:
###
###   /home/biocbuild/bbs-3.22-bioc/R/bin/R CMD INSTALL mina
###
##############################################################################
##############################################################################


* installing to library ‘/home/biocbuild/bbs-3.22-bioc/R/site-library’
* installing *source* package ‘mina’ ...
** this is package ‘mina’ version ‘1.18.0’
** using staged installation
** libs
using C++ compiler: ‘g++ (Ubuntu 13.3.0-6ubuntu2~24.04) 13.3.0’
g++ -std=gnu++17 -I"/home/biocbuild/bbs-3.22-bioc/R/include" -DNDEBUG  -I'/home/biocbuild/bbs-3.22-bioc/R/site-library/Rcpp/include' -I'/home/biocbuild/bbs-3.22-bioc/R/site-library/RcppParallel/include' -I'/home/biocbuild/bbs-3.22-bioc/R/site-library/RcppArmadillo/include' -I/usr/local/include    -fpic  -g -O2  -Wall -Werror=format-security  -c RcppExports.cpp -o RcppExports.o
g++ -std=gnu++17 -I"/home/biocbuild/bbs-3.22-bioc/R/include" -DNDEBUG  -I'/home/biocbuild/bbs-3.22-bioc/R/site-library/Rcpp/include' -I'/home/biocbuild/bbs-3.22-bioc/R/site-library/RcppParallel/include' -I'/home/biocbuild/bbs-3.22-bioc/R/site-library/RcppArmadillo/include' -I/usr/local/include    -fpic  -g -O2  -Wall -Werror=format-security  -c cp_cor.cpp -o cp_cor.o
g++ -std=gnu++17 -shared -L/home/biocbuild/bbs-3.22-bioc/R/lib -L/usr/local/lib -o mina.so RcppExports.o cp_cor.o -L/home/biocbuild/bbs-3.22-bioc/R/lib -lR
installing to /home/biocbuild/bbs-3.22-bioc/R/site-library/00LOCK-mina/00new/mina/libs
** R
** data
*** moving datasets to lazyload DB
** byte-compile and prepare package for lazy loading
Creating a new generic function for ‘norm’ in package ‘mina’
** help
*** installing help indices
** building package indices
** installing vignettes
** testing if installed package can be loaded from temporary location
** checking absolute paths in shared objects and dynamic libraries
** testing if installed package can be loaded from final location
** testing if installed package keeps a record of temporary installation path
* DONE (mina)

Tests output


Example timings

mina.Rcheck/mina-Ex.timings

nameusersystemelapsed
adj-matrix0.6600.0460.338
adj-mina0.9760.0150.610
adj0.7450.0200.334
adj_method_list0.0580.0090.069
bs_pm-mina11.138 1.030 6.133
bs_pm3.1940.1671.975
check_mina0.0590.0150.074
check_mina_de0.0550.0120.067
check_mina_qu0.0530.0090.062
cls_tab0.0590.0020.061
com_dis-matrix0.5880.0040.212
com_dis-mina0.3870.0090.058
com_dis0.5280.0230.230
com_dis_list0.0850.0090.095
com_plot-mina17.372 0.100 1.847
com_plot0.1980.0010.177
com_r2-mina0.6910.0080.406
com_r20.8790.0180.479
data-hmp0.0000.0010.001
data-maize0.0000.0000.001
des_accessor0.0020.0000.002
dis_accessor0.6180.0020.318
dis_stat_accessor16.321 1.59711.927
dmr-matrix0.6280.0040.288
dmr-mina0.5930.0020.275
dmr0.5870.0030.280
dmr_accessor0.5890.0020.283
fit_tabs-mina0.8320.0220.855
fit_tabs0.7710.0000.771
get_net_cls_tab-matrix-data.frame-method2.3210.0751.832
get_net_cls_tab2.5120.0062.102
get_r2-mat0.6770.0040.382
get_r20.6930.0000.370
get_rep-matrix0.2910.0010.292
get_rep-mima0.6050.0000.605
hmp_des0.0010.0000.001
hmp_otu0.0000.0010.001
maize_asv0.0010.0000.001
maize_asv20.0000.0010.001
maize_des0.0010.0000.001
maize_des20.0010.0000.001
mina-class0.0010.0000.001
net_cls-matrix6.4590.0096.060
net_cls-mina14.287 0.01513.780
net_cls6.5410.0086.039
net_cls_tab-mina-method1.8350.0651.320
net_cls_tab2.4150.0131.907
net_dis-mina20.663 1.31214.534
net_dis3.2550.2992.072
net_dis_indi000
net_dis_pcoa000
net_dis_plot42.808 4.74930.605
net_grp_cmp000
net_node_cmp0.0000.0000.001
norm_accessor0.0280.0010.029
norm_tab-matrix0.6150.0270.642
norm_tab-mina0.5850.0090.594
norm_tab0.0260.0000.025
norm_tab_method_list0.0540.0060.059
pcoa_plot1.4250.0250.788
sim_par000
sparcc000
tab_accessor000
tina-matrix-method0.0000.0010.000
tina000