Back to Build/check report for BioC 3.22:   simplified   long
ABCDEF[G]HIJKLMNOPQRSTUVWXYZ

This page was generated on 2025-11-13 11:55 -0500 (Thu, 13 Nov 2025).

HostnameOSArch (*)R versionInstalled pkgs
taishanLinux (openEuler 24.03 LTS)aarch644.5.0 (2025-04-11) -- "How About a Twenty-Six" 4668
Click on any hostname to see more info about the system (e.g. compilers)      (*) as reported by 'uname -p', except on Windows and Mac OS X

Package 875/2361HostnameOS / ArchINSTALLBUILDCHECKBUILD BIN
ggkegg 1.8.0  (landing page)
Noriaki Sato
Snapshot Date: 2025-11-12 13:45 -0500 (Wed, 12 Nov 2025)
git_url: https://git.bioconductor.org/packages/ggkegg
git_branch: RELEASE_3_22
git_last_commit: c13dd11
git_last_commit_date: 2025-10-29 11:24:48 -0500 (Wed, 29 Oct 2025)
taishanLinux (openEuler 24.03 LTS) / aarch64  OK    ERROR  skipped


BUILD results for ggkegg on taishan

To the developers/maintainers of the ggkegg package:
- Allow up to 24 hours (and sometimes 48 hours) for your latest push to git@git.bioconductor.org:packages/ggkegg.git to reflect on this report. See Troubleshooting Build Report for more information.
- Use the following Renviron settings to reproduce errors and warnings.
- If 'R CMD check' started to fail recently on the Linux builder(s) over a missing dependency, add the missing dependency to 'Suggests:' in your DESCRIPTION file. See Renviron.bioc for more information.
- See Martin Grigorov's blog post for how to debug Linux ARM64 related issues on a x86_64 host.

raw results


Summary

Package: ggkegg
Version: 1.8.0
Command: /home/biocbuild/R/R/bin/R CMD build --keep-empty-dirs --no-resave-data ggkegg
StartedAt: 2025-11-11 02:03:07 -0000 (Tue, 11 Nov 2025)
EndedAt: 2025-11-11 02:03:50 -0000 (Tue, 11 Nov 2025)
EllapsedTime: 43.0 seconds
RetCode: 1
Status:   ERROR  
PackageFile: None
PackageFileSize: NA

Command output

##############################################################################
##############################################################################
###
### Running command:
###
###   /home/biocbuild/R/R/bin/R CMD build --keep-empty-dirs --no-resave-data ggkegg
###
##############################################################################
##############################################################################


* checking for file ‘ggkegg/DESCRIPTION’ ... OK
* preparing ‘ggkegg’:
* checking DESCRIPTION meta-information ... OK
* installing the package to build vignettes
* creating vignettes ... ERROR
--- re-building ‘usage_of_ggkegg.Rmd’ using rmarkdown

Quitting from usage_of_ggkegg.Rmd:101-108 [convert]
~~~~~~~~~~~~~~~~~~~~~~~~~~~~~~~~~~~~~~~~~~~~~~~~~~~~~~~~~~~~~~~~~~~~~~~~~~~~~~~~
NULL
~~~~~~~~~~~~~~~~~~~~~~~~~~~~~~~~~~~~~~~~~~~~~~~~~~~~~~~~~~~~~~~~~~~~~~~~~~~~~~~~

Error: processing vignette 'usage_of_ggkegg.Rmd' failed with diagnostics:
ℹ In argument: `hsa = convert_id("hsa")`.
Caused by error in `bfcrpath()`:
! not all 'rnames' found or unique.
--- failed re-building ‘usage_of_ggkegg.Rmd’

SUMMARY: processing the following file failed:
  ‘usage_of_ggkegg.Rmd’

Error: Vignette re-building failed.
Execution halted