| Back to Multiple platform build/check report for BioC 3.21: simplified long | 
 | 
This page was generated on 2025-10-16 11:38 -0400 (Thu, 16 Oct 2025).
| Hostname | OS | Arch (*) | R version | Installed pkgs | 
|---|---|---|---|---|
| nebbiolo1 | Linux (Ubuntu 24.04.3 LTS) | x86_64 | 4.5.1 (2025-06-13) -- "Great Square Root" | 4833 | 
| merida1 | macOS 12.7.6 Monterey | x86_64 | 4.5.1 RC (2025-06-05 r88288) -- "Great Square Root" | 4614 | 
| kjohnson1 | macOS 13.7.5 Ventura | arm64 | 4.5.1 Patched (2025-06-14 r88325) -- "Great Square Root" | 4555 | 
| kunpeng2 | Linux (openEuler 24.03 LTS) | aarch64 | R Under development (unstable) (2025-02-19 r87757) -- "Unsuffered Consequences" | 4586 | 
| Click on any hostname to see more info about the system (e.g. compilers) (*) as reported by 'uname -p', except on Windows and Mac OS X | ||||
| Package 331/2341 | Hostname | OS / Arch | INSTALL | BUILD | CHECK | BUILD BIN | ||||||||
| ChemmineR 3.60.0  (landing page) Thomas Girke 
 | nebbiolo1 | Linux (Ubuntu 24.04.3 LTS) / x86_64 | OK | OK | WARNINGS |  | ||||||||
| merida1 | macOS 12.7.6 Monterey / x86_64 | OK | OK | WARNINGS | OK |  | ||||||||
| kjohnson1 | macOS 13.7.5 Ventura / arm64 | OK | ERROR | skipped | skipped | |||||||||
| kunpeng2 | Linux (openEuler 24.03 LTS) / aarch64 | OK | OK | WARNINGS | ||||||||||
| To the developers/maintainers of the ChemmineR package: - Allow up to 24 hours (and sometimes 48 hours) for your latest push to git@git.bioconductor.org:packages/ChemmineR.git to reflect on this report. See Troubleshooting Build Report for more information. - Use the following Renviron settings to reproduce errors and warnings. - If 'R CMD check' started to fail recently on the Linux builder(s) over a missing dependency, add the missing dependency to 'Suggests:' in your DESCRIPTION file. See Renviron.bioc for more information. | 
| Package: ChemmineR | 
| Version: 3.60.0 | 
| Command: /Library/Frameworks/R.framework/Resources/bin/R CMD check --install=check:ChemmineR.install-out.txt --library=/Library/Frameworks/R.framework/Resources/library --no-vignettes --timings ChemmineR_3.60.0.tar.gz | 
| StartedAt: 2025-10-14 01:19:53 -0400 (Tue, 14 Oct 2025) | 
| EndedAt: 2025-10-14 01:24:28 -0400 (Tue, 14 Oct 2025) | 
| EllapsedTime: 274.7 seconds | 
| RetCode: 0 | 
| Status: WARNINGS | 
| CheckDir: ChemmineR.Rcheck | 
| Warnings: 1 | 
##############################################################################
##############################################################################
###
### Running command:
###
###   /Library/Frameworks/R.framework/Resources/bin/R CMD check --install=check:ChemmineR.install-out.txt --library=/Library/Frameworks/R.framework/Resources/library --no-vignettes --timings ChemmineR_3.60.0.tar.gz
###
##############################################################################
##############################################################################
* using log directory ‘/Users/biocbuild/bbs-3.21-bioc/meat/ChemmineR.Rcheck’
* using R version 4.5.1 RC (2025-06-05 r88288)
* using platform: x86_64-apple-darwin20
* R was compiled by
    Apple clang version 14.0.0 (clang-1400.0.29.202)
    GNU Fortran (GCC) 14.2.0
* running under: macOS Monterey 12.7.6
* using session charset: UTF-8
* using option ‘--no-vignettes’
* checking for file ‘ChemmineR/DESCRIPTION’ ... OK
* checking extension type ... Package
* this is package ‘ChemmineR’ version ‘3.60.0’
* checking package namespace information ... OK
* checking package dependencies ... INFO
Package which this enhances but not available for checking: ‘ChemmineOB’
* checking if this is a source package ... OK
* checking if there is a namespace ... OK
* checking for hidden files and directories ... OK
* checking for portable file names ... OK
* checking for sufficient/correct file permissions ... OK
* checking whether package ‘ChemmineR’ can be installed ... OK
* used C++ compiler: ‘Apple clang version 14.0.0 (clang-1400.0.29.202)’
* used SDK: ‘MacOSX11.3.sdk’
* checking installed package size ... OK
* checking package directory ... OK
* checking ‘build’ directory ... OK
* checking DESCRIPTION meta-information ... NOTE
Package listed in more than one of Depends, Imports, Suggests, Enhances:
  ‘png’
A package should be listed in only one of these fields.
* checking top-level files ... OK
* checking for left-over files ... OK
* checking index information ... OK
* checking package subdirectories ... OK
* checking code files for non-ASCII characters ... OK
* checking R files for syntax errors ... OK
* checking whether the package can be loaded ... OK
* checking whether the package can be loaded with stated dependencies ... OK
* checking whether the package can be unloaded cleanly ... OK
* checking whether the namespace can be loaded with stated dependencies ... OK
* checking whether the namespace can be unloaded cleanly ... OK
* checking whether startup messages can be suppressed ... OK
* checking dependencies in R code ... NOTE
'library' or 'require' calls in package code:
  ‘ChemmineDrugs’ ‘ChemmineOB’ ‘RPostgreSQL’ ‘RSQLite’ ‘fmcsR’ ‘png’
  ‘snow’
  Please use :: or requireNamespace() instead.
  See section 'Suggested packages' in the 'Writing R Extensions' manual.
Namespace in Imports field not imported from: ‘BiocGenerics’
  All declared Imports should be used.
Unavailable namespace imported from by a ':::' call: ‘ChemmineOB’
  See the note in ?`:::` about the use of this operator.
* checking S3 generic/method consistency ... OK
* checking replacement functions ... OK
* checking foreign function calls ... OK
* checking R code for possible problems ... NOTE
Found the following possibly unsafe calls:
File ‘ChemmineR/R/sim.R’:
  unlockBinding(".progress_bar_int_cnt", environment(.progress_bar))
.data.frame.to.str: no visible global function definition for
  ‘write.table’
.data.frame.to.str: no visible binding for global variable ‘string’
.rings: no visible global function definition for ‘combn’
DUD: no visible global function definition for ‘download.file’
DUD: no visible global function definition for ‘untar’
applyOptions: no visible global function definition for ‘convertFormat’
browseJob: no visible global function definition for ‘browseURL’
canonicalNumbering: no visible global function definition for
  ‘canonicalNumbering_OB’
canonicalNumberingOB: no visible global function definition for
  ‘canonicalNumbering_OB’
cluster.visualize: no visible global function definition for ‘rainbow’
cluster.visualize: no visible global function definition for ‘pdf’
cluster.visualize: no visible global function definition for
  ‘postscript’
cluster.visualize: no visible global function definition for ‘dev.off’
desc2fp: no visible global function definition for ‘data’
draw_sdf: no visible global function definition for ‘rgb’
draw_sdf: no visible global function definition for ‘fmcs’
exactMassOB: no visible global function definition for ‘exactMass_OB’
fingerprintOB: no visible global function definition for
  ‘fingerprint_OB’
getCompoundFeatures : <anonymous>: no visible global function
  definition for ‘write.table’
getCompounds: no visible global function definition for ‘str’
getDbConn: no visible global function definition for ‘error’
handle_segs: no visible binding for global variable ‘C1’
handle_segs: no visible binding for global variable ‘C2’
handle_segs: no visible binding for global variable ‘C1.1’
handle_segs: no visible binding for global variable ‘C2.1’
handle_text: no visible binding for global variable ‘C1’
handle_text: no visible binding for global variable ‘C2’
listCMTools: no visible global function definition for ‘read.table’
parBatchByIndex: no visible global function definition for
  ‘clusterExport’
parBatchByIndex: no visible global function definition for
  ‘clusterApplyLB’
postgresqlWriteTable: no visible global function definition for
  ‘postgresqlTableRef’
postgresqlWriteTable: no visible global function definition for
  ‘postgresqlQuoteId’
postgresqlWriteTable: no visible global function definition for
  ‘postgresqlpqExec’
postgresqlWriteTable: no visible global function definition for
  ‘postgresqlCopyInDataframe’
postgresqlWriteTable: no visible global function definition for
  ‘postgresqlgetResult’
propOB: no visible global function definition for ‘prop_OB’
read.AP: no visible global function definition for ‘read.delim’
sdf2OBMol: no visible global function definition for ‘forEachMol’
sdf2image: no visible global function definition for ‘convertToImage’
sdf2smiles: no visible global function definition for ‘convertFormat’
sdf2smilesOB: no visible global function definition for ‘convertFormat’
sdfStream: no visible global function definition for ‘write.table’
setPriorities: no visible global function definition for
  ‘clusterExport’
smartsSearchOB: no visible global function definition for
  ‘smartsSearch_OB’
smile2sdfFile: no visible global function definition for
  ‘convertFormatFile’
smiles2sdf: no visible global function definition for ‘convertFormat’
smiles2sdfOB: no visible global function definition for ‘convertFormat’
write.SMI: no visible global function definition for ‘write.table’
Undefined global functions or variables:
  C1 C1.1 C2 C2.1 browseURL canonicalNumbering_OB clusterApplyLB
  clusterExport combn convertFormat convertFormatFile convertToImage
  data dev.off download.file error exactMass_OB fingerprint_OB fmcs
  forEachMol pdf postgresqlCopyInDataframe postgresqlQuoteId
  postgresqlTableRef postgresqlgetResult postgresqlpqExec postscript
  prop_OB rainbow read.delim read.table rgb smartsSearch_OB str string
  untar write.table
Consider adding
  importFrom("grDevices", "dev.off", "pdf", "postscript", "rainbow",
             "rgb")
  importFrom("utils", "browseURL", "combn", "data", "download.file",
             "read.delim", "read.table", "str", "untar", "write.table")
to your NAMESPACE file.
* checking Rd files ... NOTE
checkRd: (-1) cmp.duplicated.Rd:29: Escaped LaTeX specials: \$
* checking Rd metadata ... OK
* checking Rd cross-references ... OK
* checking for missing documentation entries ... WARNING
Undocumented code objects:
  ‘sdfid<-’
Undocumented S4 methods:
  generic '$' and siglist '_p_Descriptors'
  generic '[' and siglist 'ExternalReferenceSwig'
  generic '[<-' and siglist 'ExternalReferenceSwig'
  generic 'coerce' and siglist 'ExternalReferenceSwig,character'
  generic 'length' and siglist 'SWIGArray'
  generic 'sdfid<-' and siglist 'SDF'
  generic 'sdfid<-' and siglist 'SDFset'
All user-level objects in a package (including S4 classes and methods)
should have documentation entries.
See chapter ‘Writing R documentation files’ in the ‘Writing R
Extensions’ manual.
* checking for code/documentation mismatches ... OK
* checking Rd \usage sections ... OK
* checking Rd contents ... NOTE
Argument items with no description in Rd file 'cmp.search.Rd':
  ‘visualize’ ‘visualize.browse’ ‘visualize.query’
* checking for unstated dependencies in examples ... OK
* checking contents of ‘data’ directory ... OK
* checking data for non-ASCII characters ... OK
* checking data for ASCII and uncompressed saves ... OK
* checking line endings in C/C++/Fortran sources/headers ... OK
* checking line endings in Makefiles ... OK
* checking compilation flags in Makevars ... OK
* checking for GNU extensions in Makefiles ... OK
* checking for portable use of $(BLAS_LIBS) and $(LAPACK_LIBS) ... OK
* checking use of PKG_*FLAGS in Makefiles ... OK
* checking compiled code ... NOTE
Note: information on .o files is not available
File ‘/Library/Frameworks/R.framework/Versions/4.5-x86_64/Resources/library/ChemmineR/libs/ChemmineR.so’:
  Found ‘__ZNSt3__14cerrE’, possibly from ‘std::cerr’ (C++)
  Found ‘__ZNSt3__14coutE’, possibly from ‘std::cout’ (C++)
File ‘ChemmineR/libs/ChemmineR.so’:
  Found non-API call to R: ‘SET_S4_OBJECT’
Compiled code should not call entry points which might terminate R nor
write to stdout/stderr instead of to the console, nor use Fortran I/O
nor system RNGs nor [v]sprintf. The detected symbols are linked into
the code but might come from libraries and not actually be called.
Compiled code should not call non-API entry points in R.
See ‘Writing portable packages’ in the ‘Writing R Extensions’ manual,
and section ‘Moving into C API compliance’ for issues with the use of
non-API entry points.
* checking files in ‘vignettes’ ... OK
* checking examples ... OK
Examples with CPU (user + system) or elapsed time > 5s
                     user system elapsed
addNewFeatures      6.698  0.396   7.140
loadSdf             6.459  0.079   6.577
findCompounds       5.776  0.052   5.883
getCompoundFeatures 5.777  0.045   5.903
cmp.cluster         5.277  0.140   5.449
jarvisPatrick       5.204  0.074   5.304
* checking for unstated dependencies in ‘tests’ ... OK
* checking tests ...
  Running ‘runTests.R’
 OK
* checking for unstated dependencies in vignettes ... OK
* checking package vignettes ... OK
* checking running R code from vignettes ... SKIPPED
* checking re-building of vignette outputs ... SKIPPED
* checking PDF version of manual ... OK
* DONE
Status: 1 WARNING, 6 NOTEs
See
  ‘/Users/biocbuild/bbs-3.21-bioc/meat/ChemmineR.Rcheck/00check.log’
for details.
ChemmineR.Rcheck/00install.out
##############################################################################
##############################################################################
###
### Running command:
###
###   /Library/Frameworks/R.framework/Resources/bin/R CMD INSTALL ChemmineR
###
##############################################################################
##############################################################################
* installing to library ‘/Library/Frameworks/R.framework/Versions/4.5-x86_64/Resources/library’
* installing *source* package ‘ChemmineR’ ...
** this is package ‘ChemmineR’ version ‘3.60.0’
** using staged installation
** libs
using C++ compiler: ‘Apple clang version 14.0.0 (clang-1400.0.29.202)’
using SDK: ‘MacOSX11.3.sdk’
clang++ -arch x86_64 -std=gnu++17 -I"/Library/Frameworks/R.framework/Resources/include" -DNDEBUG  -I'/Library/Frameworks/R.framework/Versions/4.5-x86_64/Resources/library/Rcpp/include' -I'/Library/Frameworks/R.framework/Versions/4.5-x86_64/Resources/library/BH/include' -I/opt/R/x86_64/include   -DNO_MAIN -DNO_DEBUG -DSTRICT_R_HEADERS -DR_NO_REMAP -fPIC  -falign-functions=64 -Wall -g -O2   -c DisjointSets.cpp -o DisjointSets.o
clang++ -arch x86_64 -std=gnu++17 -I"/Library/Frameworks/R.framework/Resources/include" -DNDEBUG  -I'/Library/Frameworks/R.framework/Versions/4.5-x86_64/Resources/library/Rcpp/include' -I'/Library/Frameworks/R.framework/Versions/4.5-x86_64/Resources/library/BH/include' -I/opt/R/x86_64/include   -DNO_MAIN -DNO_DEBUG -DSTRICT_R_HEADERS -DR_NO_REMAP -fPIC  -falign-functions=64 -Wall -g -O2   -c cluster.cc -o cluster.o
cluster.cc:49:13: warning: unused function 'prepare_neighbors' [-Wunused-function]
void static prepare_neighbors(const char* nbr_file, int skip, int p)
            ^
1 warning generated.
clang++ -arch x86_64 -std=gnu++17 -I"/Library/Frameworks/R.framework/Resources/include" -DNDEBUG  -I'/Library/Frameworks/R.framework/Versions/4.5-x86_64/Resources/library/Rcpp/include' -I'/Library/Frameworks/R.framework/Versions/4.5-x86_64/Resources/library/BH/include' -I/opt/R/x86_64/include   -DNO_MAIN -DNO_DEBUG -DSTRICT_R_HEADERS -DR_NO_REMAP -fPIC  -falign-functions=64 -Wall -g -O2   -c cstrsplit.cc -o cstrsplit.o
clang++ -arch x86_64 -std=gnu++17 -I"/Library/Frameworks/R.framework/Resources/include" -DNDEBUG  -I'/Library/Frameworks/R.framework/Versions/4.5-x86_64/Resources/library/Rcpp/include' -I'/Library/Frameworks/R.framework/Versions/4.5-x86_64/Resources/library/BH/include' -I/opt/R/x86_64/include   -DNO_MAIN -DNO_DEBUG -DSTRICT_R_HEADERS -DR_NO_REMAP -fPIC  -falign-functions=64 -Wall -g -O2   -c desc.cc -o desc.o
clang++ -arch x86_64 -std=gnu++17 -I"/Library/Frameworks/R.framework/Resources/include" -DNDEBUG  -I'/Library/Frameworks/R.framework/Versions/4.5-x86_64/Resources/library/Rcpp/include' -I'/Library/Frameworks/R.framework/Versions/4.5-x86_64/Resources/library/BH/include' -I/opt/R/x86_64/include   -DNO_MAIN -DNO_DEBUG -DSTRICT_R_HEADERS -DR_NO_REMAP -fPIC  -falign-functions=64 -Wall -g -O2   -c fingerprints.cc -o fingerprints.o
clang++ -arch x86_64 -std=gnu++17 -I"/Library/Frameworks/R.framework/Resources/include" -DNDEBUG  -I'/Library/Frameworks/R.framework/Versions/4.5-x86_64/Resources/library/Rcpp/include' -I'/Library/Frameworks/R.framework/Versions/4.5-x86_64/Resources/library/BH/include' -I/opt/R/x86_64/include   -DNO_MAIN -DNO_DEBUG -DSTRICT_R_HEADERS -DR_NO_REMAP -fPIC  -falign-functions=64 -Wall -g -O2   -c formats.cc -o formats.o
clang++ -arch x86_64 -std=gnu++17 -I"/Library/Frameworks/R.framework/Resources/include" -DNDEBUG  -I'/Library/Frameworks/R.framework/Versions/4.5-x86_64/Resources/library/Rcpp/include' -I'/Library/Frameworks/R.framework/Versions/4.5-x86_64/Resources/library/BH/include' -I/opt/R/x86_64/include   -DNO_MAIN -DNO_DEBUG -DSTRICT_R_HEADERS -DR_NO_REMAP -fPIC  -falign-functions=64 -Wall -g -O2   -c molecule.cc -o molecule.o
clang++ -arch x86_64 -std=gnu++17 -I"/Library/Frameworks/R.framework/Resources/include" -DNDEBUG  -I'/Library/Frameworks/R.framework/Versions/4.5-x86_64/Resources/library/Rcpp/include' -I'/Library/Frameworks/R.framework/Versions/4.5-x86_64/Resources/library/BH/include' -I/opt/R/x86_64/include   -DNO_MAIN -DNO_DEBUG -DSTRICT_R_HEADERS -DR_NO_REMAP -fPIC  -falign-functions=64 -Wall -g -O2   -c r_wrap.cc -o r_wrap.o
r_wrap.cc:758:10: warning: 'R_NO_REMAP' macro redefined [-Wmacro-redefined]
# define R_NO_REMAP
         ^
<command line>:5:9: note: previous definition is here
#define R_NO_REMAP 1
        ^
r_wrap.cc:761:10: warning: 'STRICT_R_HEADERS' macro redefined [-Wmacro-redefined]
# define STRICT_R_HEADERS
         ^
<command line>:4:9: note: previous definition is here
#define STRICT_R_HEADERS 1
        ^
2 warnings generated.
clang++ -arch x86_64 -std=gnu++17 -I"/Library/Frameworks/R.framework/Resources/include" -DNDEBUG  -I'/Library/Frameworks/R.framework/Versions/4.5-x86_64/Resources/library/Rcpp/include' -I'/Library/Frameworks/R.framework/Versions/4.5-x86_64/Resources/library/BH/include' -I/opt/R/x86_64/include   -DNO_MAIN -DNO_DEBUG -DSTRICT_R_HEADERS -DR_NO_REMAP -fPIC  -falign-functions=64 -Wall -g -O2   -c script.cc -o script.o
clang++ -arch x86_64 -std=gnu++17 -I"/Library/Frameworks/R.framework/Resources/include" -DNDEBUG  -I'/Library/Frameworks/R.framework/Versions/4.5-x86_64/Resources/library/Rcpp/include' -I'/Library/Frameworks/R.framework/Versions/4.5-x86_64/Resources/library/BH/include' -I/opt/R/x86_64/include   -DNO_MAIN -DNO_DEBUG -DSTRICT_R_HEADERS -DR_NO_REMAP -fPIC  -falign-functions=64 -Wall -g -O2   -c similarity.cc -o similarity.o
clang++ -arch x86_64 -std=gnu++17 -dynamiclib -Wl,-headerpad_max_install_names -undefined dynamic_lookup -L/Library/Frameworks/R.framework/Resources/lib -L/opt/R/x86_64/lib -o ChemmineR.so DisjointSets.o cluster.o cstrsplit.o desc.o fingerprints.o formats.o molecule.o r_wrap.o script.o similarity.o -F/Library/Frameworks/R.framework/.. -framework R
installing to /Library/Frameworks/R.framework/Versions/4.5-x86_64/Resources/library/00LOCK-ChemmineR/00new/ChemmineR/libs
** R
** data
** inst
** byte-compile and prepare package for lazy loading
** help
*** installing help indices
** building package indices
** installing vignettes
** testing if installed package can be loaded from temporary location
** checking absolute paths in shared objects and dynamic libraries
** testing if installed package can be loaded from final location
** testing if installed package keeps a record of temporary installation path
* DONE (ChemmineR)
ChemmineR.Rcheck/tests/runTests.Rout
R version 4.5.1 RC (2025-06-05 r88288) -- "Great Square Root"
Copyright (C) 2025 The R Foundation for Statistical Computing
Platform: x86_64-apple-darwin20
R is free software and comes with ABSOLUTELY NO WARRANTY.
You are welcome to redistribute it under certain conditions.
Type 'license()' or 'licence()' for distribution details.
R is a collaborative project with many contributors.
Type 'contributors()' for more information and
'citation()' on how to cite R or R packages in publications.
Type 'demo()' for some demos, 'help()' for on-line help, or
'help.start()' for an HTML browser interface to help.
Type 'q()' to quit R.
> BiocGenerics:::testPackage("ChemmineR")
======= testing fpset ===============================================
======= folding... 
Loading required package: RSQLite
[1] "createing db"
[1] "createing db"
[1] "loading first half, no features"
[1] "createing db"
[1] "loading first half,with features"
adding new features to existing compounds. This could take a while
[1] "loading incomplete features"
[1] "loading second half"
adding new features to existing compounds. This could take a while
[1] "done loading"
[1] "createing db"
adding new features to existing compounds. This could take a while
[1] "found 70  compounds"
[1] "found 20  compounds"
Timing stopped at: 0 0 0
Error in DEACTIVATED("local test") : local test
In addition: There were 14 warnings (use warnings() to see them)
Timing stopped at: 0 0 0.001
Error in DEACTIVATED("local test only") : local test only
found 100 ids
  [1] 201 202 203 204 205 206 207 208 209 210 211 212 213 214 215 216 217 218
 [19] 219 220 221 222 223 224 225 226 227 228 229 230 231 232 233 234 235 236
 [37] 237 238 239 240 241 242 243 244 245 246 247 248 249 250 251 252 253 254
 [55] 255 256 257 258 259 260 261 262 263 264 265 266 267 268 269 270 271 272
 [73] 273 274 275 276 277 278 279 280 281 282 283 284 285 286 287 288 289 290
 [91] 291 292 293 294 295 296 297 298 299 300
starting parBatchByIndex
Loading required package: snow
 int [1:100] 201 202 203 204 205 206 207 208 209 210 ...
NULL
[1] "results:  parBench-sub-1,parBench-sub-2,parBench-sub-3,parBench-sub-4,parBench-sub-5,parBench-sub-6,parBench-sub-7,parBench-sub-8,parBench-sub-9,parBench-sub-10"
[1] "loading duplications"
loading 1 new compounds, updating 1 compounds
fetching features: 
Timing stopped at: 0 0 0.001
Error in DEACTIVATED("causing timeout on bioc, disabling for now") : 
  causing timeout on bioc, disabling for now
In addition: Warning messages:
1: In standardGeneric("atomblock") :
  closing unused connection 5 (<-localhost:11388)
2: In standardGeneric("atomblock") :
  closing unused connection 4 (<-localhost:11388)
3: In standardGeneric("atomblock") :
  closing unused connection 3 (<-localhost:11388)
Timing stopped at: 0 0 0.001
Error in DEACTIVATED("this test requires ChemmineOB, but not available") : 
  this test requires ChemmineOB, but not available
Timing stopped at: 0 0 0.001
Error in DEACTIVATED("this test requires ChemmineOB, but not available") : 
  this test requires ChemmineOB, but not available
Timing stopped at: 0 0 0
Error in DEACTIVATED("this test requires ChemmineOB, but not available") : 
  this test requires ChemmineOB, but not available
Timing stopped at: 0.001 0 0.001
Error in DEACTIVATED("this test requires ChemmineOB, but not available") : 
  this test requires ChemmineOB, but not available
Timing stopped at: 0 0 0
Error in DEACTIVATED("removed old version of function") : 
  removed old version of function
Timing stopped at: 0 0 0
Error in DEACTIVATED("just for manual testing") : just for manual testing
Timing stopped at: 0 0 0.001
Error in DEACTIVATED("this test requires ChemmineOB, but not available") : 
  this test requires ChemmineOB, but not available
Timing stopped at: 0 0 0
Error in DEACTIVATED("requires local files") : requires local files
Timing stopped at: 0 0 0
Error in DEACTIVATED("fails on ubuntu 16.04") : fails on ubuntu 16.04
Timing stopped at: 0 0 0
Error in DEACTIVATED("Causes SSL protocol version error on BioC") : 
  Causes SSL protocol version error on BioC
Timing stopped at: 0 0 0.001
Error in DEACTIVATED("this test requires ChemmineOB, but not available") : 
  this test requires ChemmineOB, but not available
Timing stopped at: 0 0 0
Error in DEACTIVATED("this test requires ChemmineOB, but not installed") : 
  this test requires ChemmineOB, but not installed
RUNIT TEST PROTOCOL -- Tue Oct 14 01:24:06 2025 
*********************************************** 
Number of test functions: 16 
Number of deactivated test functions: 15 
Number of errors: 0 
Number of failures: 0 
 
1 Test Suite : 
ChemmineR RUnit Tests - 16 test functions, 0 errors, 0 failures
Number of test functions: 16 
Number of deactivated test functions: 15 
Number of errors: 0 
Number of failures: 0 
> 
> proc.time()
   user  system elapsed 
 27.772   2.399  32.690 
ChemmineR.Rcheck/ChemmineR-Ex.timings
| name | user | system | elapsed | |
| AP-class | 0.769 | 0.390 | 1.206 | |
| APset-class | 0.740 | 0.369 | 1.120 | |
| ExtSDF-class | 0.002 | 0.001 | 0.002 | |
| FP-class | 0.110 | 0.014 | 0.124 | |
| FPset-class | 0.437 | 0.087 | 0.527 | |
| SDF-class | 0.090 | 0.030 | 0.124 | |
| SDF2apcmp | 0.036 | 0.003 | 0.039 | |
| SDFDataTable | 0.001 | 0.000 | 0.001 | |
| SDFset-class | 0.637 | 0.132 | 0.788 | |
| SDFset2SDF | 0.137 | 0.033 | 0.176 | |
| SDFset2list | 0.110 | 0.158 | 0.274 | |
| SDFstr-class | 0.480 | 0.016 | 0.498 | |
| SMI-class | 0.004 | 0.002 | 0.006 | |
| SMIset-class | 0.007 | 0.005 | 0.013 | |
| addDescriptorType | 0.001 | 0.000 | 0.001 | |
| addNewFeatures | 6.698 | 0.396 | 7.140 | |
| ap | 0.127 | 0.058 | 0.185 | |
| apfp | 0.003 | 0.003 | 0.007 | |
| apset | 0.006 | 0.004 | 0.010 | |
| apset2descdb | 0.694 | 0.367 | 1.064 | |
| atomblock | 0.160 | 0.075 | 0.238 | |
| atomcount | 0.333 | 0.015 | 0.362 | |
| atomprop | 0.005 | 0.003 | 0.009 | |
| atomsubset | 0.042 | 0.006 | 0.047 | |
| batchByIndex | 0.000 | 0.001 | 0.001 | |
| bondblock | 0.168 | 0.046 | 0.228 | |
| bonds | 0.048 | 0.010 | 0.063 | |
| browseJob | 0.000 | 0.001 | 0.002 | |
| bufferLines | 0.000 | 0.000 | 0.001 | |
| bufferResultSet | 0.001 | 0.001 | 0.001 | |
| byCluster | 2.394 | 0.100 | 2.510 | |
| canonicalNumbering | 0.001 | 0.000 | 0.000 | |
| canonicalize | 0.000 | 0.001 | 0.001 | |
| cid | 0.030 | 0.004 | 0.034 | |
| cluster.sizestat | 1.577 | 0.081 | 1.668 | |
| cluster.visualize | 1.954 | 0.077 | 2.043 | |
| cmp.cluster | 5.277 | 0.140 | 5.449 | |
| cmp.duplicated | 0.073 | 0.005 | 0.080 | |
| cmp.parse | 0.036 | 0.005 | 0.040 | |
| cmp.parse1 | 0.001 | 0.001 | 0.001 | |
| cmp.search | 2.122 | 0.087 | 2.225 | |
| cmp.similarity | 0.058 | 0.006 | 0.065 | |
| conMA | 0.096 | 0.070 | 0.168 | |
| connections | 0.402 | 0.009 | 0.416 | |
| datablock | 0.421 | 0.056 | 0.479 | |
| datablock2ma | 0.060 | 0.010 | 0.071 | |
| db.explain | 0.067 | 0.037 | 0.104 | |
| db.subset | 0.003 | 0.003 | 0.007 | |
| dbTransaction | 0.037 | 0.013 | 0.050 | |
| desc2fp | 0.131 | 0.010 | 0.140 | |
| draw_sdf | 1.396 | 0.049 | 1.485 | |
| exactMassOB | 0.001 | 0.001 | 0.001 | |
| findCompounds | 5.776 | 0.052 | 5.883 | |
| findCompoundsByName | 0.590 | 0.027 | 0.637 | |
| fingerprintOB | 0.000 | 0.000 | 0.001 | |
| fold | 0.002 | 0.001 | 0.002 | |
| foldCount | 0.001 | 0.000 | 0.003 | |
| fp2bit | 0.562 | 0.046 | 0.633 | |
| fpSim | 0.571 | 0.052 | 0.653 | |
| fptype | 0.001 | 0.000 | 0.002 | |
| fromNNMatrix | 2.357 | 0.034 | 2.409 | |
| genAPDescriptors | 0.025 | 0.003 | 0.028 | |
| genParameters | 0.681 | 0.010 | 0.695 | |
| generate3DCoords | 0.000 | 0.000 | 0.001 | |
| getAllCompoundIds | 0.576 | 0.026 | 0.603 | |
| getAtomAttr | 0.000 | 0.001 | 0.001 | |
| getBondAttr | 0.000 | 0.000 | 0.001 | |
| getCompoundFeatures | 5.777 | 0.045 | 5.903 | |
| getCompoundNames | 0.582 | 0.025 | 0.611 | |
| getCompounds | 0.588 | 0.026 | 0.634 | |
| getIds | 0.001 | 0.000 | 0.001 | |
| grepSDFset | 0.071 | 0.004 | 0.076 | |
| groups | 0.273 | 0.032 | 0.307 | |
| header | 0.138 | 0.018 | 0.156 | |
| initDb | 0.039 | 0.012 | 0.051 | |
| jarvisPatrick | 5.204 | 0.074 | 5.304 | |
| jobToken-class | 0.001 | 0.002 | 0.002 | |
| largestComponent | 0.000 | 0.000 | 0.001 | |
| launchCMTool | 0.000 | 0.001 | 0.002 | |
| listCMTools | 0.000 | 0.001 | 0.001 | |
| listFeatures | 0.642 | 0.027 | 0.674 | |
| loadSdf | 6.459 | 0.079 | 6.577 | |
| makeUnique | 0.026 | 0.004 | 0.029 | |
| maximallyDissimilar | 0.575 | 0.011 | 0.588 | |
| nearestNeighbors | 2.910 | 0.069 | 2.997 | |
| numBits | 0.001 | 0.000 | 0.001 | |
| obmol | 0.001 | 0.001 | 0.002 | |
| openBabelPlot | 0.000 | 0.001 | 0.002 | |
| parBatchByIndex | 0.000 | 0.001 | 0.002 | |
| plotStruc | 0.470 | 0.031 | 0.529 | |
| propOB | 0.000 | 0.000 | 0.001 | |
| pubchemCidToSDF | 0.001 | 0.001 | 0.001 | |
| pubchemFPencoding | 0.004 | 0.003 | 0.007 | |
| pubchemInchi2cid | 0.000 | 0.001 | 0.001 | |
| pubchemInchikey2sdf | 0.000 | 0.001 | 0.001 | |
| pubchemName2CID | 0.000 | 0.001 | 0.001 | |
| pubchemSDFSearch | 0.001 | 0.001 | 0.001 | |
| pubchemSmilesSearch | 0.000 | 0.001 | 0.001 | |
| read.AP | 0.023 | 0.004 | 0.028 | |
| read.SDFindex | 0.024 | 0.004 | 0.028 | |
| read.SDFset | 1.032 | 0.009 | 1.069 | |
| read.SDFstr | 1.481 | 0.016 | 1.515 | |
| read.SMIset | 0.001 | 0.003 | 0.005 | |
| regenerateCoords | 0.001 | 0.001 | 0.001 | |
| result | 0.000 | 0.001 | 0.002 | |
| rings | 1.331 | 0.031 | 1.369 | |
| sdf.subset | 0.000 | 0.001 | 0.001 | |
| sdf.visualize | 0.025 | 0.002 | 0.028 | |
| sdf2ap | 0.683 | 0.510 | 1.200 | |
| sdf2list | 0.043 | 0.073 | 0.116 | |
| sdf2smiles | 0.000 | 0.001 | 0.001 | |
| sdf2str | 0.045 | 0.026 | 0.071 | |
| sdfStream | 0.024 | 0.004 | 0.029 | |
| sdfid | 0.027 | 0.003 | 0.030 | |
| sdfsample | 0.081 | 0.021 | 0.102 | |
| sdfstr2list | 1.197 | 1.579 | 2.882 | |
| searchSim | 0.000 | 0.001 | 0.000 | |
| searchString | 0.000 | 0.000 | 0.001 | |
| selectInBatches | 0.001 | 0.001 | 0.002 | |
| setPriorities | 0.000 | 0.000 | 0.001 | |
| smartsSearchOB | 0.000 | 0.000 | 0.001 | |
| smiles2sdf | 0.001 | 0.000 | 0.000 | |
| smisample | 0.004 | 0.003 | 0.007 | |
| status | 0.000 | 0.001 | 0.001 | |
| toolDetails | 0.000 | 0.001 | 0.001 | |
| trimNeighbors | 3.904 | 0.104 | 4.031 | |
| validSDF | 0.030 | 0.003 | 0.033 | |
| view | 0.071 | 0.022 | 0.093 | |
| write.SDF | 0.288 | 0.021 | 0.310 | |
| write.SDFsplit | 0.024 | 0.003 | 0.027 | |
| write.SMI | 0.001 | 0.002 | 0.005 | |