Back to Multiple platform build/check report for BioC 3.21:   simplified   long
AB[C]DEFGHIJKLMNOPQRSTUVWXYZ

This page was generated on 2025-10-16 11:40 -0400 (Thu, 16 Oct 2025).

HostnameOSArch (*)R versionInstalled pkgs
nebbiolo1Linux (Ubuntu 24.04.3 LTS)x86_644.5.1 (2025-06-13) -- "Great Square Root" 4833
merida1macOS 12.7.6 Montereyx86_644.5.1 RC (2025-06-05 r88288) -- "Great Square Root" 4614
kjohnson1macOS 13.7.5 Venturaarm644.5.1 Patched (2025-06-14 r88325) -- "Great Square Root" 4555
kunpeng2Linux (openEuler 24.03 LTS)aarch64R Under development (unstable) (2025-02-19 r87757) -- "Unsuffered Consequences" 4586
Click on any hostname to see more info about the system (e.g. compilers)      (*) as reported by 'uname -p', except on Windows and Mac OS X

Package 331/2341HostnameOS / ArchINSTALLBUILDCHECKBUILD BIN
ChemmineR 3.60.0  (landing page)
Thomas Girke
Snapshot Date: 2025-10-13 13:40 -0400 (Mon, 13 Oct 2025)
git_url: https://git.bioconductor.org/packages/ChemmineR
git_branch: RELEASE_3_21
git_last_commit: 0061b9b
git_last_commit_date: 2025-04-15 09:43:15 -0400 (Tue, 15 Apr 2025)
nebbiolo1Linux (Ubuntu 24.04.3 LTS) / x86_64  OK    OK    WARNINGS  UNNEEDED, same version is already published
merida1macOS 12.7.6 Monterey / x86_64  OK    OK    WARNINGS    OK  UNNEEDED, same version is already published
kjohnson1macOS 13.7.5 Ventura / arm64  OK    ERROR  skippedskipped
kunpeng2Linux (openEuler 24.03 LTS) / aarch64  OK    OK    WARNINGS  


BUILD results for ChemmineR on kjohnson1

To the developers/maintainers of the ChemmineR package:
- Allow up to 24 hours (and sometimes 48 hours) for your latest push to git@git.bioconductor.org:packages/ChemmineR.git to reflect on this report. See Troubleshooting Build Report for more information.
- Use the following Renviron settings to reproduce errors and warnings.
- If 'R CMD check' started to fail recently on the Linux builder(s) over a missing dependency, add the missing dependency to 'Suggests:' in your DESCRIPTION file. See Renviron.bioc for more information.

raw results


Summary

Package: ChemmineR
Version: 3.60.0
Command: /Library/Frameworks/R.framework/Resources/bin/R CMD build --keep-empty-dirs --no-resave-data ChemmineR
StartedAt: 2025-10-13 20:58:33 -0400 (Mon, 13 Oct 2025)
EndedAt: 2025-10-13 20:59:11 -0400 (Mon, 13 Oct 2025)
EllapsedTime: 37.9 seconds
RetCode: 1
Status:   ERROR  
PackageFile: None
PackageFileSize: NA

Command output

##############################################################################
##############################################################################
###
### Running command:
###
###   /Library/Frameworks/R.framework/Resources/bin/R CMD build --keep-empty-dirs --no-resave-data ChemmineR
###
##############################################################################
##############################################################################


* checking for file ‘ChemmineR/DESCRIPTION’ ... OK
* preparing ‘ChemmineR’:
* checking DESCRIPTION meta-information ... OK
* cleaning src
* installing the package to build vignettes
* creating vignettes ... ERROR
--- re-building ‘ChemmineR.Rmd’ using rmarkdown
2025-10-13 20:59:06.836 R[63432:453206033] XType: Using static font registry.

Quitting from ChemmineR.Rmd:537-539 [unnamed-chunk-39]
~~~~~~~~~~~~~~~~~~~~~~~~~~~~~~~~~~~~~~~~~~~~~~~~~~~~~~~~~~~~~~~~~~~~~~~~~~~~~~~~~~~~~~~~~~~~~~~~~~~~
<error/rlang_error>
Error in `file()`:
! cannot open the connection to 'https://cluster.hpcc.ucr.edu/~tgirke/Documents/R_BioCond/Samples/v3000.sdf'
---
Backtrace:
    ▆
 1. └─ChemmineR::read.SDFset(...)
 2.   └─ChemmineR::read.SDFstr(sdfstr = sdfstr)
 3.     └─base::readLines(sdfstr)
 4.       └─base::file(con, "r")
~~~~~~~~~~~~~~~~~~~~~~~~~~~~~~~~~~~~~~~~~~~~~~~~~~~~~~~~~~~~~~~~~~~~~~~~~~~~~~~~~~~~~~~~~~~~~~~~~~~~

Error: processing vignette 'ChemmineR.Rmd' failed with diagnostics:
cannot open the connection to 'https://cluster.hpcc.ucr.edu/~tgirke/Documents/R_BioCond/Samples/v3000.sdf'
--- failed re-building ‘ChemmineR.Rmd’

SUMMARY: processing the following file failed:
  ‘ChemmineR.Rmd’

Error: Vignette re-building failed.
Execution halted