Back to Rapid builds (Linux only) of a subset of BioC 3.23
Report updated every 6 hours

This page was generated on 2025-11-27 04:19 -0500 (Thu, 27 Nov 2025).

HostnameOSArch (*)R versionInstalled pkgs
teran2Linux (Ubuntu 24.04.3 LTS)x86_64R Under development (unstable) (2025-10-28 r88973) -- "Unsuffered Consequences" 918
Click on any hostname to see more info about the system (e.g. compilers)      (*) as reported by 'uname -p', except on Windows and Mac OS X

Package 111/230HostnameOS / ArchINSTALLBUILDCHECK
GOstats 2.77.0  (landing page)
Bioconductor Package Maintainer
Snapshot Date: 2025-11-27 00:00 -0500 (Thu, 27 Nov 2025)
git_url: https://git.bioconductor.org/packages/GOstats
git_branch: devel
git_last_commit: d09aa16
git_last_commit_date: 2025-10-29 09:55:01 -0500 (Wed, 29 Oct 2025)
teran2Linux (Ubuntu 24.04.3 LTS) / x86_64  OK    OK    ERROR  


CHECK results for GOstats on teran2

To the developers/maintainers of the GOstats package:
- Use the following Renviron settings to reproduce errors and warnings.
- If 'R CMD check' started to fail recently on the Linux builder(s) over a missing dependency, add the missing dependency to 'Suggests:' in your DESCRIPTION file. See Renviron.bioc for more information.

raw results


Summary

Package: GOstats
Version: 2.77.0
Command: /home/rapidbuild/bbs-3.23-bioc-rapid/R/bin/R CMD check --install=check:GOstats.install-out.txt --library=/home/rapidbuild/bbs-3.23-bioc-rapid/R/site-library --timings GOstats_2.77.0.tar.gz
StartedAt: 2025-11-27 02:42:04 -0500 (Thu, 27 Nov 2025)
EndedAt: 2025-11-27 02:56:14 -0500 (Thu, 27 Nov 2025)
EllapsedTime: 849.3 seconds
RetCode: 1
Status:   ERROR  
CheckDir: GOstats.Rcheck
Warnings: NA

Command output

##############################################################################
##############################################################################
###
### Running command:
###
###   /home/rapidbuild/bbs-3.23-bioc-rapid/R/bin/R CMD check --install=check:GOstats.install-out.txt --library=/home/rapidbuild/bbs-3.23-bioc-rapid/R/site-library --timings GOstats_2.77.0.tar.gz
###
##############################################################################
##############################################################################


* using log directory ‘/media/volume/teran2_disk/rapidbuild/bbs-3.23-bioc-rapid/meat/GOstats.Rcheck’
* using R Under development (unstable) (2025-10-28 r88973)
* using platform: x86_64-pc-linux-gnu
* R was compiled by
    gcc (Ubuntu 13.3.0-6ubuntu2~24.04) 13.3.0
    GNU Fortran (Ubuntu 13.3.0-6ubuntu2~24.04) 13.3.0
* running under: Ubuntu 24.04.3 LTS
* using session charset: UTF-8
* checking for file ‘GOstats/DESCRIPTION’ ... OK
* this is package ‘GOstats’ version ‘2.77.0’
* checking CRAN incoming feasibility ... NOTE
Maintainer: ‘Bioconductor Package Maintainer <maintainer@bioconductor.org>’

Unknown, possibly misspelled, fields in DESCRIPTION:
  ‘git_url’ ‘git_branch’ ‘git_last_commit’ ‘git_last_commit_date’

Package CITATION file contains call(s) to old-style citEntry().  Please
use bibentry() instead.

The Title field should be in title case. Current version is:
  ‘Tools for manipulating GO and microarrays’
In title case that is:
  ‘Tools for Manipulating GO and Microarrays’
* checking package namespace information ... OK
* checking package dependencies ... OK
* checking if this is a source package ... OK
* checking if there is a namespace ... OK
* checking for hidden files and directories ... OK
* checking for portable file names ... OK
* checking for sufficient/correct file permissions ... OK
* checking whether package ‘GOstats’ can be installed ... OK
* checking installed package size ... OK
* checking package directory ... OK
* checking ‘build’ directory ... OK
* checking DESCRIPTION meta-information ... OK
* checking top-level files ... OK
* checking for left-over files ... OK
* checking index information ... OK
* checking package subdirectories ... OK
* checking code files for non-ASCII characters ... OK
* checking R files for syntax errors ... OK
* checking whether the package can be loaded ... OK
* checking whether the package can be loaded with stated dependencies ... OK
* checking whether the package can be unloaded cleanly ... OK
* checking whether the namespace can be loaded with stated dependencies ... OK
* checking whether the namespace can be unloaded cleanly ... OK
* checking loading without being on the library search path ... OK
* checking whether startup messages can be suppressed ... OK
* checking use of S3 registration ... OK
* checking dependencies in R code ... OK
* checking S3 generic/method consistency ... OK
* checking replacement functions ... OK
* checking foreign function calls ... OK
* checking R code for possible problems ... OK
* checking Rd files ... OK
* checking Rd metadata ... OK
* checking Rd cross-references ... OK
* checking for missing documentation entries ... OK
* checking for code/documentation mismatches ... OK
* checking Rd \usage sections ... OK
* checking Rd contents ... OK
* checking for unstated dependencies in examples ... OK
* checking contents of ‘data’ directory ... OK
* checking data for non-ASCII characters ... OK
* checking data for ASCII and uncompressed saves ... OK
* checking files in ‘vignettes’ ... OK
* checking examples ... OK
* checking for unstated dependencies in ‘tests’ ... OK
* checking tests ...
  Running ‘runTests.R’
 OK
* checking for unstated dependencies in vignettes ... OK
* checking package vignettes ... OK
* checking re-building of vignette outputs ... ERROR
Error(s) in re-building vignettes:
--- re-building ‘GOstatsForUnsupportedOrganisms.Rmd’ using rmarkdown
Warning: call dbDisconnect() when finished working with a connection
[WARNING] Could not parse YAML metadata at line 19 column 1: :2:68: Unexpected '
  '
[WARNING] This document format requires a nonempty <title> element.
  Please specify either 'title' or 'pagetitle' in the metadata,
  e.g. by using --metadata pagetitle="..." on the command line.
  Falling back to 'GOstatsForUnsupportedOrganisms.knit'
--- finished re-building ‘GOstatsForUnsupportedOrganisms.Rmd’

--- re-building ‘GOstatsHyperG.Rmd’ using rmarkdown
--- finished re-building ‘GOstatsHyperG.Rmd’

--- re-building ‘GOvis.Rmd’ using rmarkdown
Warning in doTryCatch(return(expr), name, parentenv, handler) :
  "nodeAttrs" is not a graphical parameter
Warning in doTryCatch(return(expr), name, parentenv, handler) :
  zero-length arrow is of indeterminate angle and so skipped
Warning in doTryCatch(return(expr), name, parentenv, handler) :
  zero-length arrow is of indeterminate angle and so skipped
Warning in doTryCatch(return(expr), name, parentenv, handler) :
  zero-length arrow is of indeterminate angle and so skipped
Warning in doTryCatch(return(expr), name, parentenv, handler) :
  zero-length arrow is of indeterminate angle and so skipped
Warning in doTryCatch(return(expr), name, parentenv, handler) :
  zero-length arrow is of indeterminate angle and so skipped
Warning in doTryCatch(return(expr), name, parentenv, handler) :
  zero-length arrow is of indeterminate angle and so skipped
Warning in doTryCatch(return(expr), name, parentenv, handler) :
  zero-length arrow is of indeterminate angle and so skipped
Warning in doTryCatch(return(expr), name, parentenv, handler) :
  zero-length arrow is of indeterminate angle and so skipped
Warning in doTryCatch(return(expr), name, parentenv, handler) :
  zero-length arrow is of indeterminate angle and so skipped
The magick package is required to crop "/media/volume/teran2_disk/rapidbuild/bbs-3.23-bioc-rapid/meat/GOstats.Rcheck/vign_test/GOstats/vignettes/GOvis_files/figure-html/GOMF-1.png" but not available.
Warning in doTryCatch(return(expr), name, parentenv, handler) :
  "nodeAttrs" is not a graphical parameter
Killed
SUMMARY: processing the following file failed:
  ‘GOvis.Rmd’

Error: Vignette re-building failed.
Execution halted

* checking PDF version of manual ... OK
* DONE

Status: 1 ERROR, 1 NOTE
See
  ‘/media/volume/teran2_disk/rapidbuild/bbs-3.23-bioc-rapid/meat/GOstats.Rcheck/00check.log’
for details.


Installation output

GOstats.Rcheck/00install.out

##############################################################################
##############################################################################
###
### Running command:
###
###   /home/rapidbuild/bbs-3.23-bioc-rapid/R/bin/R CMD INSTALL GOstats
###
##############################################################################
##############################################################################


* installing to library ‘/media/volume/teran2_disk/rapidbuild/bbs-3.23-bioc-rapid/R/site-library’
* installing *source* package ‘GOstats’ ...
** this is package ‘GOstats’ version ‘2.77.0’
** using staged installation
** R
** data
** inst
** byte-compile and prepare package for lazy loading
** help
*** installing help indices
** building package indices
** installing vignettes
** testing if installed package can be loaded from temporary location
** testing if installed package can be loaded from final location
** testing if installed package keeps a record of temporary installation path
* DONE (GOstats)

Tests output

GOstats.Rcheck/tests/runTests.Rout


R Under development (unstable) (2025-10-28 r88973) -- "Unsuffered Consequences"
Copyright (C) 2025 The R Foundation for Statistical Computing
Platform: x86_64-pc-linux-gnu

R is free software and comes with ABSOLUTELY NO WARRANTY.
You are welcome to redistribute it under certain conditions.
Type 'license()' or 'licence()' for distribution details.

R is a collaborative project with many contributors.
Type 'contributors()' for more information and
'citation()' on how to cite R or R packages in publications.

Type 'demo()' for some demos, 'help()' for on-line help, or
'help.start()' for an HTML browser interface to help.
Type 'q()' to quit R.

> require("GOstats") || stop("unable to load GOstats")
Loading required package: GOstats
Loading required package: Biobase
Loading required package: BiocGenerics
Loading required package: generics

Attaching package: 'generics'

The following objects are masked from 'package:base':

    as.difftime, as.factor, as.ordered, intersect, is.element, setdiff,
    setequal, union


Attaching package: 'BiocGenerics'

The following objects are masked from 'package:stats':

    IQR, mad, sd, var, xtabs

The following objects are masked from 'package:base':

    Filter, Find, Map, Position, Reduce, anyDuplicated, aperm, append,
    as.data.frame, basename, cbind, colnames, dirname, do.call,
    duplicated, eval, evalq, get, grep, grepl, is.unsorted, lapply,
    mapply, match, mget, order, paste, pmax, pmax.int, pmin, pmin.int,
    rank, rbind, rownames, sapply, saveRDS, table, tapply, unique,
    unsplit, which.max, which.min

Welcome to Bioconductor

    Vignettes contain introductory material; view with
    'browseVignettes()'. To cite Bioconductor, see
    'citation("Biobase")', and for packages 'citation("pkgname")'.

Loading required package: Category
Loading required package: stats4
Loading required package: AnnotationDbi
Loading required package: IRanges
Loading required package: S4Vectors

Attaching package: 'S4Vectors'

The following object is masked from 'package:utils':

    findMatches

The following objects are masked from 'package:base':

    I, expand.grid, unname

Loading required package: Matrix

Attaching package: 'Matrix'

The following object is masked from 'package:S4Vectors':

    expand

Loading required package: graph


Attaching package: 'GOstats'

The following object is masked from 'package:AnnotationDbi':

    makeGOGraph

[1] TRUE
> BiocGenerics:::testPackage("GOstats", "UnitTests", ".*_test\\.R$")
Loading required package: org.Hs.eg.db




RUNIT TEST PROTOCOL -- Thu Nov 27 02:44:55 2025 
*********************************************** 
Number of test functions: 1 
Number of errors: 0 
Number of failures: 0 

 
1 Test Suite : 
GOstats RUnit Tests - 1 test function, 0 errors, 0 failures
Number of test functions: 1 
Number of errors: 0 
Number of failures: 0 
Warning messages:
1: In makeValidParams(.Object) :
  converting geneIds from list to atomic vector via unlist
2: In makeValidParams(.Object) :
  converting univ from list to atomic vector via unlist
3: In makeValidParams(.Object) : removing duplicate IDs in universeGeneIds
> 
> proc.time()
   user  system elapsed 
 38.708   7.817  46.528 

Example timings

GOstats.Rcheck/GOstats-Ex.timings

nameusersystemelapsed
Ndists0.0240.0030.028
compCorrGraph0.9080.0430.952
compGdist0.0880.0010.090
idx2dimnames0.0130.0010.015
makeGOGraph0.5700.0480.618
notConn0.0140.0020.015
oneGOGraph0.1290.0020.132
probeSetSummary1.7810.1221.904
shortestPath1.6480.0331.682
simLL0.2010.0020.205
triadCensus000