Back to Multiple platform build/check report for BioC 3.22:   simplified   long
ABCDEFGHIJKLMNO[P]QRSTUVWXYZ

This page was generated on 2025-10-15 12:03 -0400 (Wed, 15 Oct 2025).

HostnameOSArch (*)R versionInstalled pkgs
nebbiolo2Linux (Ubuntu 24.04.3 LTS)x86_644.5.1 Patched (2025-08-23 r88802) -- "Great Square Root" 4866
lconwaymacOS 12.7.6 Montereyx86_644.5.1 Patched (2025-09-10 r88807) -- "Great Square Root" 4653
kjohnson3macOS 13.7.7 Venturaarm644.5.1 Patched (2025-09-10 r88807) -- "Great Square Root" 4598
taishanLinux (openEuler 24.03 LTS)aarch644.5.0 (2025-04-11) -- "How About a Twenty-Six" 4610
Click on any hostname to see more info about the system (e.g. compilers)      (*) as reported by 'uname -p', except on Windows and Mac OS X

Package 1653/2346HostnameOS / ArchINSTALLBUILDCHECKBUILD BIN
ptairMS 1.17.0  (landing page)
camille Roquencourt
Snapshot Date: 2025-10-14 13:45 -0400 (Tue, 14 Oct 2025)
git_url: https://git.bioconductor.org/packages/ptairMS
git_branch: devel
git_last_commit: 9164e71
git_last_commit_date: 2025-04-15 12:25:51 -0400 (Tue, 15 Apr 2025)
nebbiolo2Linux (Ubuntu 24.04.3 LTS) / x86_64  OK    OK    WARNINGS  UNNEEDED, same version is already published
lconwaymacOS 12.7.6 Monterey / x86_64  OK    OK    WARNINGS    OK  UNNEEDED, same version is already published
kjohnson3macOS 13.7.7 Ventura / arm64  OK    OK    WARNINGS    OK  UNNEEDED, same version is already published
taishanLinux (openEuler 24.03 LTS) / aarch64  OK    OK    WARNINGS  


CHECK results for ptairMS on nebbiolo2

To the developers/maintainers of the ptairMS package:
- Allow up to 24 hours (and sometimes 48 hours) for your latest push to git@git.bioconductor.org:packages/ptairMS.git to reflect on this report. See Troubleshooting Build Report for more information.
- Use the following Renviron settings to reproduce errors and warnings.
- If 'R CMD check' started to fail recently on the Linux builder(s) over a missing dependency, add the missing dependency to 'Suggests:' in your DESCRIPTION file. See Renviron.bioc for more information.

raw results


Summary

Package: ptairMS
Version: 1.17.0
Command: /home/biocbuild/bbs-3.22-bioc/R/bin/R CMD check --install=check:ptairMS.install-out.txt --library=/home/biocbuild/bbs-3.22-bioc/R/site-library --timings ptairMS_1.17.0.tar.gz
StartedAt: 2025-10-15 03:15:29 -0400 (Wed, 15 Oct 2025)
EndedAt: 2025-10-15 03:26:12 -0400 (Wed, 15 Oct 2025)
EllapsedTime: 643.7 seconds
RetCode: 0
Status:   WARNINGS  
CheckDir: ptairMS.Rcheck
Warnings: 2

Command output

##############################################################################
##############################################################################
###
### Running command:
###
###   /home/biocbuild/bbs-3.22-bioc/R/bin/R CMD check --install=check:ptairMS.install-out.txt --library=/home/biocbuild/bbs-3.22-bioc/R/site-library --timings ptairMS_1.17.0.tar.gz
###
##############################################################################
##############################################################################


* using log directory ‘/home/biocbuild/bbs-3.22-bioc/meat/ptairMS.Rcheck’
* using R version 4.5.1 Patched (2025-08-23 r88802)
* using platform: x86_64-pc-linux-gnu
* R was compiled by
    gcc (Ubuntu 13.3.0-6ubuntu2~24.04) 13.3.0
    GNU Fortran (Ubuntu 13.3.0-6ubuntu2~24.04) 13.3.0
* running under: Ubuntu 24.04.3 LTS
* using session charset: UTF-8
* checking for file ‘ptairMS/DESCRIPTION’ ... OK
* this is package ‘ptairMS’ version ‘1.17.0’
* package encoding: UTF-8
* checking package namespace information ... OK
* checking package dependencies ... INFO
Imports includes 22 non-default packages.
Importing from so many packages makes the package vulnerable to any of
them becoming unavailable.  Move as many as possible to Suggests and
use conditionally.
* checking if this is a source package ... OK
* checking if there is a namespace ... OK
* checking for hidden files and directories ... OK
* checking for portable file names ... OK
* checking for sufficient/correct file permissions ... OK
* checking whether package ‘ptairMS’ can be installed ... WARNING
Found the following significant warnings:
  Warning: replacing previous import ‘Biobase::cache’ by ‘bit64::cache’ when loading ‘ptairMS’
See ‘/home/biocbuild/bbs-3.22-bioc/meat/ptairMS.Rcheck/00install.out’ for details.
* used C++ compiler: ‘g++ (Ubuntu 13.3.0-6ubuntu2~24.04) 13.3.0’
* checking installed package size ... OK
* checking package directory ... OK
* checking ‘build’ directory ... OK
* checking DESCRIPTION meta-information ... OK
* checking top-level files ... OK
* checking for left-over files ... OK
* checking index information ... OK
* checking package subdirectories ... OK
* checking code files for non-ASCII characters ... OK
* checking R files for syntax errors ... OK
* checking whether the package can be loaded ... OK
* checking whether the package can be loaded with stated dependencies ... OK
* checking whether the package can be unloaded cleanly ... OK
* checking whether the namespace can be loaded with stated dependencies ... OK
* checking whether the namespace can be unloaded cleanly ... OK
* checking loading without being on the library search path ... OK
* checking dependencies in R code ... WARNING
'::' or ':::' imports not declared from:
  ‘htmlwidgets’ ‘plyr’
There are ::: calls to the package's namespace in its code. A package
  almost never needs to use ::: for its own objects:
  ‘getCalibrationInfo’ ‘getPeakList’ ‘getPeaksInfo’ ‘getTimeInfo’
  ‘processFileTemporalNominalMass’ ‘tofToMz’
* checking S3 generic/method consistency ... OK
* checking replacement functions ... OK
* checking foreign function calls ... OK
* checking R code for possible problems ... OK
* checking Rd files ... OK
* checking Rd metadata ... OK
* checking Rd cross-references ... NOTE
Non-topic package-anchored link(s) in Rd file 'detectPeak.Rd':
  ‘[ptairMS]{ptrSet}’

See section 'Cross-references' in the 'Writing R Extensions' manual.
* checking for missing documentation entries ... OK
* checking for code/documentation mismatches ... OK
* checking Rd \usage sections ... OK
* checking Rd contents ... OK
* checking for unstated dependencies in examples ... OK
* checking line endings in C/C++/Fortran sources/headers ... OK
* checking compiled code ... NOTE
Note: information on .o files is not available
* checking files in ‘vignettes’ ... OK
* checking examples ... OK
Examples with CPU (user + system) or elapsed time > 5s
                       user system elapsed
detectPeak           81.822  0.349  82.173
writeEset            18.746  0.138  19.237
imputeMat            16.266  0.113  16.379
alignSamples         14.735  0.317  15.073
impute               13.861  0.104  13.966
getPeakList          13.542  0.074  13.617
annotation           12.734  0.184  12.918
plotTIC              12.313  0.058  12.370
plotRaw              12.177  0.052  12.229
convert_to_mzML      11.574  0.479  12.052
plot                 11.741  0.092  11.834
rmPeakList           10.975  0.037  11.011
defineKnots          10.596  0.124  10.719
plotFeatures         10.585  0.046  10.631
setSampleMetadata    10.304  0.070  10.375
updatePtrSet         10.245  0.058  10.406
resetSampleMetadata  10.229  0.021  10.250
plotCalib             9.662  0.086   9.747
getDirectory          9.037  0.028   9.065
getSampleMetadata     8.890  0.067   8.956
importSampleMetadata  8.806  0.083   8.888
exportSampleMetada    8.792  0.065   8.857
createPtrSet          8.306  0.127   8.448
changeTimeLimits      8.314  0.032   8.346
getFileNames          8.132  0.031   8.163
* checking for unstated dependencies in ‘tests’ ... OK
* checking tests ...
  Running ‘testthat.R’
 OK
* checking for unstated dependencies in vignettes ... OK
* checking package vignettes ... OK
* checking re-building of vignette outputs ... OK
* checking PDF version of manual ... OK
* DONE

Status: 2 WARNINGs, 2 NOTEs
See
  ‘/home/biocbuild/bbs-3.22-bioc/meat/ptairMS.Rcheck/00check.log’
for details.


Installation output

ptairMS.Rcheck/00install.out

##############################################################################
##############################################################################
###
### Running command:
###
###   /home/biocbuild/bbs-3.22-bioc/R/bin/R CMD INSTALL ptairMS
###
##############################################################################
##############################################################################


* installing to library ‘/home/biocbuild/bbs-3.22-bioc/R/site-library’
* installing *source* package ‘ptairMS’ ...
** this is package ‘ptairMS’ version ‘1.17.0’
** using staged installation
** libs
using C++ compiler: ‘g++ (Ubuntu 13.3.0-6ubuntu2~24.04) 13.3.0’
g++ -std=gnu++17 -I"/home/biocbuild/bbs-3.22-bioc/R/include" -DNDEBUG  -I'/home/biocbuild/bbs-3.22-bioc/R/site-library/Rcpp/include' -I/usr/local/include    -fpic  -g -O2  -Wall -Werror=format-security  -c RcppExports.cpp -o RcppExports.o
g++ -std=gnu++17 -I"/home/biocbuild/bbs-3.22-bioc/R/include" -DNDEBUG  -I'/home/biocbuild/bbs-3.22-bioc/R/site-library/Rcpp/include' -I/usr/local/include    -fpic  -g -O2  -Wall -Werror=format-security  -c align.cpp -o align.o
g++ -std=gnu++17 -I"/home/biocbuild/bbs-3.22-bioc/R/include" -DNDEBUG  -I'/home/biocbuild/bbs-3.22-bioc/R/site-library/Rcpp/include' -I/usr/local/include    -fpic  -g -O2  -Wall -Werror=format-security  -c findEqualGreaterM.cpp -o findEqualGreaterM.o
g++ -std=gnu++17 -shared -L/home/biocbuild/bbs-3.22-bioc/R/lib -L/usr/local/lib -o ptairMS.so RcppExports.o align.o findEqualGreaterM.o -L/home/biocbuild/bbs-3.22-bioc/R/lib -lR
installing to /home/biocbuild/bbs-3.22-bioc/R/site-library/00LOCK-ptairMS/00new/ptairMS/libs
** R
** inst
** byte-compile and prepare package for lazy loading
Warning: replacing previous import ‘Biobase::cache’ by ‘bit64::cache’ when loading ‘ptairMS’
** help
*** installing help indices
** building package indices
** installing vignettes
** testing if installed package can be loaded from temporary location
Warning: replacing previous import ‘Biobase::cache’ by ‘bit64::cache’ when loading ‘ptairMS’
** checking absolute paths in shared objects and dynamic libraries
** testing if installed package can be loaded from final location
Warning: replacing previous import ‘Biobase::cache’ by ‘bit64::cache’ when loading ‘ptairMS’
** testing if installed package keeps a record of temporary installation path
* DONE (ptairMS)

Tests output

ptairMS.Rcheck/tests/testthat.Rout


R version 4.5.1 Patched (2025-08-23 r88802) -- "Great Square Root"
Copyright (C) 2025 The R Foundation for Statistical Computing
Platform: x86_64-pc-linux-gnu

R is free software and comes with ABSOLUTELY NO WARRANTY.
You are welcome to redistribute it under certain conditions.
Type 'license()' or 'licence()' for distribution details.

R is a collaborative project with many contributors.
Type 'contributors()' for more information and
'citation()' on how to cite R or R packages in publications.

Type 'demo()' for some demos, 'help()' for on-line help, or
'help.start()' for an HTML browser interface to help.
Type 'q()' to quit R.

> library(testthat)
> library(ptairMS)
Warning message:
replacing previous import 'Biobase::cache' by 'bit64::cache' when loading 'ptairMS' 
> 
> test_check("ptairMS")
Control1.h5 : 3 peaks detected 
Control2.h5 : 3 peaks detected 
Specie-a1.h5 : 2 peaks detected 
Specie-a2.h5 : 3 peaks detected 
specie-b1.h5 : 4 peaks detected 
specie-b2.h5 : 3 peaks detected 
Control1.h5 : 2 peaks detected 
Control2.h5 : 2 peaks detected 
Specie-a1.h5 : 3 peaks detected 
Specie-a2.h5 : 3 peaks detected 
specie-b1.h5 : 2 peaks detected 
specie-b2.h5 : 3 peaks detected 
Control1.h5 : 4 peaks detected 
Control2.h5 : 5 peaks detected 
Specie-a1.h5 : 3 peaks detected 
Specie-a2.h5 : 4 peaks detected 
specie-b1.h5 : 5 peaks detected 
specie-b2.h5 : 4 peaks detected 
Control1.h5 : 3 peaks detected 
Control2.h5 : 2 peaks detected 
Specie-a1.h5 : 3 peaks detected 
Specie-a2.h5 : 3 peaks detected 
specie-b1.h5 : 4 peaks detected 
specie-b2.h5 : 4 peaks detected 
[ FAIL 0 | WARN 0 | SKIP 0 | PASS 59 ]
> 
> proc.time()
   user  system elapsed 
 74.522   1.631  76.307 

Example timings

ptairMS.Rcheck/ptairMS-Ex.timings

nameusersystemelapsed
LocalMaximaSG0.0200.0030.021
PeakList0.8620.0920.959
RunShinnyApp000
alignSamples14.735 0.31715.073
annotation12.734 0.18412.918
calibration0.6680.0130.681
changeTimeLimits8.3140.0328.346
convert_to_mzML11.574 0.47912.052
createPtrSet8.3060.1278.448
defineKnots10.596 0.12410.719
detectPeak81.822 0.34982.173
exportSampleMetada8.7920.0658.857
formula2mass0.0020.0000.003
getDirectory9.0370.0289.065
getFileNames8.1320.0318.163
getPeakList13.542 0.07413.617
getSampleMetadata8.8900.0678.956
importSampleMetadata8.8060.0838.888
impute13.861 0.10413.966
imputeMat16.266 0.11316.379
plot11.741 0.09211.834
plotCalib9.6620.0869.747
plotFeatures10.585 0.04610.631
plotRaw12.177 0.05212.229
plotTIC12.313 0.05812.370
readRaw0.1210.0000.122
resetSampleMetadata10.229 0.02110.250
rmPeakList10.975 0.03711.011
setSampleMetadata10.304 0.07010.375
timeLimits1.0180.0151.033
updatePtrSet10.245 0.05810.406
writeEset18.746 0.13819.237