Back to Multiple platform build/check report for BioC 3.23:   simplified   long
ABCDEFGHIJKLMNO[P]QRSTUVWXYZ

This page was generated on 2025-11-21 11:39 -0500 (Fri, 21 Nov 2025).

HostnameOSArch (*)R versionInstalled pkgs
nebbiolo1Linux (Ubuntu 24.04.3 LTS)x86_64R Under development (unstable) (2025-10-20 r88955) -- "Unsuffered Consequences" 4829
lconwaymacOS 12.7.6 Montereyx86_64R Under development (unstable) (2025-10-21 r88958) -- "Unsuffered Consequences" 4602
kjohnson3macOS 13.7.7 Venturaarm64R Under development (unstable) (2025-11-04 r88984) -- "Unsuffered Consequences" 4566
Click on any hostname to see more info about the system (e.g. compilers)      (*) as reported by 'uname -p', except on Windows and Mac OS X

Package 1644/2327HostnameOS / ArchINSTALLBUILDCHECKBUILD BIN
ptairMS 1.19.0  (landing page)
camille Roquencourt
Snapshot Date: 2025-11-20 13:40 -0500 (Thu, 20 Nov 2025)
git_url: https://git.bioconductor.org/packages/ptairMS
git_branch: devel
git_last_commit: 230089f
git_last_commit_date: 2025-10-29 11:07:57 -0500 (Wed, 29 Oct 2025)
nebbiolo1Linux (Ubuntu 24.04.3 LTS) / x86_64  OK    OK    WARNINGS  UNNEEDED, same version is already published
lconwaymacOS 12.7.6 Monterey / x86_64  OK    OK    WARNINGS    OK  NO, package depends on 'MSnbase' which is only available as a source package that needs compilation
kjohnson3macOS 13.7.7 Ventura / arm64  OK    OK    WARNINGS    OK  NO, package depends on 'MSnbase' which is only available as a source package that needs compilation


CHECK results for ptairMS on lconway

To the developers/maintainers of the ptairMS package:
- Allow up to 24 hours (and sometimes 48 hours) for your latest push to git@git.bioconductor.org:packages/ptairMS.git to reflect on this report. See Troubleshooting Build Report for more information.
- Use the following Renviron settings to reproduce errors and warnings.
- If 'R CMD check' started to fail recently on the Linux builder(s) over a missing dependency, add the missing dependency to 'Suggests:' in your DESCRIPTION file. See Renviron.bioc for more information.

raw results


Summary

Package: ptairMS
Version: 1.19.0
Command: /Library/Frameworks/R.framework/Resources/bin/R CMD check --install=check:ptairMS.install-out.txt --library=/Library/Frameworks/R.framework/Resources/library --no-vignettes --timings ptairMS_1.19.0.tar.gz
StartedAt: 2025-11-20 23:22:58 -0500 (Thu, 20 Nov 2025)
EndedAt: 2025-11-20 23:32:33 -0500 (Thu, 20 Nov 2025)
EllapsedTime: 575.1 seconds
RetCode: 0
Status:   WARNINGS  
CheckDir: ptairMS.Rcheck
Warnings: 2

Command output

##############################################################################
##############################################################################
###
### Running command:
###
###   /Library/Frameworks/R.framework/Resources/bin/R CMD check --install=check:ptairMS.install-out.txt --library=/Library/Frameworks/R.framework/Resources/library --no-vignettes --timings ptairMS_1.19.0.tar.gz
###
##############################################################################
##############################################################################


* using log directory ‘/Users/biocbuild/bbs-3.23-bioc/meat/ptairMS.Rcheck’
* using R Under development (unstable) (2025-10-21 r88958)
* using platform: x86_64-apple-darwin20
* R was compiled by
    Apple clang version 14.0.0 (clang-1400.0.29.202)
    GNU Fortran (GCC) 14.2.0
* running under: macOS Ventura 13.7.8
* using session charset: UTF-8
* using option ‘--no-vignettes’
* checking for file ‘ptairMS/DESCRIPTION’ ... OK
* this is package ‘ptairMS’ version ‘1.19.0’
* package encoding: UTF-8
* checking package namespace information ... OK
* checking package dependencies ... INFO
Imports includes 22 non-default packages.
Importing from so many packages makes the package vulnerable to any of
them becoming unavailable.  Move as many as possible to Suggests and
use conditionally.
* checking if this is a source package ... OK
* checking if there is a namespace ... OK
* checking for hidden files and directories ... OK
* checking for portable file names ... OK
* checking for sufficient/correct file permissions ... OK
* checking whether package ‘ptairMS’ can be installed ... WARNING
Found the following significant warnings:
  Warning: replacing previous import ‘Biobase::cache’ by ‘bit64::cache’ when loading ‘ptairMS’
See ‘/Users/biocbuild/bbs-3.23-bioc/meat/ptairMS.Rcheck/00install.out’ for details.
* used C++ compiler: ‘Apple clang version 14.0.3 (clang-1403.0.22.14.1)’
* used SDK: ‘MacOSX11.3.1.sdk’
* checking installed package size ... OK
* checking package directory ... OK
* checking ‘build’ directory ... OK
* checking DESCRIPTION meta-information ... OK
* checking top-level files ... OK
* checking for left-over files ... OK
* checking index information ... OK
* checking package subdirectories ... OK
* checking code files for non-ASCII characters ... OK
* checking R files for syntax errors ... OK
* checking whether the package can be loaded ... OK
* checking whether the package can be loaded with stated dependencies ... OK
* checking whether the package can be unloaded cleanly ... OK
* checking whether the namespace can be loaded with stated dependencies ... OK
* checking whether the namespace can be unloaded cleanly ... OK
* checking dependencies in R code ... WARNING
'::' or ':::' imports not declared from:
  ‘htmlwidgets’ ‘plyr’
There are ::: calls to the package's namespace in its code. A package
  almost never needs to use ::: for its own objects:
  ‘getCalibrationInfo’ ‘getPeakList’ ‘getPeaksInfo’ ‘getTimeInfo’
  ‘processFileTemporalNominalMass’ ‘tofToMz’
* checking S3 generic/method consistency ... OK
* checking replacement functions ... OK
* checking foreign function calls ... OK
* checking R code for possible problems ... OK
* checking Rd files ... OK
* checking Rd metadata ... OK
* checking Rd cross-references ... NOTE
Non-topic package-anchored link(s) in Rd file 'detectPeak.Rd':
  ‘[ptairMS]{ptrSet}’

See section 'Cross-references' in the 'Writing R Extensions' manual.
* checking for missing documentation entries ... OK
* checking for code/documentation mismatches ... OK
* checking Rd \usage sections ... OK
* checking Rd contents ... OK
* checking for unstated dependencies in examples ... OK
* checking line endings in C/C++/Fortran sources/headers ... OK
* checking compiled code ... INFO
Note: information on .o files is not available
* checking files in ‘vignettes’ ... OK
* checking examples ... OK
Examples with CPU (user + system) or elapsed time > 5s
                       user system elapsed
detectPeak           89.694  2.702  93.072
writeEset            17.448  0.688  18.274
imputeMat            16.859  0.708  17.673
impute               15.837  0.621  16.578
alignSamples         15.335  0.859  16.329
getPeakList          15.268  0.638  16.039
plotTIC              13.685  0.490  14.277
annotation           13.508  0.596  14.187
plot                 13.080  0.498  13.685
convert_to_mzML      12.607  0.710  13.405
rmPeakList           12.136  0.404  12.652
defineKnots          12.055  0.393  12.543
updatePtrSet         11.995  0.377  12.453
resetSampleMetadata  11.919  0.389  12.399
plotRaw              11.205  0.507  11.800
plotFeatures         10.894  0.446  11.405
exportSampleMetada   10.892  0.394  11.360
plotCalib            10.700  0.454  11.235
setSampleMetadata     9.929  0.407  10.414
importSampleMetadata  9.570  0.366  10.017
createPtrSet          9.147  0.507   9.727
changeTimeLimits      8.852  0.306   9.230
getFileNames          8.761  0.346   9.186
getDirectory          8.689  0.367   9.131
getSampleMetadata     8.544  0.345   8.950
* checking for unstated dependencies in ‘tests’ ... OK
* checking tests ...
  Running ‘testthat.R’
 OK
* checking for unstated dependencies in vignettes ... OK
* checking package vignettes ... OK
* checking running R code from vignettes ... SKIPPED
* checking re-building of vignette outputs ... SKIPPED
* checking PDF version of manual ... OK
* DONE

Status: 2 WARNINGs, 1 NOTE
See
  ‘/Users/biocbuild/bbs-3.23-bioc/meat/ptairMS.Rcheck/00check.log’
for details.


Installation output

ptairMS.Rcheck/00install.out

##############################################################################
##############################################################################
###
### Running command:
###
###   /Library/Frameworks/R.framework/Resources/bin/R CMD INSTALL ptairMS
###
##############################################################################
##############################################################################


* installing to library ‘/Library/Frameworks/R.framework/Versions/4.6-x86_64/Resources/library’
* installing *source* package ‘ptairMS’ ...
** this is package ‘ptairMS’ version ‘1.19.0’
** using staged installation
** libs
using C++ compiler: ‘Apple clang version 14.0.3 (clang-1403.0.22.14.1)’
using SDK: ‘MacOSX11.3.1.sdk’
clang++ -arch x86_64 -std=gnu++17 -I"/Library/Frameworks/R.framework/Resources/include" -DNDEBUG  -I'/Library/Frameworks/R.framework/Versions/4.6-x86_64/Resources/library/Rcpp/include' -I/opt/R/x86_64/include    -fPIC  -falign-functions=64 -Wall -g -O2   -c RcppExports.cpp -o RcppExports.o
clang++ -arch x86_64 -std=gnu++17 -I"/Library/Frameworks/R.framework/Resources/include" -DNDEBUG  -I'/Library/Frameworks/R.framework/Versions/4.6-x86_64/Resources/library/Rcpp/include' -I/opt/R/x86_64/include    -fPIC  -falign-functions=64 -Wall -g -O2   -c align.cpp -o align.o
clang++ -arch x86_64 -std=gnu++17 -I"/Library/Frameworks/R.framework/Resources/include" -DNDEBUG  -I'/Library/Frameworks/R.framework/Versions/4.6-x86_64/Resources/library/Rcpp/include' -I/opt/R/x86_64/include    -fPIC  -falign-functions=64 -Wall -g -O2   -c findEqualGreaterM.cpp -o findEqualGreaterM.o
clang++ -arch x86_64 -std=gnu++17 -dynamiclib -Wl,-headerpad_max_install_names -undefined dynamic_lookup -L/Library/Frameworks/R.framework/Resources/lib -L/opt/R/x86_64/lib -o ptairMS.so RcppExports.o align.o findEqualGreaterM.o -F/Library/Frameworks/R.framework/.. -framework R
installing to /Library/Frameworks/R.framework/Versions/4.6-x86_64/Resources/library/00LOCK-ptairMS/00new/ptairMS/libs
** R
** inst
** byte-compile and prepare package for lazy loading
Warning: replacing previous import ‘Biobase::cache’ by ‘bit64::cache’ when loading ‘ptairMS’
** help
*** installing help indices
** building package indices
** installing vignettes
** testing if installed package can be loaded from temporary location
Warning: replacing previous import ‘Biobase::cache’ by ‘bit64::cache’ when loading ‘ptairMS’
** checking absolute paths in shared objects and dynamic libraries
** testing if installed package can be loaded from final location
Warning: replacing previous import ‘Biobase::cache’ by ‘bit64::cache’ when loading ‘ptairMS’
** testing if installed package keeps a record of temporary installation path
* DONE (ptairMS)

Tests output

ptairMS.Rcheck/tests/testthat.Rout


R Under development (unstable) (2025-10-21 r88958) -- "Unsuffered Consequences"
Copyright (C) 2025 The R Foundation for Statistical Computing
Platform: x86_64-apple-darwin20

R is free software and comes with ABSOLUTELY NO WARRANTY.
You are welcome to redistribute it under certain conditions.
Type 'license()' or 'licence()' for distribution details.

R is a collaborative project with many contributors.
Type 'contributors()' for more information and
'citation()' on how to cite R or R packages in publications.

Type 'demo()' for some demos, 'help()' for on-line help, or
'help.start()' for an HTML browser interface to help.
Type 'q()' to quit R.

> library(testthat)
> library(ptairMS)
Warning message:
replacing previous import 'Biobase::cache' by 'bit64::cache' when loading 'ptairMS' 
> 
> test_check("ptairMS")
Control1.h5 : 3 peaks detected 
Control2.h5 : 4 peaks detected 
Specie-a1.h5 : 2 peaks detected 
Specie-a2.h5 : 3 peaks detected 
specie-b1.h5 : 4 peaks detected 
specie-b2.h5 : 3 peaks detected 
Control1.h5 : 2 peaks detected 
Control2.h5 : 2 peaks detected 
Specie-a1.h5 : 3 peaks detected 
Specie-a2.h5 : 3 peaks detected 
specie-b1.h5 : 2 peaks detected 
specie-b2.h5 : 3 peaks detected 
Control1.h5 : 4 peaks detected 
Control2.h5 : 6 peaks detected 
Specie-a1.h5 : 3 peaks detected 
Specie-a2.h5 : 4 peaks detected 
specie-b1.h5 : 5 peaks detected 
specie-b2.h5 : 4 peaks detected 
Control1.h5 : 3 peaks detected 
Control2.h5 : 2 peaks detected 
Specie-a1.h5 : 3 peaks detected 
Specie-a2.h5 : 3 peaks detected 
specie-b1.h5 : 4 peaks detected 
specie-b2.h5 : 4 peaks detected 
[ FAIL 0 | WARN 0 | SKIP 0 | PASS 59 ]
> 
> proc.time()
   user  system elapsed 
 84.284   4.376  89.626 

Example timings

ptairMS.Rcheck/ptairMS-Ex.timings

nameusersystemelapsed
LocalMaximaSG0.0280.0060.034
PeakList0.8890.1101.012
RunShinnyApp000
alignSamples15.335 0.85916.329
annotation13.508 0.59614.187
calibration0.7540.0470.808
changeTimeLimits8.8520.3069.230
convert_to_mzML12.607 0.71013.405
createPtrSet9.1470.5079.727
defineKnots12.055 0.39312.543
detectPeak89.694 2.70293.072
exportSampleMetada10.892 0.39411.360
formula2mass0.0030.0010.004
getDirectory8.6890.3679.131
getFileNames8.7610.3469.186
getPeakList15.268 0.63816.039
getSampleMetadata8.5440.3458.950
importSampleMetadata 9.570 0.36610.017
impute15.837 0.62116.578
imputeMat16.859 0.70817.673
plot13.080 0.49813.685
plotCalib10.700 0.45411.235
plotFeatures10.894 0.44611.405
plotRaw11.205 0.50711.800
plotTIC13.685 0.49014.277
readRaw0.1290.0150.145
resetSampleMetadata11.919 0.38912.399
rmPeakList12.136 0.40412.652
setSampleMetadata 9.929 0.40710.414
timeLimits1.1160.0481.177
updatePtrSet11.995 0.37712.453
writeEset17.448 0.68818.274