| Back to Multiple platform build/check report for BioC 3.22: simplified long |
|
This page was generated on 2025-10-25 12:04 -0400 (Sat, 25 Oct 2025).
| Hostname | OS | Arch (*) | R version | Installed pkgs |
|---|---|---|---|---|
| nebbiolo2 | Linux (Ubuntu 24.04.3 LTS) | x86_64 | 4.5.1 Patched (2025-08-23 r88802) -- "Great Square Root" | 4901 |
| lconway | macOS 12.7.6 Monterey | x86_64 | 4.5.1 Patched (2025-09-10 r88807) -- "Great Square Root" | 4691 |
| kjohnson3 | macOS 13.7.7 Ventura | arm64 | 4.5.1 Patched (2025-09-10 r88807) -- "Great Square Root" | 4637 |
| taishan | Linux (openEuler 24.03 LTS) | aarch64 | 4.5.0 (2025-04-11) -- "How About a Twenty-Six" | 4658 |
| Click on any hostname to see more info about the system (e.g. compilers) (*) as reported by 'uname -p', except on Windows and Mac OS X | ||||
| Package 873/2361 | Hostname | OS / Arch | INSTALL | BUILD | CHECK | BUILD BIN | ||||||||
| ggbio 1.57.1 (landing page) Michael Lawrence
| nebbiolo2 | Linux (Ubuntu 24.04.3 LTS) / x86_64 | OK | OK | WARNINGS | |||||||||
| lconway | macOS 12.7.6 Monterey / x86_64 | OK | OK | WARNINGS | OK | |||||||||
| kjohnson3 | macOS 13.7.7 Ventura / arm64 | OK | OK | WARNINGS | OK | |||||||||
| taishan | Linux (openEuler 24.03 LTS) / aarch64 | OK | NA | NA | ||||||||||
|
To the developers/maintainers of the ggbio package: - Allow up to 24 hours (and sometimes 48 hours) for your latest push to git@git.bioconductor.org:packages/ggbio.git to reflect on this report. See Troubleshooting Build Report for more information. - Use the following Renviron settings to reproduce errors and warnings. - If 'R CMD check' started to fail recently on the Linux builder(s) over a missing dependency, add the missing dependency to 'Suggests:' in your DESCRIPTION file. See Renviron.bioc for more information. |
| Package: ggbio |
| Version: 1.57.1 |
| Command: /Library/Frameworks/R.framework/Resources/bin/R CMD check --install=check:ggbio.install-out.txt --library=/Library/Frameworks/R.framework/Resources/library --no-vignettes --timings ggbio_1.57.1.tar.gz |
| StartedAt: 2025-10-24 21:32:43 -0400 (Fri, 24 Oct 2025) |
| EndedAt: 2025-10-24 21:46:42 -0400 (Fri, 24 Oct 2025) |
| EllapsedTime: 839.3 seconds |
| RetCode: 0 |
| Status: WARNINGS |
| CheckDir: ggbio.Rcheck |
| Warnings: 2 |
##############################################################################
##############################################################################
###
### Running command:
###
### /Library/Frameworks/R.framework/Resources/bin/R CMD check --install=check:ggbio.install-out.txt --library=/Library/Frameworks/R.framework/Resources/library --no-vignettes --timings ggbio_1.57.1.tar.gz
###
##############################################################################
##############################################################################
* using log directory ‘/Users/biocbuild/bbs-3.22-bioc/meat/ggbio.Rcheck’
* using R version 4.5.1 Patched (2025-09-10 r88807)
* using platform: x86_64-apple-darwin20
* R was compiled by
Apple clang version 14.0.0 (clang-1400.0.29.202)
GNU Fortran (GCC) 14.2.0
* running under: macOS Monterey 12.7.6
* using session charset: UTF-8
* using option ‘--no-vignettes’
* checking for file ‘ggbio/DESCRIPTION’ ... OK
* this is package ‘ggbio’ version ‘1.57.1’
* checking package namespace information ... OK
* checking package dependencies ... INFO
Imports includes 25 non-default packages.
Importing from so many packages makes the package vulnerable to any of
them becoming unavailable. Move as many as possible to Suggests and
use conditionally.
* checking if this is a source package ... OK
* checking if there is a namespace ... OK
* checking for hidden files and directories ... OK
* checking for portable file names ... OK
* checking for sufficient/correct file permissions ... OK
* checking whether package ‘ggbio’ can be installed ... OK
* checking installed package size ... OK
* checking package directory ... OK
* checking ‘build’ directory ... OK
* checking DESCRIPTION meta-information ... OK
* checking top-level files ... OK
* checking for left-over files ... OK
* checking index information ... OK
* checking package subdirectories ... OK
* checking code files for non-ASCII characters ... OK
* checking R files for syntax errors ... OK
* checking whether the package can be loaded ... OK
* checking whether the package can be loaded with stated dependencies ... OK
* checking whether the package can be unloaded cleanly ... OK
* checking whether the namespace can be loaded with stated dependencies ... OK
* checking whether the namespace can be unloaded cleanly ... OK
* checking whether startup messages can be suppressed ... OK
* checking dependencies in R code ... NOTE
':::' call which should be '::': 'ggplot2:::set_last_plot'
See the note in ?`:::` about the use of this operator.
Unexported objects imported by ':::' calls:
'S4Vectors:::top_prenv' 'ggplot2:::add_ggplot'
See the note in ?`:::` about the use of this operator.
* checking S3 generic/method consistency ... OK
* checking replacement functions ... OK
* checking foreign function calls ... OK
* checking R code for possible problems ... NOTE
.combineNames: no visible binding for global variable
'.layout_circle.stats'
Ideogram: no visible global function definition for 'data'
Ideogram: no visible binding for global variable 'ideoCyto'
getNR: no visible global function definition for 'se'
getNR: no visible global function definition for 'indexProbesProcessed'
getNR: no visible global function definition for 'coefs'
scale_x_sequnit: no visible binding for global variable '.x'
autoplot,ExpressionSet: no visible binding for global variable
'variable'
autoplot,RangedSummarizedExperiment: no visible binding for global
variable 'variable'
autoplot,VCF: no visible binding for global variable 'stepping'
autoplot,VCF: no visible binding for global variable 'value'
autoplot,VRanges: no visible binding for global variable 'midpoint'
autoplot,Views: no visible binding for global variable 'x'
autoplot,Views: no visible binding for global variable 'value'
geom_alignment,BamFile: no visible binding for global variable 'fl'
geom_alignment,BamFile: no visible binding for global variable
'stepping'
height,GGbio: no visible binding for global variable 'mt'
height,Tracked: no visible binding for global variable 'mt'
height,gg: no visible binding for global variable 'mt'
layout_karyogram,GRanges: no visible binding for global variable
'gieStain'
layout_karyogram,GRanges: no visible binding for global variable 'x'
layout_karyogram,GRanges: no visible binding for global variable 'xend'
layout_karyogram,GRanges: no visible binding for global variable 'y2'
layout_karyogram,GRanges: no visible binding for global variable
'yend2'
layout_karyogram,GRanges: no visible binding for global variable 'name'
plotFragLength,character-GRanges: no visible binding for global
variable '.fragLength'
plotSpliceSum,character-EnsDb: possible error in GRangesFilter(which,
condition = "overlapping"): unused argument (condition =
"overlapping")
stat_mismatch,GRanges: no visible binding for global variable 'sts'
stat_mismatch,GRanges: no visible binding for global variable 'eds'
stat_mismatch,GRanges: no visible binding for global variable 'read'
Undefined global functions or variables:
.fragLength .layout_circle.stats .x coefs data eds fl gieStain
ideoCyto indexProbesProcessed midpoint mt name read se stepping sts
value variable x xend y2 yend2
Consider adding
importFrom("utils", "data")
to your NAMESPACE file.
* checking Rd files ... NOTE
checkRd: (-1) autoplot-method.Rd:353-355: Lost braces in \itemize; meant \describe ?
checkRd: (-1) autoplot-method.Rd:357-360: Lost braces in \itemize; meant \describe ?
checkRd: (-1) autoplot-method.Rd:442-448: Lost braces in \itemize; meant \describe ?
checkRd: (-1) autoplot-method.Rd:445: Escaped LaTeX specials: \~
checkRd: (-1) autoplot-method.Rd:449-455: Lost braces in \itemize; meant \describe ?
checkRd: (-1) geom_arch-method.Rd:28: Lost braces in \itemize; meant \describe ?
checkRd: (-1) geom_arch-method.Rd:29: Lost braces in \itemize; meant \describe ?
checkRd: (-1) geom_arch-method.Rd:30: Lost braces in \itemize; meant \describe ?
checkRd: (-1) ggplot-method.Rd:91: Lost braces in \itemize; meant \describe ?
checkRd: (-1) ggplot-method.Rd:92: Lost braces in \itemize; meant \describe ?
checkRd: (-1) ggplot-method.Rd:93: Lost braces in \itemize; meant \describe ?
checkRd: (-1) tracks.Rd:295-302: Lost braces in \itemize; meant \describe ?
checkRd: (-1) tracks.Rd:303-306: Lost braces in \itemize; meant \describe ?
checkRd: (-1) tracks.Rd:307-309: Lost braces in \itemize; meant \describe ?
* checking Rd metadata ... OK
* checking Rd cross-references ... NOTE
Found the following Rd file(s) with Rd \link{} targets missing package
anchors:
autoplot-method.Rd: GRanges, ScanBamParam
geom_alignment-method.Rd: GRanges-class, TxDb-class
ggbio-class.Rd: ggplot
ggplot-method.Rd: mold
plotSingleChrom.Rd: getIdeogram
plotSpliceSum.Rd: qplot
stat_aggregate-method.Rd: Hits, IntegerList
tracks.Rd: IRanges-class, GRanges-class
Please provide package anchors for all Rd \link{} targets not in the
package itself and the base packages.
* checking for missing documentation entries ... WARNING
Undocumented S4 methods:
generic '+' and siglist 'Tracks,ANY'
generic '+' and siglist 'Tracks,Tracks'
generic '+' and siglist 'Tracks,cartesian'
generic '+' and siglist 'Tracks,position_c'
generic '+' and siglist 'Tracks,theme'
generic '+' and siglist 'Tracks,zoom'
All user-level objects in a package (including S4 classes and methods)
should have documentation entries.
See chapter ‘Writing R documentation files’ in the ‘Writing R
Extensions’ manual.
* checking for code/documentation mismatches ... WARNING
Codoc mismatches from Rd file 'geom_alignment-method.Rd':
\S4method{geom_alignment}{GRanges}
Code: function(data, ..., xlab, ylab, main, facets = NULL, stat =
c("stepping", "identity"), range.geom = c("rect",
"arrowrect"), gap.geom = c("chevron", "arrow",
"segment"), rect.height = NULL, group.selfish = TRUE)
Docs: function(data, ..., xlab, ylab, main, facets = NULL, stat =
c("stepping", "identity"), range.geom = c("rect",
"arrowrect"), gap.geom = c("chevron", "arrow",
"segment"), rect.height = NULL, group.selfish = TRUE,
label = TRUE)
Argument names in docs not in code:
label
Codoc mismatches from Rd file 'ggsave.Rd':
ggsave
Code: function(filename, plot = last_plot(), device = NULL, path =
NULL, scale = 1, width = NA, height = NA, units =
c("in", "cm", "mm"), dpi = 300, limitsize = TRUE, ...)
Docs: function(filename, plot = last_plot(), device =
default_device(filename), path = NULL, scale = 1,
width = par("din")[1], height = par("din")[2], units =
c("in", "cm", "mm"), dpi = 300, limitsize = TRUE, ...)
Mismatches in argument default values:
Name: 'device' Code: NULL Docs: default_device(filename)
Name: 'width' Code: NA Docs: par("din")[1]
Name: 'height' Code: NA Docs: par("din")[2]
* checking Rd \usage sections ... OK
* checking Rd contents ... NOTE
Argument items with no description in Rd file 'autoplot-method.Rd':
‘rotate’
* checking for unstated dependencies in examples ... OK
* checking line endings in Makefiles ... OK
* checking for GNU extensions in Makefiles ... OK
* checking include directives in Makefiles ... OK
* checking sizes of PDF files under ‘inst/doc’ ... OK
* checking files in ‘vignettes’ ... OK
* checking examples ... OK
Examples with CPU (user + system) or elapsed time > 5s
user system elapsed
autoplot-method 129.934 2.960 134.065
geom_alignment-method 71.379 1.693 73.589
tracks 34.984 0.328 36.941
plotRangesLinkedToData 24.639 0.427 29.224
layout_karyogram-method 21.365 0.180 21.659
stat_reduce-method 18.627 0.585 23.848
stat_aggregate-method 11.319 0.125 13.089
ggplot-method 10.218 0.143 11.900
geom_arrow-method 7.221 0.074 8.739
plotGrandLinear 6.932 0.138 7.140
geom_chevron-method 6.941 0.089 8.458
layout_circle-method 6.540 0.063 6.646
stat_bin-method 5.749 0.077 7.420
geom_arrowrect-method 5.014 0.043 6.409
geom_rect-method 4.717 0.052 5.486
geom_segment-method 4.403 0.039 5.238
scale_fill_giemsa 4.153 0.051 5.598
stat_coverage-method 3.530 0.066 5.171
* checking for unstated dependencies in ‘tests’ ... OK
* checking tests ...
Running ‘test-all.R’
OK
* checking for unstated dependencies in vignettes ... OK
* checking package vignettes ... OK
* checking running R code from vignettes ... SKIPPED
* checking re-building of vignette outputs ... SKIPPED
* checking PDF version of manual ... OK
* DONE
Status: 2 WARNINGs, 5 NOTEs
See
‘/Users/biocbuild/bbs-3.22-bioc/meat/ggbio.Rcheck/00check.log’
for details.
ggbio.Rcheck/00install.out
############################################################################## ############################################################################## ### ### Running command: ### ### /Library/Frameworks/R.framework/Resources/bin/R CMD INSTALL ggbio ### ############################################################################## ############################################################################## * installing to library ‘/Library/Frameworks/R.framework/Versions/4.5-x86_64/Resources/library’ * installing *source* package ‘ggbio’ ... ** this is package ‘ggbio’ version ‘1.57.1’ ** using staged installation ** R ** inst ** byte-compile and prepare package for lazy loading Creating a new generic function for 'rescale' in package 'ggbio' Creating a new generic function for 'xlim' in package 'ggbio' Creating a new generic function for 'geom_rect' in package 'ggbio' Creating a new generic function for 'geom_segment' in package 'ggbio' Creating a new generic function for 'geom_bar' in package 'ggbio' Creating a new generic function for 'stat_identity' in package 'ggbio' Creating a new generic function for 'stat_bin' in package 'ggbio' ** help *** installing help indices ** building package indices ** installing vignettes ** testing if installed package can be loaded from temporary location ** testing if installed package can be loaded from final location ** testing if installed package keeps a record of temporary installation path * DONE (ggbio)
ggbio.Rcheck/tests/test-all.Rout
R version 4.5.1 Patched (2025-09-10 r88807) -- "Great Square Root"
Copyright (C) 2025 The R Foundation for Statistical Computing
Platform: x86_64-apple-darwin20
R is free software and comes with ABSOLUTELY NO WARRANTY.
You are welcome to redistribute it under certain conditions.
Type 'license()' or 'licence()' for distribution details.
R is a collaborative project with many contributors.
Type 'contributors()' for more information and
'citation()' on how to cite R or R packages in publications.
Type 'demo()' for some demos, 'help()' for on-line help, or
'help.start()' for an HTML browser interface to help.
Type 'q()' to quit R.
> library(testthat)
> test_check("ggbio")
Loading required package: ggbio
Loading required package: BiocGenerics
Loading required package: generics
Attaching package: 'generics'
The following objects are masked from 'package:base':
as.difftime, as.factor, as.ordered, intersect, is.element, setdiff,
setequal, union
Attaching package: 'BiocGenerics'
The following objects are masked from 'package:stats':
IQR, mad, sd, var, xtabs
The following objects are masked from 'package:base':
Filter, Find, Map, Position, Reduce, anyDuplicated, aperm, append,
as.data.frame, basename, cbind, colnames, dirname, do.call,
duplicated, eval, evalq, get, grep, grepl, is.unsorted, lapply,
mapply, match, mget, order, paste, pmax, pmax.int, pmin, pmin.int,
rank, rbind, rownames, sapply, saveRDS, table, tapply, unique,
unsplit, which.max, which.min
Loading required package: ggplot2
Need specific help about ggbio? try mailing
the maintainer or visit https://lawremi.github.io/ggbio/
Attaching package: 'ggbio'
The following objects are masked from 'package:ggplot2':
geom_bar, geom_rect, geom_segment, ggsave, stat_bin, stat_identity,
xlim
[ FAIL 0 | WARN 0 | SKIP 0 | PASS 0 ]
>
> proc.time()
user system elapsed
17.050 1.105 18.270
ggbio.Rcheck/ggbio-Ex.timings
| name | user | system | elapsed | |
| arrangeGrobByParsingLegend | 4.518 | 0.100 | 4.635 | |
| autoplot-method | 129.934 | 2.960 | 134.065 | |
| geom_alignment-method | 71.379 | 1.693 | 73.589 | |
| geom_arch-method | 1.625 | 0.023 | 1.654 | |
| geom_arrow-method | 7.221 | 0.074 | 8.739 | |
| geom_arrowrect-method | 5.014 | 0.043 | 6.409 | |
| geom_bar-method | 1.497 | 0.027 | 1.551 | |
| geom_chevron-method | 6.941 | 0.089 | 8.458 | |
| geom_rect-method | 4.717 | 0.052 | 5.486 | |
| geom_segment-method | 4.403 | 0.039 | 5.238 | |
| ggbio-class | 0.019 | 0.001 | 0.020 | |
| ggplot-method | 10.218 | 0.143 | 11.900 | |
| layout_circle-method | 6.540 | 0.063 | 6.646 | |
| layout_karyogram-method | 21.365 | 0.180 | 21.659 | |
| plotFragLength | 0.000 | 0.000 | 0.001 | |
| plotGrandLinear | 6.932 | 0.138 | 7.140 | |
| plotRangesLinkedToData | 24.639 | 0.427 | 29.224 | |
| plotSingleChrom | 0 | 0 | 0 | |
| plotSpliceSum | 0.001 | 0.000 | 0.000 | |
| plotStackedOverview | 0.000 | 0.000 | 0.001 | |
| rescale-method | 0.153 | 0.003 | 0.158 | |
| scale_fill_fold_change | 0.542 | 0.015 | 0.564 | |
| scale_fill_giemsa | 4.153 | 0.051 | 5.598 | |
| scale_x_sequnit | 0.497 | 0.008 | 0.512 | |
| stat_aggregate-method | 11.319 | 0.125 | 13.089 | |
| stat_bin-method | 5.749 | 0.077 | 7.420 | |
| stat_coverage-method | 3.530 | 0.066 | 5.171 | |
| stat_gene-method | 0.000 | 0.001 | 0.000 | |
| stat_identity-method | 3.753 | 0.099 | 3.929 | |
| stat_reduce-method | 18.627 | 0.585 | 23.848 | |
| stat_slice-method | 4.178 | 0.068 | 4.312 | |
| stat_stepping-method | 3.549 | 0.047 | 4.424 | |
| stat_table-method | 2.358 | 0.032 | 3.016 | |
| theme | 2.768 | 0.082 | 2.879 | |
| tracks | 34.984 | 0.328 | 36.941 | |