Back to Build/check report for BioC 3.22:   simplified   long
ABCDEF[G]HIJKLMNOPQRSTUVWXYZ

This page was generated on 2025-10-27 12:45 -0400 (Mon, 27 Oct 2025).

HostnameOSArch (*)R versionInstalled pkgs
kjohnson3macOS 13.7.7 Venturaarm644.5.1 Patched (2025-09-10 r88807) -- "Great Square Root" 4637
Click on any hostname to see more info about the system (e.g. compilers)      (*) as reported by 'uname -p', except on Windows and Mac OS X

Package 812/2361HostnameOS / ArchINSTALLBUILDCHECKBUILD BIN
gemma.R 3.5.13  (landing page)
Ogan Mancarci
Snapshot Date: 2025-10-26 13:45 -0400 (Sun, 26 Oct 2025)
git_url: https://git.bioconductor.org/packages/gemma.R
git_branch: devel
git_last_commit: b746483
git_last_commit_date: 2025-10-09 17:44:18 -0400 (Thu, 09 Oct 2025)
kjohnson3macOS 13.7.7 Ventura / arm64  OK    ERROR  skippedskipped


BUILD results for gemma.R on kjohnson3

To the developers/maintainers of the gemma.R package:
- Allow up to 24 hours (and sometimes 48 hours) for your latest push to git@git.bioconductor.org:packages/gemma.R.git to reflect on this report. See Troubleshooting Build Report for more information.
- Use the following Renviron settings to reproduce errors and warnings.
- If 'R CMD check' started to fail recently on the Linux builder(s) over a missing dependency, add the missing dependency to 'Suggests:' in your DESCRIPTION file. See Renviron.bioc for more information.

raw results


Summary

Package: gemma.R
Version: 3.5.13
Command: /Library/Frameworks/R.framework/Resources/bin/R CMD build --keep-empty-dirs --no-resave-data gemma.R
StartedAt: 2025-10-26 16:33:06 -0400 (Sun, 26 Oct 2025)
EndedAt: 2025-10-26 16:33:51 -0400 (Sun, 26 Oct 2025)
EllapsedTime: 45.5 seconds
RetCode: 1
Status:   ERROR  
PackageFile: None
PackageFileSize: NA

Command output

##############################################################################
##############################################################################
###
### Running command:
###
###   /Library/Frameworks/R.framework/Resources/bin/R CMD build --keep-empty-dirs --no-resave-data gemma.R
###
##############################################################################
##############################################################################


* checking for file ‘gemma.R/DESCRIPTION’ ... OK
* preparing ‘gemma.R’:
* checking DESCRIPTION meta-information ... OK
* installing the package to build vignettes
* creating vignettes ... ERROR
--- re-building ‘gemma.R.Rmd’ using rmarkdown

Quitting from gemma.R.Rmd:88-109 [unnamed-chunk-3]
~~~~~~~~~~~~~~~~~~~~~~~~~~~~~~~~~~~~~~~~~~~~~~~~~~~~~~~~~~~~~~~~~~~~~~~~~~~~~~~~
<error/rlang_error>
Error:
! error in evaluating the argument 'x' in selecting a method for function 'head': Timeout was reached [gemma.msl.ubc.ca]:
Resolving timed out after 10002 milliseconds
---
Backtrace:
     ▆
  1. ├─... %>% gemma_kable
  2. ├─gemma.R::gemma_kable(.)
  3. │ └─base::ncol(table)
  4. ├─utils::head(.)
  5. ├─dplyr::select(...)
  6. ├─gemma.R::get_datasets(taxa = c("mouse", "human"))
  7. │ └─gemma.R:::memget_datasets(...)
  8. │   ├─gemma.R (local) mem_call(...)
  9. │   │ ├─base::withVisible(eval(mc, parent.frame()))
 10. │   │ └─base::eval(mc, parent.frame())
 11. │   │   └─base::eval(mc, parent.frame())
 12. │   └─gemma.R (local) `<fn>`(...)
 13. │     └─gemma.R:::.body(...)
 14. │       ├─base::eval(requestExpr)
 15. │       │ └─base::eval(requestExpr)
 16. │       └─httr::GET(...)
 17. │         └─httr:::request_perform(req, hu$handle$handle)
 18. │           ├─httr:::request_fetch(req$output, req$url, handle)
 19. │           └─httr:::request_fetch.write_memory(req$output, req$url, handle)
 20. │             └─curl::curl_fetch_memory(url, handle = handle)
 21. ├─curl:::raise_libcurl_error(...)
 22. │ └─base::stop(e)
 23. └─base (local) `<fn>`(`<crl_rr__>`)
~~~~~~~~~~~~~~~~~~~~~~~~~~~~~~~~~~~~~~~~~~~~~~~~~~~~~~~~~~~~~~~~~~~~~~~~~~~~~~~~

Error: processing vignette 'gemma.R.Rmd' failed with diagnostics:
error in evaluating the argument 'x' in selecting a method for function 'head': Timeout was reached [gemma.msl.ubc.ca]:
Resolving timed out after 10002 milliseconds
--- failed re-building ‘gemma.R.Rmd’

--- re-building ‘metadata.Rmd’ using rmarkdown

Quitting from metadata.Rmd:67-70 [unnamed-chunk-3]
~~~~~~~~~~~~~~~~~~~~~~~~~~~~~~~~~~~~~~~~~~~~~~~~~~~~~~~~~~~~~~~~~~~~~~~~~~~~~~~~
<error/rlang_error>
Error in `curl::curl_fetch_memory()`:
! Could not resolve hostname [gemma.msl.ubc.ca]:
Could not resolve host: gemma.msl.ubc.ca
---
Backtrace:
     ▆
  1. ├─get_dataset_annotations("GSE48962") %>% gemma_kable
  2. ├─gemma.R::gemma_kable(.)
  3. │ └─base::ncol(table)
  4. ├─gemma.R::get_dataset_annotations("GSE48962")
  5. │ └─gemma.R:::memget_dataset_annotations(...)
  6. │   ├─gemma.R (local) mem_call(...)
  7. │   │ ├─base::withVisible(eval(mc, parent.frame()))
  8. │   │ └─base::eval(mc, parent.frame())
  9. │   │   └─base::eval(mc, parent.frame())
 10. │   └─gemma.R (local) `<fn>`(...)
 11. │     └─gemma.R:::.body(...)
 12. │       ├─base::eval(requestExpr)
 13. │       │ └─base::eval(requestExpr)
 14. │       └─httr::GET(...)
 15. │         └─httr:::request_perform(req, hu$handle$handle)
 16. │           ├─httr:::request_fetch(req$output, req$url, handle)
 17. │           └─httr:::request_fetch.write_memory(req$output, req$url, handle)
 18. │             └─curl::curl_fetch_memory(url, handle = handle)
 19. └─curl:::raise_libcurl_error(...)
~~~~~~~~~~~~~~~~~~~~~~~~~~~~~~~~~~~~~~~~~~~~~~~~~~~~~~~~~~~~~~~~~~~~~~~~~~~~~~~~

Error: processing vignette 'metadata.Rmd' failed with diagnostics:
Could not resolve hostname [gemma.msl.ubc.ca]:
Could not resolve host: gemma.msl.ubc.ca
--- failed re-building ‘metadata.Rmd’

--- re-building ‘metanalysis.Rmd’ using rmarkdown

Quitting from metanalysis.Rmd:64-67 [unnamed-chunk-3]
~~~~~~~~~~~~~~~~~~~~~~~~~~~~~~~~~~~~~~~~~~~~~~~~~~~~~~~~~~~~~~~~~~~~~~~~~~~~~~~~
<error/rlang_error>
Error in `curl::curl_fetch_memory()`:
! Could not resolve hostname [gemma.msl.ubc.ca]:
Could not resolve host: gemma.msl.ubc.ca
---
Backtrace:
     ▆
  1. ├─gemma.R::search_annotations("parkinson's")
  2. │ └─gemma.R:::memsearch_annotations(...)
  3. │   ├─gemma.R (local) mem_call(...)
  4. │   │ ├─base::withVisible(eval(mc, parent.frame()))
  5. │   │ └─base::eval(mc, parent.frame())
  6. │   │   └─base::eval(mc, parent.frame())
  7. │   └─gemma.R (local) `<fn>`(...)
  8. │     └─gemma.R:::.body(...)
  9. │       ├─base::eval(requestExpr)
 10. │       │ └─base::eval(requestExpr)
 11. │       └─httr::GET(...)
 12. │         └─httr:::request_perform(req, hu$handle$handle)
 13. │           ├─httr:::request_fetch(req$output, req$url, handle)
 14. │           └─httr:::request_fetch.write_memory(req$output, req$url, handle)
 15. │             └─curl::curl_fetch_memory(url, handle = handle)
 16. └─curl:::raise_libcurl_error(...)
~~~~~~~~~~~~~~~~~~~~~~~~~~~~~~~~~~~~~~~~~~~~~~~~~~~~~~~~~~~~~~~~~~~~~~~~~~~~~~~~

Error: processing vignette 'metanalysis.Rmd' failed with diagnostics:
Could not resolve hostname [gemma.msl.ubc.ca]:
Could not resolve host: gemma.msl.ubc.ca
--- failed re-building ‘metanalysis.Rmd’

SUMMARY: processing the following files failed:
  ‘gemma.R.Rmd’ ‘metadata.Rmd’ ‘metanalysis.Rmd’

Error: Vignette re-building failed.
Execution halted