Back to Build/check report for BioC 3.23:   simplified   long
ABC[D]EFGHIJKLMNOPQRSTUVWXYZ

This page was generated on 2025-10-31 08:34 -0400 (Fri, 31 Oct 2025).

HostnameOSArch (*)R versionInstalled pkgs
nebbiolo1Linux (Ubuntu 24.04.3 LTS)x86_64R Under development (unstable) (2025-10-20 r88955) -- "Unsuffered Consequences" 4428
Click on any hostname to see more info about the system (e.g. compilers)      (*) as reported by 'uname -p', except on Windows and Mac OS X

Package 619/2321HostnameOS / ArchINSTALLBUILDCHECKBUILD BIN
drugTargetInteractions 1.19.0  (landing page)
Thomas Girke
Snapshot Date: 2025-10-30 13:40 -0400 (Thu, 30 Oct 2025)
git_url: https://git.bioconductor.org/packages/drugTargetInteractions
git_branch: devel
git_last_commit: a35b336
git_last_commit_date: 2025-10-29 11:07:31 -0400 (Wed, 29 Oct 2025)
nebbiolo1Linux (Ubuntu 24.04.3 LTS) / x86_64  OK    ERROR  skipped


BUILD results for drugTargetInteractions on nebbiolo1

To the developers/maintainers of the drugTargetInteractions package:
- Allow up to 24 hours (and sometimes 48 hours) for your latest push to git@git.bioconductor.org:packages/drugTargetInteractions.git to reflect on this report. See Troubleshooting Build Report for more information.
- Use the following Renviron settings to reproduce errors and warnings.
- If 'R CMD check' started to fail recently on the Linux builder(s) over a missing dependency, add the missing dependency to 'Suggests:' in your DESCRIPTION file. See Renviron.bioc for more information.

raw results


Summary

Package: drugTargetInteractions
Version: 1.19.0
Command: /home/biocbuild/bbs-3.23-bioc/R/bin/R CMD build --keep-empty-dirs --no-resave-data drugTargetInteractions
StartedAt: 2025-10-30 16:59:05 -0400 (Thu, 30 Oct 2025)
EndedAt: 2025-10-30 17:00:36 -0400 (Thu, 30 Oct 2025)
EllapsedTime: 91.1 seconds
RetCode: 1
Status:   ERROR  
PackageFile: None
PackageFileSize: NA

Command output

##############################################################################
##############################################################################
###
### Running command:
###
###   /home/biocbuild/bbs-3.23-bioc/R/bin/R CMD build --keep-empty-dirs --no-resave-data drugTargetInteractions
###
##############################################################################
##############################################################################


* checking for file ‘drugTargetInteractions/DESCRIPTION’ ... OK
* preparing ‘drugTargetInteractions’:
* checking DESCRIPTION meta-information ... OK
* installing the package (it is needed to process help pages)
* saving partial Rd database
* creating vignettes ... ERROR
--- re-building ‘drugTargetInteractions.Rmd’ using rmarkdown

Quitting from drugTargetInteractions.Rmd:367-372 [gene_name]
~~~~~~~~~~~~~~~~~~~~~~~~~~~~~~~~~~~~~~~~~~~~~~~~~~~~~~~~~~~~~~~~~~~~~~~~~~~~~~~~~~~~~~~~~~~~~~~~~~~~
<error/rlang_error>
Error in `h()`:
! error in evaluating the argument 'x' in selecting a method for function 'genes': object 'EnsDb.Hsapiens.v86' not found
---
Backtrace:
    ▆
 1. ├─drugTargetInteractions::getSymEnsUp(...)
 2. │ ├─ensembldb::genes(...)
 3. │ └─base::get(EnsDb)
 4. └─base::.handleSimpleError(...)
 5.   └─base (local) h(simpleError(msg, call))
~~~~~~~~~~~~~~~~~~~~~~~~~~~~~~~~~~~~~~~~~~~~~~~~~~~~~~~~~~~~~~~~~~~~~~~~~~~~~~~~~~~~~~~~~~~~~~~~~~~~

Error: processing vignette 'drugTargetInteractions.Rmd' failed with diagnostics:
error in evaluating the argument 'x' in selecting a method for function 'genes': object 'EnsDb.Hsapiens.v86' not found
--- failed re-building ‘drugTargetInteractions.Rmd’

SUMMARY: processing the following file failed:
  ‘drugTargetInteractions.Rmd’

Error: Vignette re-building failed.
Execution halted