Back to Multiple platform build/check report for BioC 3.22:   simplified   long
ABC[D]EFGHIJKLMNOPQRSTUVWXYZ

This page was generated on 2025-08-15 12:06 -0400 (Fri, 15 Aug 2025).

HostnameOSArch (*)R versionInstalled pkgs
nebbiolo2Linux (Ubuntu 24.04.3 LTS)x86_644.5.1 (2025-06-13) -- "Great Square Root" 4818
palomino8Windows Server 2022 Datacenterx644.5.1 (2025-06-13 ucrt) -- "Great Square Root" 4554
lconwaymacOS 12.7.1 Montereyx86_644.5.1 (2025-06-13) -- "Great Square Root" 4595
kjohnson3macOS 13.7.7 Venturaarm644.5.1 Patched (2025-06-14 r88325) -- "Great Square Root" 4537
taishanLinux (openEuler 24.03 LTS)aarch644.5.0 (2025-04-11) -- "How About a Twenty-Six" 4535
Click on any hostname to see more info about the system (e.g. compilers)      (*) as reported by 'uname -p', except on Windows and Mac OS X

Package 529/2317HostnameOS / ArchINSTALLBUILDCHECKBUILD BIN
decoupleR 2.15.0  (landing page)
Pau Badia-i-Mompel
Snapshot Date: 2025-08-14 13:45 -0400 (Thu, 14 Aug 2025)
git_url: https://git.bioconductor.org/packages/decoupleR
git_branch: devel
git_last_commit: 6010cb0
git_last_commit_date: 2025-04-15 12:31:44 -0400 (Tue, 15 Apr 2025)
nebbiolo2Linux (Ubuntu 24.04.3 LTS) / x86_64  OK    OK    WARNINGS  UNNEEDED, same version is already published
palomino8Windows Server 2022 Datacenter / x64  OK    OK    ERROR    OK  
lconwaymacOS 12.7.1 Monterey / x86_64  OK    OK    WARNINGS    OK  UNNEEDED, same version is already published
kjohnson3macOS 13.7.7 Ventura / arm64  OK    OK    ERROR    OK  
taishanLinux (openEuler 24.03 LTS) / aarch64  OK    OK    ERROR  


CHECK results for decoupleR on palomino8

To the developers/maintainers of the decoupleR package:
- Allow up to 24 hours (and sometimes 48 hours) for your latest push to git@git.bioconductor.org:packages/decoupleR.git to reflect on this report. See Troubleshooting Build Report for more information.
- Use the following Renviron settings to reproduce errors and warnings.
- If 'R CMD check' started to fail recently on the Linux builder(s) over a missing dependency, add the missing dependency to 'Suggests:' in your DESCRIPTION file. See Renviron.bioc for more information.

raw results


Summary

Package: decoupleR
Version: 2.15.0
Command: F:\biocbuild\bbs-3.22-bioc\R\bin\R.exe CMD check --no-multiarch --install=check:decoupleR.install-out.txt --library=F:\biocbuild\bbs-3.22-bioc\R\library --no-vignettes --timings decoupleR_2.15.0.tar.gz
StartedAt: 2025-08-15 02:21:16 -0400 (Fri, 15 Aug 2025)
EndedAt: 2025-08-15 02:29:24 -0400 (Fri, 15 Aug 2025)
EllapsedTime: 488.0 seconds
RetCode: 1
Status:   ERROR  
CheckDir: decoupleR.Rcheck
Warnings: NA

Command output

##############################################################################
##############################################################################
###
### Running command:
###
###   F:\biocbuild\bbs-3.22-bioc\R\bin\R.exe CMD check --no-multiarch --install=check:decoupleR.install-out.txt --library=F:\biocbuild\bbs-3.22-bioc\R\library --no-vignettes --timings decoupleR_2.15.0.tar.gz
###
##############################################################################
##############################################################################


* using log directory 'F:/biocbuild/bbs-3.22-bioc/meat/decoupleR.Rcheck'
* using R version 4.5.1 (2025-06-13 ucrt)
* using platform: x86_64-w64-mingw32
* R was compiled by
    gcc.exe (GCC) 14.2.0
    GNU Fortran (GCC) 14.2.0
* running under: Windows Server 2022 x64 (build 20348)
* using session charset: UTF-8
* using option '--no-vignettes'
* checking for file 'decoupleR/DESCRIPTION' ... OK
* checking extension type ... Package
* this is package 'decoupleR' version '2.15.0'
* package encoding: UTF-8
* checking package namespace information ... OK
* checking package dependencies ... OK
* checking if this is a source package ... OK
* checking if there is a namespace ... OK
* checking for hidden files and directories ... OK
* checking for portable file names ... OK
* checking whether package 'decoupleR' can be installed ... OK
* checking installed package size ... OK
* checking package directory ... OK
* checking 'build' directory ... OK
* checking DESCRIPTION meta-information ... OK
* checking top-level files ... OK
* checking for left-over files ... OK
* checking index information ... OK
* checking package subdirectories ... OK
* checking code files for non-ASCII characters ... OK
* checking R files for syntax errors ... OK
* checking whether the package can be loaded ... OK
* checking whether the package can be loaded with stated dependencies ... OK
* checking whether the package can be unloaded cleanly ... OK
* checking whether the namespace can be loaded with stated dependencies ... OK
* checking whether the namespace can be unloaded cleanly ... OK
* checking dependencies in R code ... NOTE
[2025-08-15 02:21:57] [TRACE]   [OmnipathR] Reading JSON from `C:\Users\biocbuild\AppData\Local\Cache\OmnipathR/cache.json` (encoding: UTF-8).
[2025-08-15 02:21:57] [TRACE]   [OmnipathR] JSON validation successful: TRUE
[2025-08-15 02:21:57] [INFO]    [OmnipathR] Initialized cache: `C:\Users\biocbuild\AppData\Local\Cache\OmnipathR`.
[2025-08-15 02:21:57] [INFO]    [OmnipathR] Package `OmnipathR` packaged: NA
[2025-08-15 02:21:57] [INFO]    [OmnipathR] Package `OmnipathR` date/publication: 2025-08-14
[2025-08-15 02:21:57] [INFO]    [OmnipathR] Package `OmnipathR` built: R 4.5.1; ; 2025-08-14 19:27:25 UTC; windows
[2025-08-15 02:21:57] [INFO]    [OmnipathR] Package `OmnipathR` version: 3.17.4
[2025-08-15 02:21:57] [INFO]    [OmnipathR] Package `OmnipathR` repository: Bioconductor 3.22
ERROR: Unknown command "TMPDIR=F:/biocbuild/bbs-3.22-bioc/tmpdir/RtmpI7q26E/file10d1c64b02c9a". Did you mean command "update"?
[2025-08-15 02:22:02] [INFO]    [OmnipathR] Session info: [version=R version 4.5.1 (2025-06-13 ucrt); os=Windows Server 2022 x64 (build 20348); system=x86_64, mingw32; ui=RTerm; language=(EN); collate=C; ctype=English_United States.utf8; tz=America/New_York; date=2025-08-15; pandoc=2.7.3 @ C:/PROGRA~1/Pandoc/ (via rmarkdown); quarto=NA @ C:\PROGRA~1\Quarto\bin\quarto.exe]
[2025-08-15 02:22:03] [INFO]    [OmnipathR] External libraries: [cairo=1.18.4; cairoFT=; pango=; png=1.6.48; jpeg=9.6; tiff=LIBTIFF, Version 4.7.0; tcl=8.6.16; curl=8.13.0; zlib=1.3.1; bzlib=1.0.8, 13-Jul-2019; xz=5.8.1; deflate=1.24; PCRE=10.45 2025-02-05; ICU=77.1; TRE=TRE 0.8.0 R_fixes (BSD); iconv=win_iconv; readline=; BLAS=; lapack=; lapack_version=3.12.1]
[2025-08-15 02:22:03] [INFO]    [OmnipathR] Loaded packages: abind 1.4-8(2024-09-12); annotate 1.87.0(2025-08-14); AnnotationDbi 1.71.1(2025-08-14); AUCell 1.31.0(2025-08-14); backports 1.5.0(2024-05-23); beachmat 2.25.4(2025-08-14); Biobase 2.69.0(2025-08-14); BiocGenerics 0.55.1(2025-08-14); BiocParallel 1.43.4(2025-08-14); BiocSingular 1.25.0(2025-08-14); Biostrings 2.77.2(2025-08-14); bit 4.6.0(2025-03-06); bit64 4.6.0-1(2025-01-16); blob 1.2.4(2023-03-17); cachem 1.1.0(2024-05-16); cellranger 1.1.0(2016-07-27); checkmate 2.3.2(2024-07-29); chromote 0.5.1(2025-04-24); cli 3.6.5(2025-04-23); codetools 0.2-20(2024-03-31); crayon 1.5.3(2024-06-20); curl 6.4.0(2025-06-22); data.table 1.17.8(2025-07-10); DBI 1.2.3(2024-06-02); decoupleR 2.15.0(2025-08-14); DelayedArray 0.35.2(2025-08-14); DelayedMatrixStats 1.31.0(2025-08-14); digest 0.6.37(2024-08-19); dplyr 1.1.4(2023-11-17); evaluate 1.0.4(2025-06-18); fastmap 1.2.0(2024-05-15); fs 1.6.6(2025-04-12); generics 0.1.4(2025-05-09); GenomicRanges 1.61.1(2025-08-14); glue 1.8.0(2024-09-30); graph 1.87.0(2025-08-14); GSEABase 1.71.0(2025-08-14); GSVA 2.3.1(2025-08-14); h5mread 1.1.1(2025-08-14); HDF5Array 1.37.0(2025-08-14); hms 1.1.3(2023-03-21); htmltools 0.5.8.1(2024-04-04); httr 1.4.7(2023-08-15); httr2 1.2.1(2025-07-22); igraph 2.1.4(2025-01-23); IRanges 2.43.0(2025-08-14); irlba 2.3.5.1(2022-10-03); jsonlite 2.0.0(2025-03-27); KEGGREST 1.49.1(2025-08-14); knitr 1.50(2025-03-16); later 1.4.2(2025-04-08); lattice 0.22-7(2025-04-02); lifecycle 1.0.4(2023-11-07); logger 0.4.0(2024-10-22); lubridate 1.9.4(2024-12-08); magick 2.8.7(2025-06-06); magrittr 2.0.3(2022-03-30); Matrix 1.7-3(2025-03-11); MatrixGenerics 1.21.0(2025-08-14); matrixStats 1.5.0(2025-01-07); memoise 2.0.1(2021-11-26); OmnipathR 3.17.4(2025-08-14); parallelly 1.45.1(2025-07-24); pillar 1.11.0(2025-07-04); pkgconfig 2.0.3(2019-09-22); png 0.1-8(2022-11-29); prettyunits 1.2.0(2023-09-24); processx 3.8.6(2025-02-21); progress 1.2.3(2023-12-06); promises 1.3.3(2025-05-29); ps 1.9.1(2025-04-12); purrr 1.1.0(2025-07-10); R.methodsS3 1.8.2(2022-06-13); R.oo 1.27.1(2025-05-02); R.utils 2.13.0(2025-02-24); R6 2.6.1(2025-02-15); rappdirs 0.3.3(2021-01-31); Rcpp 1.1.0(2025-07-02); readr 2.1.5(2024-01-10); readxl 1.4.5(2025-03-07); rhdf5 2.53.4(2025-08-14); rhdf5filters 1.21.0(2025-08-14); Rhdf5lib 1.31.0(2025-08-14); rjson 0.2.23(2024-09-16); rlang 1.1.6(2025-04-11); rmarkdown 2.29(2024-11-04); RSQLite 2.4.2(2025-07-18); rsvd 1.0.5(2021-04-16); rvest 1.0.4(2024-02-12); S4Arrays 1.9.1(2025-08-14); S4Vectors 0.47.0(2025-08-14); ScaledMatrix 1.17.0(2025-08-14); Seqinfo 0.99.2(2025-08-14); sessioninfo 1.2.3(2025-02-05); SingleCellExperiment 1.31.1(2025-08-14); SparseArray 1.9.1(2025-08-14); sparseMatrixStats 1.21.0(2025-08-14); SpatialExperiment 1.19.1(2025-08-14); stringi 1.8.7(2025-03-27); stringr 1.5.1(2023-11-14); SummarizedExperiment 1.39.1(2025-08-14); tibble 3.3.0(2025-06-08); tidyr 1.3.1(2024-01-24); tidyselect 1.2.1(2024-03-11); timechange 0.3.0(2024-01-18); tzdb 0.5.0(2025-03-15); vctrs 0.6.5(2023-12-01); websocket 1.4.4(2025-04-10); withr 3.0.2(2024-10-28); xfun 0.52(2025-04-02); XML 3.99-0.18(2025-01-01); xml2 1.3.8(2025-03-14); xtable 1.8-4(2019-04-21); XVector 0.49.0(2025-08-14); yaml 2.3.10(2024-07-26); zip 2.3.3(2025-05-13)
[2025-08-15 02:22:03] [INFO]    [OmnipathR] CURL: version: 8.14.1; headers: 8.14.1; ssl_version: (OpenSSL/3.5.0) Schannel; libz_version: 1.3; libssh_version: libssh2/1.11.0; libidn_version: NA; host: x86_64-w64-mingw32; protocols: dict, file, ftp, ftps, gopher, gophers, http, https, imap, imaps, ldap, ldaps, mqtt, pop3, pop3s, rtsp, scp, sftp, smb, smbs, smtp, smtps, telnet, tftp, ws, wss; ipv6: TRUE; http2: TRUE; idn: TRUE; url_parser: TRUE
[2025-08-15 02:22:03] [TRACE]   [OmnipathR] Running on a build server, wiping cache.
[2025-08-15 02:22:03] [TRACE]   [OmnipathR] Cache is at `C:\Users\biocbuild\AppData\Local\Cache\OmnipathR`.
[2025-08-15 02:22:03] [TRACE]   [OmnipathR] Contains 9 files.
[2025-08-15 02:22:03] [TRACE]   [OmnipathR] Cache is locked: FALSE.
[2025-08-15 02:22:03] [TRACE]   [OmnipathR] Reading JSON from `C:\Users\biocbuild\AppData\Local\Cache\OmnipathR/cache.json` (encoding: UTF-8).
[2025-08-15 02:22:03] [TRACE]   [OmnipathR] JSON validation successful: TRUE
[2025-08-15 02:22:03] [SUCCESS] [OmnipathR] Removing all cache contents from `C:\Users\biocbuild\AppData\Local\Cache\OmnipathR`.
[2025-08-15 02:22:03] [TRACE]   [OmnipathR] Pandoc version: `2.7.3`.
[2025-08-15 02:22:04] [TRACE]   [OmnipathR] Reading JSON from `F:/biocbuild/bbs-3.22-bioc/R/library/OmnipathR/db/db_def.json` (encoding: UTF-8).
[2025-08-15 02:22:04] [TRACE]   [OmnipathR] JSON validation successful: TRUE
[2025-08-15 02:22:04] [TRACE]   [OmnipathR] Reading JSON from `F:/biocbuild/bbs-3.22-bioc/R/library/OmnipathR/internal/magic_bytes.json` (encoding: UTF-8).
[2025-08-15 02:22:04] [TRACE]   [OmnipathR] JSON validation successful: TRUE
[2025-08-15 02:22:04] [TRACE]   [OmnipathR] Reading JSON from `F:/biocbuild/bbs-3.22-bioc/R/library/OmnipathR/internal/urls.json` (encoding: UTF-8).
[2025-08-15 02:22:04] [TRACE]   [OmnipathR] JSON validation successful: TRUE
[2025-08-15 02:22:04] [TRACE]   [OmnipathR] Reading JSON from `F:/biocbuild/bbs-3.22-bioc/R/library/OmnipathR/internal/id_types.json` (encoding: UTF-8).
[2025-08-15 02:22:04] [TRACE]   [OmnipathR] JSON validation successful: TRUE
[2025-08-15 02:22:04] [TRACE]   [OmnipathR] Cache locked: FALSE
* checking S3 generic/method consistency ... OK
* checking replacement functions ... OK
* checking foreign function calls ... OK
* checking R code for possible problems ... OK
* checking Rd files ... OK
* checking Rd metadata ... OK
* checking Rd cross-references ... WARNING
Missing link(s) in Rd file 'run_gsva.Rd':
  'GSVA::gsva' 'GeneSetCollection'

Non-topic package-anchored link(s) in Rd file 'pipe.Rd':
  '[magrittr:pipe]{%>%}'

See section 'Cross-references' in the 'Writing R Extensions' manual.

Found the following Rd file(s) with Rd \link{} targets missing package
anchors:
  run_gsva.Rd: GSVA::gsva, GeneSetCollection
Please provide package anchors for all Rd \link{} targets not in the
package itself and the base packages.
* checking for missing documentation entries ... OK
* checking for code/documentation mismatches ... OK
* checking Rd \usage sections ... OK
* checking Rd contents ... OK
* checking for unstated dependencies in examples ... OK
* checking files in 'vignettes' ... OK
* checking examples ... OK
Examples with CPU (user + system) or elapsed time > 5s
               user system elapsed
get_collectri 36.03   3.01   44.30
run_fgsea     26.50   0.17   26.68
get_dorothea  25.22   0.58   26.01
run_aucell     9.58   0.67   10.28
get_progeny    7.23   0.38    9.19
* checking for unstated dependencies in 'tests' ... OK
* checking tests ...
  Running 'testthat.R'
 ERROR
Running the tests in 'tests/testthat.R' failed.
Last 13 lines of output:
  [ FAIL 1 | WARN 20 | SKIP 0 | PASS 34 ]
  
  ══ Failed tests ════════════════════════════════════════════════════════════════
  ── Error ('test-decoupleR-decouple.R:66:5'): decouple same results as independent functions ──
  <purrr_error_indexed/rlang_error/error/condition>
  Error in `map2(.x, .y, .f, ...)`: i In index: 10.
  Caused by error in `map()`:
  i In index: 2.
  i With name: S02.
  Caused by error in `socketConnection()`:
  ! cannot open the connection
  
  [ FAIL 1 | WARN 20 | SKIP 0 | PASS 34 ]
  Error: Test failures
  Execution halted
* checking for unstated dependencies in vignettes ... OK
* checking package vignettes ... OK
* checking running R code from vignettes ... SKIPPED
* checking re-building of vignette outputs ... SKIPPED
* checking PDF version of manual ... OK
* DONE

Status: 1 ERROR, 1 WARNING, 1 NOTE
See
  'F:/biocbuild/bbs-3.22-bioc/meat/decoupleR.Rcheck/00check.log'
for details.


Installation output

decoupleR.Rcheck/00install.out

##############################################################################
##############################################################################
###
### Running command:
###
###   F:\biocbuild\bbs-3.22-bioc\R\bin\R.exe CMD INSTALL decoupleR
###
##############################################################################
##############################################################################


* installing to library 'F:/biocbuild/bbs-3.22-bioc/R/library'
* installing *source* package 'decoupleR' ...
** this is package 'decoupleR' version '2.15.0'
** using staged installation
** R
** inst
** byte-compile and prepare package for lazy loading
** help
*** installing help indices
*** copying figures
** building package indices
** installing vignettes
** testing if installed package can be loaded from temporary location
** testing if installed package can be loaded from final location
** testing if installed package keeps a record of temporary installation path
* DONE (decoupleR)

Tests output

decoupleR.Rcheck/tests/testthat.Rout.fail


R version 4.5.1 (2025-06-13 ucrt) -- "Great Square Root"
Copyright (C) 2025 The R Foundation for Statistical Computing
Platform: x86_64-w64-mingw32/x64

R is free software and comes with ABSOLUTELY NO WARRANTY.
You are welcome to redistribute it under certain conditions.
Type 'license()' or 'licence()' for distribution details.

R is a collaborative project with many contributors.
Type 'contributors()' for more information and
'citation()' on how to cite R or R packages in publications.

Type 'demo()' for some demos, 'help()' for on-line help, or
'help.start()' for an HTML browser interface to help.
Type 'q()' to quit R.

> library(testthat)
> library(decoupleR)
> 
> test_check("decoupleR")

  |                                                                            
  |                                                                      |   0%
  |                                                                            
  |======================================================================| 100%

[2025-08-15 02:25:21] [TRACE]   [OmnipathR] Reading JSON from `C:\Users\biocbuild\AppData\Local\Cache\OmnipathR/cache.json` (encoding: UTF-8).
[2025-08-15 02:25:21] [TRACE]   [OmnipathR] JSON validation successful: TRUE
[2025-08-15 02:25:21] [INFO]    [OmnipathR] Initialized cache: `C:\Users\biocbuild\AppData\Local\Cache\OmnipathR`.
[2025-08-15 02:25:21] [INFO]    [OmnipathR] Package `OmnipathR` packaged: NA
[2025-08-15 02:25:21] [INFO]    [OmnipathR] Package `OmnipathR` date/publication: 2025-08-14
[2025-08-15 02:25:21] [INFO]    [OmnipathR] Package `OmnipathR` built: R 4.5.1; ; 2025-08-14 19:27:25 UTC; windows
[2025-08-15 02:25:21] [INFO]    [OmnipathR] Package `OmnipathR` version: 3.17.4
[2025-08-15 02:25:21] [INFO]    [OmnipathR] Package `OmnipathR` repository: Bioconductor 3.22
ERROR: Unknown command "TMPDIR=F:/biocbuild/bbs-3.22-bioc/tmpdir/RtmpABjcNw/filec7e866d841c2". Did you mean command "update"?
[2025-08-15 02:25:23] [INFO]    [OmnipathR] Session info: [version=R version 4.5.1 (2025-06-13 ucrt); os=Windows Server 2022 x64 (build 20348); system=x86_64, mingw32; ui=RTerm; language=C; collate=C; ctype=English_United States.utf8; tz=America/New_York; date=2025-08-15; pandoc=2.7.3 @ C:/PROGRA~1/Pandoc/ (via rmarkdown); quarto=NA @ C:\PROGRA~1\Quarto\bin\quarto.exe]
[2025-08-15 02:25:24] [INFO]    [OmnipathR] External libraries: [cairo=1.18.4; cairoFT=; pango=; png=1.6.48; jpeg=9.6; tiff=LIBTIFF, Version 4.7.0; tcl=8.6.16; curl=8.13.0; zlib=1.3.1; bzlib=1.0.8, 13-Jul-2019; xz=5.8.1; deflate=1.24; PCRE=10.45 2025-02-05; ICU=77.1; TRE=TRE 0.8.0 R_fixes (BSD); iconv=win_iconv; readline=; BLAS=; lapack=; lapack_version=3.12.1]
[2025-08-15 02:25:25] [INFO]    [OmnipathR] Loaded packages: abind 1.4-8(2024-09-12); annotate 1.87.0(2025-08-14); AnnotationDbi 1.71.1(2025-08-14); AUCell 1.31.0(2025-08-14); backports 1.5.0(2024-05-23); beachmat 2.25.4(2025-08-14); Biobase 2.69.0(2025-08-14); BiocGenerics 0.55.1(2025-08-14); BiocParallel 1.43.4(2025-08-14); BiocSingular 1.25.0(2025-08-14); Biostrings 2.77.2(2025-08-14); bit 4.6.0(2025-03-06); bit64 4.6.0-1(2025-01-16); blob 1.2.4(2023-03-17); brio 1.1.5(2024-04-24); broom 1.0.9(2025-07-28); cachem 1.1.0(2024-05-16); cellranger 1.1.0(2016-07-27); checkmate 2.3.2(2024-07-29); chromote 0.5.1(2025-04-24); class 7.3-23(2025-01-01); cli 3.6.5(2025-04-23); codetools 0.2-20(2024-03-31); cowplot 1.2.0(2025-07-07); crayon 1.5.3(2024-06-20); curl 6.4.0(2025-06-22); data.table 1.17.8(2025-07-10); DBI 1.2.3(2024-06-02); decoupleR 2.15.0(2025-08-14); DelayedArray 0.35.2(2025-08-14); DelayedMatrixStats 1.31.0(2025-08-14); desc 1.4.3(2023-12-10); dichromat 2.0-0.1(2022-05-02); digest 0.6.37(2024-08-19); dplyr 1.1.4(2023-11-17); e1071 1.7-16(2024-09-16); evaluate 1.0.4(2025-06-18); farver 2.1.2(2024-05-13); fastmap 1.2.0(2024-05-15); fastmatch 1.1-6(2024-12-23); fgsea 1.35.6(2025-08-14); fs 1.6.6(2025-04-12); generics 0.1.4(2025-05-09); GenomicRanges 1.61.1(2025-08-14); ggplot2 3.5.2(2025-04-09); glue 1.8.0(2024-09-30); graph 1.87.0(2025-08-14); GSEABase 1.71.0(2025-08-14); GSVA 2.3.1(2025-08-14); gtable 0.3.6(2024-10-25); h5mread 1.1.1(2025-08-14); HDF5Array 1.37.0(2025-08-14); hms 1.1.3(2023-03-21); htmltools 0.5.8.1(2024-04-04); htmlwidgets 1.6.4(2023-12-06); httr 1.4.7(2023-08-15); httr2 1.2.1(2025-07-22); igraph 2.1.4(2025-01-23); IRanges 2.43.0(2025-08-14); irlba 2.3.5.1(2022-10-03); jsonlite 2.0.0(2025-03-27); KEGGREST 1.49.1(2025-08-14); kernlab 0.9-33(2024-08-13); KernSmooth 2.23-26(2025-01-01); knitr 1.50(2025-03-16); later 1.4.2(2025-04-08); lattice 0.22-7(2025-04-02); lazyeval 0.2.2(2019-03-15); lifecycle 1.0.4(2023-11-07); logger 0.4.0(2024-10-22); lubridate 1.9.4(2024-12-08); magick 2.8.7(2025-06-06); magrittr 2.0.3(2022-03-30); MASS 7.3-65(2025-02-28); Matrix 1.7-3(2025-03-11); MatrixGenerics 1.21.0(2025-08-14); matrixStats 1.5.0(2025-01-07); memoise 2.0.1(2021-11-26); mixtools 2.0.0.1(2025-03-08); nlme 3.1-168(2025-03-31); OmnipathR 3.17.4(2025-08-14); parallelly 1.45.1(2025-07-24); pillar 1.11.0(2025-07-04); pkgconfig 2.0.3(2019-09-22); plotly 4.11.0(2025-06-19); png 0.1-8(2022-11-29); prettyunits 1.2.0(2023-09-24); processx 3.8.6(2025-02-21); progress 1.2.3(2023-12-06); promises 1.3.3(2025-05-29); proxy 0.4-27(2022-06-09); ps 1.9.1(2025-04-12); purrr 1.1.0(2025-07-10); R.methodsS3 1.8.2(2022-06-13); R.oo 1.27.1(2025-05-02); R.utils 2.13.0(2025-02-24); R6 2.6.1(2025-02-15); ranger 0.17.0(2024-11-08); rappdirs 0.3.3(2021-01-31); RColorBrewer 1.1-3(2022-04-03); Rcpp 1.1.0(2025-07-02); readr 2.1.5(2024-01-10); readxl 1.4.5(2025-03-07); rhdf5 2.53.4(2025-08-14); rhdf5filters 1.21.0(2025-08-14); Rhdf5lib 1.31.0(2025-08-14); rjson 0.2.23(2024-09-16); rlang 1.1.6(2025-04-11); rmarkdown 2.29(2024-11-04); rpart 4.1.24(2025-01-07); RSQLite 2.4.2(2025-07-18); rsvd 1.0.5(2021-04-16); rvest 1.0.4(2024-02-12); S4Arrays 1.9.1(2025-08-14); S4Vectors 0.47.0(2025-08-14); ScaledMatrix 1.17.0(2025-08-14); scales 1.4.0(2025-04-24); segmented 2.1-4(2025-02-28); Seqinfo 0.99.2(2025-08-14); sessioninfo 1.2.3(2025-02-05); SingleCellExperiment 1.31.1(2025-08-14); snow 0.4-4(2021-10-27); SparseArray 1.9.1(2025-08-14); sparseMatrixStats 1.21.0(2025-08-14); SpatialExperiment 1.19.1(2025-08-14); stringi 1.8.7(2025-03-27); stringr 1.5.1(2023-11-14); SummarizedExperiment 1.39.1(2025-08-14); survival 3.8-3(2024-12-17); testthat 3.2.3(2025-01-13); tibble 3.3.0(2025-06-08); tidyr 1.3.1(2024-01-24); tidyselect 1.2.1(2024-03-11); timechange 0.3.0(2024-01-18); tzdb 0.5.0(2025-03-15); vctrs 0.6.5(2023-12-01); viper 1.43.0(2025-08-14); viridisLite 0.4.2(2023-05-02); waldo 0.6.2(2025-07-11); websocket 1.4.4(2025-04-10); withr 3.0.2(2024-10-28); xfun 0.52(2025-04-02); XML 3.99-0.18(2025-01-01); xml2 1.3.8(2025-03-14); xtable 1.8-4(2019-04-21); XVector 0.49.0(2025-08-14); yaml 2.3.10(2024-07-26); zip 2.3.3(2025-05-13)
[2025-08-15 02:25:25] [INFO]    [OmnipathR] CURL: version: 8.14.1; headers: 8.14.1; ssl_version: (OpenSSL/3.5.0) Schannel; libz_version: 1.3; libssh_version: libssh2/1.11.0; libidn_version: NA; host: x86_64-w64-mingw32; protocols: dict, file, ftp, ftps, gopher, gophers, http, https, imap, imaps, ldap, ldaps, mqtt, pop3, pop3s, rtsp, scp, sftp, smb, smbs, smtp, smtps, telnet, tftp, ws, wss; ipv6: TRUE; http2: TRUE; idn: TRUE; url_parser: TRUE
[2025-08-15 02:25:25] [TRACE]   [OmnipathR] Running on a build server, wiping cache.
[2025-08-15 02:25:25] [TRACE]   [OmnipathR] Cache is at `C:\Users\biocbuild\AppData\Local\Cache\OmnipathR`.
[2025-08-15 02:25:25] [TRACE]   [OmnipathR] Contains 9 files.
[2025-08-15 02:25:25] [TRACE]   [OmnipathR] Cache is locked: FALSE.
[2025-08-15 02:25:25] [TRACE]   [OmnipathR] Reading JSON from `C:\Users\biocbuild\AppData\Local\Cache\OmnipathR/cache.json` (encoding: UTF-8).
[2025-08-15 02:25:25] [TRACE]   [OmnipathR] JSON validation successful: TRUE
[2025-08-15 02:25:25] [SUCCESS] [OmnipathR] Removing all cache contents from `C:\Users\biocbuild\AppData\Local\Cache\OmnipathR`.
[2025-08-15 02:25:25] [TRACE]   [OmnipathR] Pandoc version: `2.7.3`.
[2025-08-15 02:25:25] [TRACE]   [OmnipathR] Reading JSON from `F:/biocbuild/bbs-3.22-bioc/R/library/OmnipathR/db/db_def.json` (encoding: UTF-8).
[2025-08-15 02:25:25] [TRACE]   [OmnipathR] JSON validation successful: TRUE
[2025-08-15 02:25:25] [TRACE]   [OmnipathR] Reading JSON from `F:/biocbuild/bbs-3.22-bioc/R/library/OmnipathR/internal/magic_bytes.json` (encoding: UTF-8).
[2025-08-15 02:25:25] [TRACE]   [OmnipathR] JSON validation successful: TRUE
[2025-08-15 02:25:25] [TRACE]   [OmnipathR] Reading JSON from `F:/biocbuild/bbs-3.22-bioc/R/library/OmnipathR/internal/urls.json` (encoding: UTF-8).
[2025-08-15 02:25:25] [TRACE]   [OmnipathR] JSON validation successful: TRUE
[2025-08-15 02:25:25] [TRACE]   [OmnipathR] Reading JSON from `F:/biocbuild/bbs-3.22-bioc/R/library/OmnipathR/internal/id_types.json` (encoding: UTF-8).
[2025-08-15 02:25:25] [TRACE]   [OmnipathR] JSON validation successful: TRUE
[2025-08-15 02:25:25] [TRACE]   [OmnipathR] Cache locked: FALSE
[2025-08-15 02:25:25] [TRACE]   [OmnipathR] Reading JSON from `https://omnipathdb.org/resources` (encoding: UTF-8).
[2025-08-15 02:25:25] [TRACE]   [OmnipathR] JSON validation successful: TRUE
[2025-08-15 02:25:26] [TRACE]   [OmnipathR] Reading JSON from `https://omnipathdb.org/resources` (encoding: UTF-8).
[2025-08-15 02:25:26] [TRACE]   [OmnipathR] JSON validation successful: TRUE
[2025-08-15 02:25:26] [INFO]    [OmnipathR] Loading database `Ensembl and OMA organism names`.
[2025-08-15 02:25:26] [TRACE]   [OmnipathR] Reading JSON from `C:\Users\biocbuild\AppData\Local\Cache\OmnipathR/cache.json` (encoding: UTF-8).
[2025-08-15 02:25:26] [TRACE]   [OmnipathR] JSON validation successful: TRUE
[2025-08-15 02:25:26] [INFO]    [OmnipathR] Looking up in cache `https://www.ensembl.org/info/about/species.html`: key=7332486db7400730697234bad76ca0c8e4d00799, no version available.
[2025-08-15 02:25:26] [TRACE]   [OmnipathR] Reading JSON from `C:\Users\biocbuild\AppData\Local\Cache\OmnipathR/cache.json` (encoding: UTF-8).
[2025-08-15 02:25:26] [TRACE]   [OmnipathR] JSON validation successful: TRUE
[2025-08-15 02:25:26] [INFO]    [OmnipathR] Created new version for cache record 7332486db7400730697234bad76ca0c8e4d00799: version 1.
[2025-08-15 02:25:26] [TRACE]   [OmnipathR] Cache file path: C:\Users\biocbuild\AppData\Local\Cache\OmnipathR/7332486db7400730697234bad76ca0c8e4d00799-1.html
[2025-08-15 02:25:26] [INFO]    [OmnipathR] Retrieving URL: `https://www.ensembl.org/info/about/species.html`
[2025-08-15 02:25:26] [TRACE]   [OmnipathR] Downloading by `httr2` in `download_base`.
[2025-08-15 02:25:26] [TRACE]   [OmnipathR] Attempt 1/3: `https://www.ensembl.org/info/about/species.html`
[2025-08-15 02:25:26] [TRACE]   [OmnipathR] Preparing httr2 request to URL `https://www.ensembl.org/info/about/species.html`.
[2025-08-15 02:25:26] [TRACE]   [OmnipathR] HTTP headers: [User-Agent=Mozilla/5.0 (X11; Linux x86_64; rv:134.0) Gecko/20100101 Firefox/134.0]
[2025-08-15 02:25:26] [TRACE]   [OmnipathR] Curl options: [connecttimeout=10,timeout=300,debugfunction=<function>,verbose=FALSE,tcp_keepalive=TRUE,tcp_keepintvl=10,tcp_keepidle=10,tcp_keepcnt=13,upkeep_interval_ms=30000,ssl_verifypeer=1,ssl_verifyhost=2]
[2025-08-15 02:25:26] [TRACE]   [OmnipathR] HTTP headers: [User-Agent=Mozilla/5.0 (X11; Linux x86_64; rv:134.0) Gecko/20100101 Firefox/134.0]
[2025-08-15 02:25:26] [TRACE]   [OmnipathR] Sending HTTP request.
[2025-08-15 02:25:27] [TRACE]   [OmnipathR] HTTP 200 (OK)
[2025-08-15 02:25:27] [TRACE]   [OmnipathR] HTTP v1 GET: status 200.
[2025-08-15 02:25:27] [TRACE]   [OmnipathR] Downloaded 31.3 Kb in 0.439525s from www.ensembl.org (71.1 Kb/s); Redirect: 0s, DNS look up: 0.002169s, Connection: 0.084584s, Pretransfer: 0.181966s, First byte at: 0.336974s
[2025-08-15 02:25:27] [TRACE]   [OmnipathR] HTTP headers: HTTP/1.1 200 OK; Date: Fri, 15 Aug 2025 06:25:27 GMT; Content-Type: text/html; charset=utf-8; Content-Length: 32020; Connection: keep-alive; Server: Apache; Set-cookie: redirect_mirror=; path=/; expires=Mon, 01-Jan-2001 00:00:01 GMT; Set-cookie: redirect_mirror=no; path=/; expires=Sat, 16 Aug 2025 06:25:27 GMT; Set-cookie: ENSEMBL_HINX_SESSION=217abb41e69595e00fb56e4868edecd70130daae732e52705895d6ca; path=/; expires=Thu, 31-Dec-2037 23:59:59 GMT; HttpOnly; Set-cookie: redirect_mirror=; path=/; expires=Mon, 01-Jan-2001 00:00:01 GMT; Set-cookie: redirect_mirror=no; path=/; expires=Sat, 16 Aug 2025 06:25:27 GMT; Set-cookie: ENSEMBL_HINX_SESSION=217abb41e69595e00fb56e4868edecd70130daae732e52705895d6ca; path=/; expires=Thu, 31-Dec-2037 23:59:59 GMT; HttpOnly; Vary: Accept-Encoding; Content-Encoding: gzip; X-Frame-Options: SAMEORIGIN; Content-Security-Policy: frame-ancestors 'self'; X-NGINX-MACHINE: wp-p1m2-31.ebi.ac.uk
[2025-08-15 02:25:27] [TRACE]   [OmnipathR] Response headers: [Date=Fri, 15 Aug 2025 06:25:27 GMT,Content-Type=text/html; charset=utf-8,Content-Length=32020,Connection=keep-alive,Server=Apache,Set-cookie=redirect_mirror=; path=/; expires=Mon, 01-Jan-2001 00:00:01 GMT,Set-cookie=redirect_mirror=no; path=/; expires=Sat, 16 Aug 2025 06:25:27 GMT,Set-cookie=ENSEMBL_HINX_SESSION=217abb41e69595e00fb56e4868edecd70130daae732e52705895d6ca; path=/; expires=Thu, 31-Dec-2037 23:59:59 GMT; HttpOnly,Set-cookie=redirect_mirror=; path=/; expires=Mon, 01-Jan-2001 00:00:01 GMT,Set-cookie=redirect_mirror=no; path=/; expires=Sat, 16 Aug 2025 06:25:27 GMT,Set-cookie=ENSEMBL_HINX_SESSION=217abb41e69595e00fb56e4868edecd70130daae732e52705895d6ca; path=/; expires=Thu, 31-Dec-2037 23:59:59 GMT; HttpOnly,Vary=Accept-Encoding,Content-Encoding=gzip,X-Frame-Options=SAMEORIGIN,Content-Security-Policy=frame-ancestors 'self',X-NGINX-MACHINE=wp-p1m2-31.ebi.ac.uk]
[2025-08-15 02:25:28] [INFO]    [OmnipathR] Download ready [key=7332486db7400730697234bad76ca0c8e4d00799, version=1]
[2025-08-15 02:25:28] [TRACE]   [OmnipathR] Reading JSON from `C:\Users\biocbuild\AppData\Local\Cache\OmnipathR/cache.json` (encoding: UTF-8).
[2025-08-15 02:25:28] [TRACE]   [OmnipathR] JSON validation successful: TRUE
[2025-08-15 02:25:28] [INFO]    [OmnipathR] Cache item `7332486db7400730697234bad76ca0c8e4d00799` version 1: status changed from `unknown` to `ready`.
[2025-08-15 02:25:28] [TRACE]   [OmnipathR] Downloading by `generic_downloader`.
[2025-08-15 02:25:28] [TRACE]   [OmnipathR] Looking up in cache: `https://omabrowser.org/All/oma-species.txt`.
[2025-08-15 02:25:28] [INFO]    [OmnipathR] Cache record does not exist: `https://omabrowser.org/All/oma-species.txt`
[2025-08-15 02:25:28] [TRACE]   [OmnipathR] Could not find in cache, initiating download: `https://omabrowser.org/All/oma-species.txt`.
[2025-08-15 02:25:28] [TRACE]   [OmnipathR] Reading JSON from `C:\Users\biocbuild\AppData\Local\Cache\OmnipathR/cache.json` (encoding: UTF-8).
[2025-08-15 02:25:28] [TRACE]   [OmnipathR] JSON validation successful: TRUE
[2025-08-15 02:25:28] [TRACE]   [OmnipathR] Reading JSON from `C:\Users\biocbuild\AppData\Local\Cache\OmnipathR/cache.json` (encoding: UTF-8).
[2025-08-15 02:25:28] [TRACE]   [OmnipathR] JSON validation successful: TRUE
[2025-08-15 02:25:28] [INFO]    [OmnipathR] Cache item `30e690cbb55dfc63b5903ab337f34ffc2f4be397` version 1: status changed from `unknown` to `started`.
[2025-08-15 02:25:28] [TRACE]   [OmnipathR] Exporting object to RDS: `C:\Users\biocbuild\AppData\Local\Cache\OmnipathR/30e690cbb55dfc63b5903ab337f34ffc2f4be397-1.rds`.
[2025-08-15 02:25:28] [INFO]    [OmnipathR] Retrieving URL: `https://omabrowser.org/All/oma-species.txt`
[2025-08-15 02:25:28] [TRACE]   [OmnipathR] Attempt 1/3: `https://omabrowser.org/All/oma-species.txt`
[2025-08-15 02:25:28] [TRACE]   [OmnipathR] HTTP request by `omnipath_curl`.
[2025-08-15 02:25:28] [TRACE]   [OmnipathR] Curl options: [connecttimeout=10,timeout=300,debugfunction=<function>,verbose=FALSE,tcp_keepalive=TRUE,tcp_keepintvl=10,tcp_keepidle=10,tcp_keepcnt=13,upkeep_interval_ms=30000,ssl_verifypeer=1,ssl_verifyhost=2]
[2025-08-15 02:25:29] [TRACE]   [OmnipathR] HTTP v2 GET: status 200.
[2025-08-15 02:25:29] [TRACE]   [OmnipathR] Downloaded 7.8 Kb in 0.308986s from omabrowser.org (25.3 Kb/s); Redirect: 0s, DNS look up: 0.002646s, Connection: 0.099489s, Pretransfer: 0.207916s, First byte at: 0.308561s
[2025-08-15 02:25:29] [TRACE]   [OmnipathR] HTTP headers: HTTP/2 200 ; date: Fri, 15 Aug 2025 06:25:30 GMT; server: nginx; strict-transport-security: max-age=31536000; includeSubDomains; content-type: text/plain; charset=UTF-8; last-modified: Wed, 20 Nov 2024 10:20:02 GMT; etag: W/"673db7d2-6517f"; access-control-allow-origin: *; content-encoding: gzip
[2025-08-15 02:25:30] [TRACE]   [OmnipathR] Exported RDS to `C:\Users\biocbuild\AppData\Local\Cache\OmnipathR/30e690cbb55dfc63b5903ab337f34ffc2f4be397-1.rds`.
[2025-08-15 02:25:30] [INFO]    [OmnipathR] Download ready [key=30e690cbb55dfc63b5903ab337f34ffc2f4be397, version=1]
[2025-08-15 02:25:30] [TRACE]   [OmnipathR] Reading JSON from `C:\Users\biocbuild\AppData\Local\Cache\OmnipathR/cache.json` (encoding: UTF-8).
[2025-08-15 02:25:30] [TRACE]   [OmnipathR] JSON validation successful: TRUE
[2025-08-15 02:25:30] [INFO]    [OmnipathR] Cache item `30e690cbb55dfc63b5903ab337f34ffc2f4be397` version 1: status changed from `started` to `ready`.
[2025-08-15 02:25:30] [TRACE]   [OmnipathR] Downloading by `generic_downloader`.
[2025-08-15 02:25:30] [TRACE]   [OmnipathR] Looking up in cache: `https://ftp.expasy.org/databases/uniprot/current_release/knowledgebase/complete/docs/speclist.txt`.
[2025-08-15 02:25:30] [INFO]    [OmnipathR] Cache record does not exist: `https://ftp.expasy.org/databases/uniprot/current_release/knowledgebase/complete/docs/speclist.txt`
[2025-08-15 02:25:30] [TRACE]   [OmnipathR] Could not find in cache, initiating download: `https://ftp.expasy.org/databases/uniprot/current_release/knowledgebase/complete/docs/speclist.txt`.
[2025-08-15 02:25:31] [TRACE]   [OmnipathR] Reading JSON from `C:\Users\biocbuild\AppData\Local\Cache\OmnipathR/cache.json` (encoding: UTF-8).
[2025-08-15 02:25:31] [TRACE]   [OmnipathR] JSON validation successful: TRUE
[2025-08-15 02:25:31] [TRACE]   [OmnipathR] Reading JSON from `C:\Users\biocbuild\AppData\Local\Cache\OmnipathR/cache.json` (encoding: UTF-8).
[2025-08-15 02:25:31] [TRACE]   [OmnipathR] JSON validation successful: TRUE
[2025-08-15 02:25:31] [INFO]    [OmnipathR] Cache item `56ad6544dc07a2222fa6013d8d83e6e5a35fdf33` version 1: status changed from `unknown` to `started`.
[2025-08-15 02:25:31] [TRACE]   [OmnipathR] Exporting object to RDS: `C:\Users\biocbuild\AppData\Local\Cache\OmnipathR/56ad6544dc07a2222fa6013d8d83e6e5a35fdf33-1.rds`.
[2025-08-15 02:25:31] [INFO]    [OmnipathR] Retrieving URL: `https://ftp.expasy.org/databases/uniprot/current_release/knowledgebase/complete/docs/speclist.txt`
[2025-08-15 02:25:31] [TRACE]   [OmnipathR] Attempt 1/3: `https://ftp.expasy.org/databases/uniprot/current_release/knowledgebase/complete/docs/speclist.txt`
Error in if (value$static.fun) fun <- value$data$fun else fun <- NULL : 
  argument is of length zero
Calls: local ... doTryCatch -> .recv -> .recv -> .load_task_static -> .task_const
Execution halted
[2025-08-15 02:26:04] [TRACE]   [OmnipathR] Exported RDS to `C:\Users\biocbuild\AppData\Local\Cache\OmnipathR/56ad6544dc07a2222fa6013d8d83e6e5a35fdf33-1.rds`.
[2025-08-15 02:26:04] [INFO]    [OmnipathR] Download ready [key=56ad6544dc07a2222fa6013d8d83e6e5a35fdf33, version=1]
[2025-08-15 02:26:04] [TRACE]   [OmnipathR] Reading JSON from `C:\Users\biocbuild\AppData\Local\Cache\OmnipathR/cache.json` (encoding: UTF-8).
[2025-08-15 02:26:04] [TRACE]   [OmnipathR] JSON validation successful: TRUE
[2025-08-15 02:26:04] [INFO]    [OmnipathR] Cache item `56ad6544dc07a2222fa6013d8d83e6e5a35fdf33` version 1: status changed from `started` to `ready`.
[2025-08-15 02:26:04] [INFO]    [OmnipathR] Loaded database `Ensembl and OMA organism names`.
[2025-08-15 02:26:04] [TRACE]   [OmnipathR] Processing args for OmniPath query
[2025-08-15 02:26:04] [TRACE]   [OmnipathR] Arguments for OmniPath query: [wide=TRUE,resources=TFcensus,query_type=annotations]
[2025-08-15 02:26:04] [TRACE]   [OmnipathR] Organism(s): 9606
[2025-08-15 02:26:04] [TRACE]   [OmnipathR] Orthology targets: 
[2025-08-15 02:26:05] [TRACE]   [OmnipathR] Reading JSON from `https://omnipathdb.org/resources` (encoding: UTF-8).
[2025-08-15 02:26:05] [TRACE]   [OmnipathR] JSON validation successful: TRUE
[2025-08-15 02:26:05] [TRACE]   [OmnipathR] Looking up in cache: `https://omnipathdb.org/annotations?resources=TFcensus&license=academic`
[2025-08-15 02:26:05] [INFO]    [OmnipathR] Cache record does not exist: `https://omnipathdb.org/annotations?resources=TFcensus&license=academic`
[2025-08-15 02:26:05] [TRACE]   [OmnipathR] Looking up in cache: `http://no-tls.omnipathdb.org/annotations?resources=TFcensus&license=academic`
[2025-08-15 02:26:05] [INFO]    [OmnipathR] Cache record does not exist: `http://no-tls.omnipathdb.org/annotations?resources=TFcensus&license=academic`
[2025-08-15 02:26:05] [TRACE]   [OmnipathR] Attempting `https://omnipathdb.org/annotations?resources=TFcensus&license=academic`
[2025-08-15 02:26:05] [INFO]    [OmnipathR] Retrieving URL: `https://omnipathdb.org/annotations?resources=TFcensus&license=academic`
[2025-08-15 02:26:05] [TRACE]   [OmnipathR] Attempt 1/3: `https://omnipathdb.org/annotations?resources=TFcensus&license=academic`
[2025-08-15 02:26:05] [TRACE]   [OmnipathR] HTTP request by `omnipath_curl`.
[2025-08-15 02:26:05] [TRACE]   [OmnipathR] Curl options: [connecttimeout=10,timeout=300,debugfunction=<function>,verbose=FALSE,tcp_keepalive=TRUE,tcp_keepintvl=10,tcp_keepidle=10,tcp_keepcnt=13,upkeep_interval_ms=30000,ssl_verifypeer=1,ssl_verifyhost=2]
[2025-08-15 02:26:05] [TRACE]   [OmnipathR] HTTP v1 GET: status 200.
[2025-08-15 02:26:05] [TRACE]   [OmnipathR] Downloaded 15.7 Kb in 0.424561s from omnipathdb.org (36.9 Kb/s); Redirect: 0s, DNS look up: 0.002202s, Connection: 0.084807s, Pretransfer: 0.259078s, First byte at: 0.423998s
[2025-08-15 02:26:05] [TRACE]   [OmnipathR] HTTP headers: HTTP/1.1 200 OK; Server: nginx; Date: Fri, 15 Aug 2025 06:26:06 GMT; Content-Type: text/plain; charset=utf-8; Transfer-Encoding: chunked; Connection: keep-alive; Cache-Control: max-age=3600; Access-Control-Allow-Origin: *; Expires: Fri, 15 Aug 2025 07:26:06 GMT; Cache-Control: public; X-Frame-Options: DENY; Content-Encoding: gzip
[2025-08-15 02:26:07] [INFO]    [OmnipathR] Successfully retrieved: `https://omnipathdb.org/annotations?resources=TFcensus&license=academic`
[2025-08-15 02:26:07] [TRACE]   [OmnipathR] Reading JSON from `C:\Users\biocbuild\AppData\Local\Cache\OmnipathR/cache.json` (encoding: UTF-8).
[2025-08-15 02:26:07] [TRACE]   [OmnipathR] JSON validation successful: TRUE
[2025-08-15 02:26:07] [TRACE]   [OmnipathR] Reading JSON from `C:\Users\biocbuild\AppData\Local\Cache\OmnipathR/cache.json` (encoding: UTF-8).
[2025-08-15 02:26:07] [TRACE]   [OmnipathR] JSON validation successful: TRUE
[2025-08-15 02:26:07] [INFO]    [OmnipathR] Cache item `6f000d9b5edd9832b1c28754d1c3d9449c1c7490` version 1: status changed from `unknown` to `started`.
[2025-08-15 02:26:07] [TRACE]   [OmnipathR] Exporting object to RDS: `C:\Users\biocbuild\AppData\Local\Cache\OmnipathR/6f000d9b5edd9832b1c28754d1c3d9449c1c7490-1.rds`.
[2025-08-15 02:26:07] [TRACE]   [OmnipathR] Exported RDS to `C:\Users\biocbuild\AppData\Local\Cache\OmnipathR/6f000d9b5edd9832b1c28754d1c3d9449c1c7490-1.rds`.
[2025-08-15 02:26:07] [INFO]    [OmnipathR] Download ready [key=6f000d9b5edd9832b1c28754d1c3d9449c1c7490, version=1]
[2025-08-15 02:26:07] [TRACE]   [OmnipathR] Reading JSON from `C:\Users\biocbuild\AppData\Local\Cache\OmnipathR/cache.json` (encoding: UTF-8).
[2025-08-15 02:26:07] [TRACE]   [OmnipathR] JSON validation successful: TRUE
[2025-08-15 02:26:07] [INFO]    [OmnipathR] Cache item `6f000d9b5edd9832b1c28754d1c3d9449c1c7490` version 1: status changed from `started` to `ready`.
[2025-08-15 02:26:07] [SUCCESS] [OmnipathR] Downloaded 3497 annotation records.
[2025-08-15 02:26:08] [TRACE]   [OmnipathR] Reading JSON from `https://omnipathdb.org/resources` (encoding: UTF-8).
[2025-08-15 02:26:08] [TRACE]   [OmnipathR] JSON validation successful: TRUE
[2025-08-15 02:26:08] [TRACE]   [OmnipathR] Processing args for OmniPath query
[2025-08-15 02:26:08] [TRACE]   [OmnipathR] Arguments for OmniPath query: [wide=TRUE,resources=PROGENy,query_type=annotations]
[2025-08-15 02:26:08] [TRACE]   [OmnipathR] Organism(s): 9606
[2025-08-15 02:26:08] [TRACE]   [OmnipathR] Orthology targets: 
[2025-08-15 02:26:08] [TRACE]   [OmnipathR] Reading JSON from `https://omnipathdb.org/resources` (encoding: UTF-8).
[2025-08-15 02:26:08] [TRACE]   [OmnipathR] JSON validation successful: TRUE
[2025-08-15 02:26:08] [TRACE]   [OmnipathR] Looking up in cache: `https://omnipathdb.org/annotations?resources=PROGENy&license=academic`
[2025-08-15 02:26:08] [INFO]    [OmnipathR] Cache record does not exist: `https://omnipathdb.org/annotations?resources=PROGENy&license=academic`
[2025-08-15 02:26:08] [TRACE]   [OmnipathR] Looking up in cache: `http://no-tls.omnipathdb.org/annotations?resources=PROGENy&license=academic`
[2025-08-15 02:26:08] [INFO]    [OmnipathR] Cache record does not exist: `http://no-tls.omnipathdb.org/annotations?resources=PROGENy&license=academic`
[2025-08-15 02:26:08] [TRACE]   [OmnipathR] Attempting `https://omnipathdb.org/annotations?resources=PROGENy&license=academic`
[2025-08-15 02:26:08] [INFO]    [OmnipathR] Retrieving URL: `https://omnipathdb.org/annotations?resources=PROGENy&license=academic`
[2025-08-15 02:26:08] [TRACE]   [OmnipathR] Attempt 1/3: `https://omnipathdb.org/annotations?resources=PROGENy&license=academic`
[2025-08-15 02:26:08] [TRACE]   [OmnipathR] HTTP request by `omnipath_curl`.
[2025-08-15 02:26:08] [TRACE]   [OmnipathR] Curl options: [connecttimeout=10,timeout=300,debugfunction=<function>,verbose=FALSE,tcp_keepalive=TRUE,tcp_keepintvl=10,tcp_keepidle=10,tcp_keepcnt=13,upkeep_interval_ms=30000,ssl_verifypeer=1,ssl_verifyhost=2]
[2025-08-15 02:26:09] [TRACE]   [OmnipathR] HTTP v1 GET: status 200.
[2025-08-15 02:26:09] [TRACE]   [OmnipathR] Downloaded 15.7 Kb in 0.425593s from omnipathdb.org (36.8 Kb/s); Redirect: 0s, DNS look up: 0.0023s, Connection: 0.085117s, Pretransfer: 0.261033s, First byte at: 0.425021s
[2025-08-15 02:26:09] [TRACE]   [OmnipathR] HTTP headers: HTTP/1.1 200 OK; Server: nginx; Date: Fri, 15 Aug 2025 06:26:10 GMT; Content-Type: text/plain; charset=utf-8; Transfer-Encoding: chunked; Connection: keep-alive; Cache-Control: max-age=3600; Access-Control-Allow-Origin: *; Expires: Fri, 15 Aug 2025 07:26:10 GMT; Cache-Control: public; X-Frame-Options: DENY; Content-Encoding: gzip
[2025-08-15 02:26:13] [INFO]    [OmnipathR] Successfully retrieved: `https://omnipathdb.org/annotations?resources=PROGENy&license=academic`
[2025-08-15 02:26:13] [TRACE]   [OmnipathR] Reading JSON from `C:\Users\biocbuild\AppData\Local\Cache\OmnipathR/cache.json` (encoding: UTF-8).
[2025-08-15 02:26:13] [TRACE]   [OmnipathR] JSON validation successful: TRUE
[2025-08-15 02:26:13] [TRACE]   [OmnipathR] Reading JSON from `C:\Users\biocbuild\AppData\Local\Cache\OmnipathR/cache.json` (encoding: UTF-8).
[2025-08-15 02:26:13] [TRACE]   [OmnipathR] JSON validation successful: TRUE
[2025-08-15 02:26:13] [INFO]    [OmnipathR] Cache item `3492392585ba05414edfae46801492076437d7e7` version 1: status changed from `unknown` to `started`.
[2025-08-15 02:26:13] [TRACE]   [OmnipathR] Exporting object to RDS: `C:\Users\biocbuild\AppData\Local\Cache\OmnipathR/3492392585ba05414edfae46801492076437d7e7-1.rds`.
[2025-08-15 02:26:16] [TRACE]   [OmnipathR] Exported RDS to `C:\Users\biocbuild\AppData\Local\Cache\OmnipathR/3492392585ba05414edfae46801492076437d7e7-1.rds`.
[2025-08-15 02:26:16] [INFO]    [OmnipathR] Download ready [key=3492392585ba05414edfae46801492076437d7e7, version=1]
[2025-08-15 02:26:16] [TRACE]   [OmnipathR] Reading JSON from `C:\Users\biocbuild\AppData\Local\Cache\OmnipathR/cache.json` (encoding: UTF-8).
[2025-08-15 02:26:16] [TRACE]   [OmnipathR] JSON validation successful: TRUE
[2025-08-15 02:26:16] [INFO]    [OmnipathR] Cache item `3492392585ba05414edfae46801492076437d7e7` version 1: status changed from `started` to `ready`.
[2025-08-15 02:26:16] [SUCCESS] [OmnipathR] Downloaded 699831 annotation records.
[2025-08-15 02:26:18] [TRACE]   [OmnipathR] Reading JSON from `https://omnipathdb.org/resources` (encoding: UTF-8).
[2025-08-15 02:26:18] [TRACE]   [OmnipathR] JSON validation successful: TRUE
[2025-08-15 02:26:18] [TRACE]   [OmnipathR] Processing args for OmniPath query
[2025-08-15 02:26:18] [TRACE]   [OmnipathR] Arguments for OmniPath query: [wide=TRUE,resources=PROGENy,query_type=annotations]
[2025-08-15 02:26:18] [TRACE]   [OmnipathR] Organism(s): 9606
[2025-08-15 02:26:18] [TRACE]   [OmnipathR] Orthology targets: 
[2025-08-15 02:26:19] [TRACE]   [OmnipathR] Reading JSON from `https://omnipathdb.org/resources` (encoding: UTF-8).
[2025-08-15 02:26:19] [TRACE]   [OmnipathR] JSON validation successful: TRUE
[2025-08-15 02:26:19] [TRACE]   [OmnipathR] Looking up in cache: `https://omnipathdb.org/annotations?resources=PROGENy&license=academic`
[2025-08-15 02:26:22] [TRACE]   [OmnipathR] Loaded data from RDS `C:\Users\biocbuild\AppData\Local\Cache\OmnipathR/3492392585ba05414edfae46801492076437d7e7-1.rds`.
[2025-08-15 02:26:22] [INFO]    [OmnipathR] Loaded from cache: `https://omnipathdb.org/annotations?resources=PROGENy&license=academic`
[2025-08-15 02:26:22] [SUCCESS] [OmnipathR] Loaded 699831 annotation records from cache.
[2025-08-15 02:26:23] [INFO]    [OmnipathR] Loading database `Orthologous Matrix (OMA) gene pairs`.
[2025-08-15 02:26:24] [TRACE]   [OmnipathR] Downloading by `generic_downloader`.
[2025-08-15 02:26:24] [TRACE]   [OmnipathR] Looking up in cache: `https://omabrowser.org/All/oma-species.txt`.
[2025-08-15 02:26:24] [TRACE]   [OmnipathR] Loaded data from RDS `C:\Users\biocbuild\AppData\Local\Cache\OmnipathR/30e690cbb55dfc63b5903ab337f34ffc2f4be397-1.rds`.
[2025-08-15 02:26:24] [TRACE]   [OmnipathR] Downloading by `generic_downloader`.
[2025-08-15 02:26:24] [TRACE]   [OmnipathR] Looking up in cache: `https://omabrowser.org/All/oma-species.txt`.
[2025-08-15 02:26:24] [TRACE]   [OmnipathR] Loaded data from RDS `C:\Users\biocbuild\AppData\Local\Cache\OmnipathR/30e690cbb55dfc63b5903ab337f34ffc2f4be397-1.rds`.
[2025-08-15 02:26:24] [TRACE]   [OmnipathR] Downloading by `generic_downloader`.
[2025-08-15 02:26:24] [TRACE]   [OmnipathR] Looking up in cache: `https://omabrowser.org/api/pairs/HUMAN/MOUSE/?format=tsv&xrefs=UniProtKB%2FSwissProt&per_page=2000000`.
[2025-08-15 02:26:24] [INFO]    [OmnipathR] Cache record does not exist: `https://omabrowser.org/api/pairs/HUMAN/MOUSE/?format=tsv&xrefs=UniProtKB%2FSwissProt&per_page=2000000`
[2025-08-15 02:26:24] [TRACE]   [OmnipathR] Could not find in cache, initiating download: `https://omabrowser.org/api/pairs/HUMAN/MOUSE/?format=tsv&xrefs=UniProtKB%2FSwissProt&per_page=2000000`.
[2025-08-15 02:26:24] [TRACE]   [OmnipathR] Reading JSON from `C:\Users\biocbuild\AppData\Local\Cache\OmnipathR/cache.json` (encoding: UTF-8).
[2025-08-15 02:26:24] [TRACE]   [OmnipathR] JSON validation successful: TRUE
[2025-08-15 02:26:24] [TRACE]   [OmnipathR] Reading JSON from `C:\Users\biocbuild\AppData\Local\Cache\OmnipathR/cache.json` (encoding: UTF-8).
[2025-08-15 02:26:24] [TRACE]   [OmnipathR] JSON validation successful: TRUE
[2025-08-15 02:26:24] [INFO]    [OmnipathR] Cache item `8f45b25c384d814c7de210e7ca40b7e35894e4f1` version 1: status changed from `unknown` to `started`.
[2025-08-15 02:26:24] [TRACE]   [OmnipathR] Exporting object to RDS: `C:\Users\biocbuild\AppData\Local\Cache\OmnipathR/8f45b25c384d814c7de210e7ca40b7e35894e4f1-1.rds`.
[2025-08-15 02:26:24] [INFO]    [OmnipathR] Retrieving URL: `https://omabrowser.org/api/pairs/HUMAN/MOUSE/?format=tsv&xrefs=UniProtKB%2FSwissProt&per_page=2000000`
[2025-08-15 02:26:24] [TRACE]   [OmnipathR] Attempt 1/3: `https://omabrowser.org/api/pairs/HUMAN/MOUSE/?format=tsv&xrefs=UniProtKB%2FSwissProt&per_page=2000000`
[2025-08-15 02:26:24] [TRACE]   [OmnipathR] HTTP request by `omnipath_curl`.
[2025-08-15 02:26:24] [TRACE]   [OmnipathR] Curl options: [connecttimeout=10,timeout=300,debugfunction=<function>,verbose=FALSE,tcp_keepalive=TRUE,tcp_keepintvl=10,tcp_keepidle=10,tcp_keepcnt=13,upkeep_interval_ms=30000,ssl_verifypeer=1,ssl_verifyhost=2]
[2025-08-15 02:26:50] [TRACE]   [OmnipathR] HTTP v2 GET: status 200.
[2025-08-15 02:26:50] [TRACE]   [OmnipathR] Downloaded 3.8 Kb in 26.369343s from omabrowser.org (146 bytes/s); Redirect: 0s, DNS look up: 0.00207s, Connection: 0.098664s, Pretransfer: 0.210403s, First byte at: 26.369156s
[2025-08-15 02:26:50] [TRACE]   [OmnipathR] HTTP headers: HTTP/2 200 ; date: Fri, 15 Aug 2025 06:26:51 GMT; server: nginx; strict-transport-security: max-age=31536000; includeSubDomains; content-type: text/tsv; charset=utf-8; content-length: 1187278; x-total-count: 22374; vary: Accept,Origin,Cookie; allow: GET, HEAD, OPTIONS; content-disposition: attachment; filename=OMA-Pairs_HUMAN-MOUSE_2025-08-15_062649.tsv; x-frame-options: SAMEORIGIN; set-cookie: __matomo=9959036138486955; expires=Sun, 15-Aug-2027 06:26:51 UTC; Path=/
[2025-08-15 02:26:53] [TRACE]   [OmnipathR] Exported RDS to `C:\Users\biocbuild\AppData\Local\Cache\OmnipathR/8f45b25c384d814c7de210e7ca40b7e35894e4f1-1.rds`.
[2025-08-15 02:26:53] [INFO]    [OmnipathR] Download ready [key=8f45b25c384d814c7de210e7ca40b7e35894e4f1, version=1]
[2025-08-15 02:26:53] [TRACE]   [OmnipathR] Reading JSON from `C:\Users\biocbuild\AppData\Local\Cache\OmnipathR/cache.json` (encoding: UTF-8).
[2025-08-15 02:26:53] [TRACE]   [OmnipathR] JSON validation successful: TRUE
[2025-08-15 02:26:53] [INFO]    [OmnipathR] Cache item `8f45b25c384d814c7de210e7ca40b7e35894e4f1` version 1: status changed from `started` to `ready`.
[2025-08-15 02:26:53] [TRACE]   [OmnipathR] ID translation table: from `uniprot_entry` to `uniprot`, using `uniprot`.
[2025-08-15 02:26:53] [TRACE]   [OmnipathR] Creating ID mapping table from `id` to `accession`, for organism 9606 (only reviewed: TRUE)
[2025-08-15 02:26:53] [TRACE]   [OmnipathR] Loading all UniProt records for organism 9606 (only reviewed: TRUE); fields: id,accession
[2025-08-15 02:26:53] [TRACE]   [OmnipathR] Downloading by `generic_downloader`.
[2025-08-15 02:26:53] [TRACE]   [OmnipathR] Looking up in cache: `https://rest.uniprot.org/uniprotkb/stream?format=tsv&fields=id,accession&query=organism_id:9606%20AND%20reviewed:true`.
[2025-08-15 02:26:53] [INFO]    [OmnipathR] Cache record does not exist: `https://rest.uniprot.org/uniprotkb/stream?format=tsv&fields=id,accession&query=organism_id:9606%20AND%20reviewed:true`
[2025-08-15 02:26:53] [TRACE]   [OmnipathR] Could not find in cache, initiating download: `https://rest.uniprot.org/uniprotkb/stream?format=tsv&fields=id,accession&query=organism_id:9606%20AND%20reviewed:true`.
[2025-08-15 02:26:53] [TRACE]   [OmnipathR] Reading JSON from `C:\Users\biocbuild\AppData\Local\Cache\OmnipathR/cache.json` (encoding: UTF-8).
[2025-08-15 02:26:53] [TRACE]   [OmnipathR] JSON validation successful: TRUE
[2025-08-15 02:26:53] [TRACE]   [OmnipathR] Reading JSON from `C:\Users\biocbuild\AppData\Local\Cache\OmnipathR/cache.json` (encoding: UTF-8).
[2025-08-15 02:26:53] [TRACE]   [OmnipathR] JSON validation successful: TRUE
[2025-08-15 02:26:53] [INFO]    [OmnipathR] Cache item `6558a1824894a625b8e3f80538cd3aa6e8a44379` version 1: status changed from `unknown` to `started`.
[2025-08-15 02:26:53] [TRACE]   [OmnipathR] Exporting object to RDS: `C:\Users\biocbuild\AppData\Local\Cache\OmnipathR/6558a1824894a625b8e3f80538cd3aa6e8a44379-1.rds`.
[2025-08-15 02:26:53] [INFO]    [OmnipathR] Retrieving URL: `https://rest.uniprot.org/uniprotkb/stream?format=tsv&fields=id,accession&query=organism_id:9606%20AND%20reviewed:true`
[2025-08-15 02:26:53] [TRACE]   [OmnipathR] Attempt 1/3: `https://rest.uniprot.org/uniprotkb/stream?format=tsv&fields=id,accession&query=organism_id:9606%20AND%20reviewed:true`
[2025-08-15 02:26:53] [TRACE]   [OmnipathR] HTTP request by `omnipath_curl`.
[2025-08-15 02:26:53] [TRACE]   [OmnipathR] Curl options: [connecttimeout=10,timeout=300,debugfunction=<function>,verbose=FALSE,tcp_keepalive=TRUE,tcp_keepintvl=10,tcp_keepidle=10,tcp_keepcnt=13,upkeep_interval_ms=30000,ssl_verifypeer=1,ssl_verifyhost=2]
[2025-08-15 02:26:54] [TRACE]   [OmnipathR] HTTP v2 GET: status 200.
[2025-08-15 02:26:54] [TRACE]   [OmnipathR] Downloaded 31 bytes in 0.696035s from rest.uniprot.org (44 bytes/s); Redirect: 0s, DNS look up: 0.174041s, Connection: 0.256623s, Pretransfer: 0.353961s, First byte at: 0.695806s
[2025-08-15 02:26:54] [TRACE]   [OmnipathR] HTTP headers: HTTP/2 200 ; vary: accept,accept-encoding,x-uniprot-release,x-api-deployment-date; vary: User-Agent; cache-control: public, max-age=43200; content-type: text/plain;format=tsv; content-encoding: gzip; access-control-allow-credentials: true; access-control-expose-headers: Link, X-Total-Results, X-UniProt-Release, X-UniProt-Release-Date, X-API-Deployment-Date; x-api-deployment-date: 08-August-2025; strict-transport-security: max-age=31536000; includeSubDomains; date: Fri, 15 Aug 2025 06:26:54 GMT; access-control-max-age: 1728000; x-uniprot-release: 2025_03; access-control-allow-origin: *; access-control-allow-methods: GET, PUT, POST, DELETE, PATCH, OPTIONS; access-control-allow-headers: DNT,Keep-Alive,User-Agent,X-Requested-With,If-Modified-Since,Cache-Control,Content-Type,Range,Authorization; x-uniprot-release-date: 18-June-2025
[2025-08-15 02:27:03] [TRACE]   [OmnipathR] Exported RDS to `C:\Users\biocbuild\AppData\Local\Cache\OmnipathR/6558a1824894a625b8e3f80538cd3aa6e8a44379-1.rds`.
[2025-08-15 02:27:04] [INFO]    [OmnipathR] Download ready [key=6558a1824894a625b8e3f80538cd3aa6e8a44379, version=1]
[2025-08-15 02:27:04] [TRACE]   [OmnipathR] Reading JSON from `C:\Users\biocbuild\AppData\Local\Cache\OmnipathR/cache.json` (encoding: UTF-8).
[2025-08-15 02:27:04] [TRACE]   [OmnipathR] JSON validation successful: TRUE
[2025-08-15 02:27:04] [INFO]    [OmnipathR] Cache item `6558a1824894a625b8e3f80538cd3aa6e8a44379` version 1: status changed from `started` to `ready`.
[2025-08-15 02:27:04] [SUCCESS] [OmnipathR] UniProt (rest.uniprot.org): downloaded 20420 records
[2025-08-15 02:27:04] [TRACE]   [OmnipathR] Translating complexes: 0 complexes in data.
[2025-08-15 02:27:04] [TRACE]   [OmnipathR] 0 complexes after removing the ones mapping to more than 1 items in target identifier space.
[2025-08-15 02:27:04] [TRACE]   [OmnipathR] Translated 0 complexes to 0.
[2025-08-15 02:27:04] [TRACE]   [OmnipathR] 13774 rows before translation, 13774 uniprot_entry IDs in column `id_organism_a`.
[2025-08-15 02:27:04] [TRACE]   [OmnipathR] 13774 rows after translation; translated 13550 `uniprot_entry` IDs in column `id_organism_a` to 13550 `uniprot` IDs in column `id_organism_a`.
[2025-08-15 02:27:04] [TRACE]   [OmnipathR] ID translation table: from `uniprot_entry` to `uniprot`, using `uniprot`.
[2025-08-15 02:27:04] [TRACE]   [OmnipathR] Creating ID mapping table from `id` to `accession`, for organism 10090 (only reviewed: TRUE)
[2025-08-15 02:27:04] [TRACE]   [OmnipathR] Loading all UniProt records for organism 10090 (only reviewed: TRUE); fields: id,accession
[2025-08-15 02:27:04] [TRACE]   [OmnipathR] Downloading by `generic_downloader`.
[2025-08-15 02:27:04] [TRACE]   [OmnipathR] Looking up in cache: `https://rest.uniprot.org/uniprotkb/stream?format=tsv&fields=id,accession&query=organism_id:10090%20AND%20reviewed:true`.
[2025-08-15 02:27:04] [INFO]    [OmnipathR] Cache record does not exist: `https://rest.uniprot.org/uniprotkb/stream?format=tsv&fields=id,accession&query=organism_id:10090%20AND%20reviewed:true`
[2025-08-15 02:27:04] [TRACE]   [OmnipathR] Could not find in cache, initiating download: `https://rest.uniprot.org/uniprotkb/stream?format=tsv&fields=id,accession&query=organism_id:10090%20AND%20reviewed:true`.
[2025-08-15 02:27:04] [TRACE]   [OmnipathR] Reading JSON from `C:\Users\biocbuild\AppData\Local\Cache\OmnipathR/cache.json` (encoding: UTF-8).
[2025-08-15 02:27:04] [TRACE]   [OmnipathR] JSON validation successful: TRUE
[2025-08-15 02:27:04] [TRACE]   [OmnipathR] Reading JSON from `C:\Users\biocbuild\AppData\Local\Cache\OmnipathR/cache.json` (encoding: UTF-8).
[2025-08-15 02:27:04] [TRACE]   [OmnipathR] JSON validation successful: TRUE
[2025-08-15 02:27:04] [INFO]    [OmnipathR] Cache item `43ea5f2cdaa9ac7e0e114371af97235cdddd776f` version 1: status changed from `unknown` to `started`.
[2025-08-15 02:27:04] [TRACE]   [OmnipathR] Exporting object to RDS: `C:\Users\biocbuild\AppData\Local\Cache\OmnipathR/43ea5f2cdaa9ac7e0e114371af97235cdddd776f-1.rds`.
[2025-08-15 02:27:04] [INFO]    [OmnipathR] Retrieving URL: `https://rest.uniprot.org/uniprotkb/stream?format=tsv&fields=id,accession&query=organism_id:10090%20AND%20reviewed:true`
[2025-08-15 02:27:05] [TRACE]   [OmnipathR] Attempt 1/3: `https://rest.uniprot.org/uniprotkb/stream?format=tsv&fields=id,accession&query=organism_id:10090%20AND%20reviewed:true`
[2025-08-15 02:27:05] [TRACE]   [OmnipathR] HTTP request by `omnipath_curl`.
[2025-08-15 02:27:05] [TRACE]   [OmnipathR] Curl options: [connecttimeout=10,timeout=300,debugfunction=<function>,verbose=FALSE,tcp_keepalive=TRUE,tcp_keepintvl=10,tcp_keepidle=10,tcp_keepcnt=13,upkeep_interval_ms=30000,ssl_verifypeer=1,ssl_verifyhost=2]
[2025-08-15 02:27:05] [TRACE]   [OmnipathR] HTTP v2 GET: status 200.
[2025-08-15 02:27:05] [TRACE]   [OmnipathR] Downloaded 31 bytes in 0.471583s from rest.uniprot.org (65 bytes/s); Redirect: 0s, DNS look up: 0.002378s, Connection: 0.085196s, Pretransfer: 0.180705s, First byte at: 0.471368s
[2025-08-15 02:27:05] [TRACE]   [OmnipathR] HTTP headers: HTTP/2 200 ; vary: accept,accept-encoding,x-uniprot-release,x-api-deployment-date; vary: User-Agent; cache-control: public, max-age=43200; content-type: text/plain;format=tsv; content-encoding: gzip; access-control-allow-credentials: true; access-control-expose-headers: Link, X-Total-Results, X-UniProt-Release, X-UniProt-Release-Date, X-API-Deployment-Date; x-api-deployment-date: 08-August-2025; strict-transport-security: max-age=31536000; includeSubDomains; date: Fri, 15 Aug 2025 06:27:06 GMT; access-control-max-age: 1728000; x-uniprot-release: 2025_03; access-control-allow-origin: *; access-control-allow-methods: GET, PUT, POST, DELETE, PATCH, OPTIONS; access-control-allow-headers: DNT,Keep-Alive,User-Agent,X-Requested-With,If-Modified-Since,Cache-Control,Content-Type,Range,Authorization; x-uniprot-release-date: 18-June-2025
[2025-08-15 02:27:11] [TRACE]   [OmnipathR] Exported RDS to `C:\Users\biocbuild\AppData\Local\Cache\OmnipathR/43ea5f2cdaa9ac7e0e114371af97235cdddd776f-1.rds`.
[2025-08-15 02:27:11] [INFO]    [OmnipathR] Download ready [key=43ea5f2cdaa9ac7e0e114371af97235cdddd776f, version=1]
[2025-08-15 02:27:11] [TRACE]   [OmnipathR] Reading JSON from `C:\Users\biocbuild\AppData\Local\Cache\OmnipathR/cache.json` (encoding: UTF-8).
[2025-08-15 02:27:12] [TRACE]   [OmnipathR] JSON validation successful: TRUE
[2025-08-15 02:27:12] [INFO]    [OmnipathR] Cache item `43ea5f2cdaa9ac7e0e114371af97235cdddd776f` version 1: status changed from `started` to `ready`.
[2025-08-15 02:27:12] [SUCCESS] [OmnipathR] UniProt (rest.uniprot.org): downloaded 17240 records
[2025-08-15 02:27:12] [TRACE]   [OmnipathR] Translating complexes: 0 complexes in data.
[2025-08-15 02:27:12] [TRACE]   [OmnipathR] 0 complexes after removing the ones mapping to more than 1 items in target identifier space.
[2025-08-15 02:27:12] [TRACE]   [OmnipathR] Translated 0 complexes to 0.
[2025-08-15 02:27:12] [TRACE]   [OmnipathR] 13774 rows before translation, 13773 uniprot_entry IDs in column `id_organism_b`.
[2025-08-15 02:27:12] [TRACE]   [OmnipathR] 13774 rows after translation; translated 13253 `uniprot_entry` IDs in column `id_organism_b` to 13253 `uniprot` IDs in column `id_organism_b`.
[2025-08-15 02:27:12] [INFO]    [OmnipathR] Loaded database `Orthologous Matrix (OMA) gene pairs`.
[2025-08-15 02:27:12] [TRACE]   [OmnipathR] ID translation table: from `uniprot` to `genesymbol`, using `uniprot`.
[2025-08-15 02:27:12] [TRACE]   [OmnipathR] Creating ID mapping table from `accession` to `gene_primary`, for organism 10090 (only reviewed: TRUE)
[2025-08-15 02:27:12] [TRACE]   [OmnipathR] Loading all UniProt records for organism 10090 (only reviewed: TRUE); fields: accession,gene_primary
[2025-08-15 02:27:12] [TRACE]   [OmnipathR] Downloading by `generic_downloader`.
[2025-08-15 02:27:12] [TRACE]   [OmnipathR] Looking up in cache: `https://rest.uniprot.org/uniprotkb/stream?format=tsv&fields=accession,gene_primary&query=organism_id:10090%20AND%20reviewed:true`.
[2025-08-15 02:27:12] [INFO]    [OmnipathR] Cache record does not exist: `https://rest.uniprot.org/uniprotkb/stream?format=tsv&fields=accession,gene_primary&query=organism_id:10090%20AND%20reviewed:true`
[2025-08-15 02:27:12] [TRACE]   [OmnipathR] Could not find in cache, initiating download: `https://rest.uniprot.org/uniprotkb/stream?format=tsv&fields=accession,gene_primary&query=organism_id:10090%20AND%20reviewed:true`.
[2025-08-15 02:27:12] [TRACE]   [OmnipathR] Reading JSON from `C:\Users\biocbuild\AppData\Local\Cache\OmnipathR/cache.json` (encoding: UTF-8).
[2025-08-15 02:27:12] [TRACE]   [OmnipathR] JSON validation successful: TRUE
[2025-08-15 02:27:12] [TRACE]   [OmnipathR] Reading JSON from `C:\Users\biocbuild\AppData\Local\Cache\OmnipathR/cache.json` (encoding: UTF-8).
[2025-08-15 02:27:12] [TRACE]   [OmnipathR] JSON validation successful: TRUE
[2025-08-15 02:27:12] [INFO]    [OmnipathR] Cache item `3ec84ba713c02573704adb50f1a94dab684df34b` version 1: status changed from `unknown` to `started`.
[2025-08-15 02:27:12] [TRACE]   [OmnipathR] Exporting object to RDS: `C:\Users\biocbuild\AppData\Local\Cache\OmnipathR/3ec84ba713c02573704adb50f1a94dab684df34b-1.rds`.
[2025-08-15 02:27:12] [INFO]    [OmnipathR] Retrieving URL: `https://rest.uniprot.org/uniprotkb/stream?format=tsv&fields=accession,gene_primary&query=organism_id:10090%20AND%20reviewed:true`
[2025-08-15 02:27:12] [TRACE]   [OmnipathR] Attempt 1/3: `https://rest.uniprot.org/uniprotkb/stream?format=tsv&fields=accession,gene_primary&query=organism_id:10090%20AND%20reviewed:true`
[2025-08-15 02:27:12] [TRACE]   [OmnipathR] HTTP request by `omnipath_curl`.
[2025-08-15 02:27:12] [TRACE]   [OmnipathR] Curl options: [connecttimeout=10,timeout=300,debugfunction=<function>,verbose=FALSE,tcp_keepalive=TRUE,tcp_keepintvl=10,tcp_keepidle=10,tcp_keepcnt=13,upkeep_interval_ms=30000,ssl_verifypeer=1,ssl_verifyhost=2]
[2025-08-15 02:27:13] [TRACE]   [OmnipathR] HTTP v2 GET: status 200.
[2025-08-15 02:27:13] [TRACE]   [OmnipathR] Downloaded 43 bytes in 0.484819s from rest.uniprot.org (88 bytes/s); Redirect: 0s, DNS look up: 0.002263s, Connection: 0.085341s, Pretransfer: 0.181502s, First byte at: 0.484592s
[2025-08-15 02:27:13] [TRACE]   [OmnipathR] HTTP headers: HTTP/2 200 ; vary: accept,accept-encoding,x-uniprot-release,x-api-deployment-date; vary: User-Agent; cache-control: public, max-age=43200; content-type: text/plain;format=tsv; content-encoding: gzip; access-control-allow-credentials: true; access-control-expose-headers: Link, X-Total-Results, X-UniProt-Release, X-UniProt-Release-Date, X-API-Deployment-Date; x-api-deployment-date: 08-August-2025; strict-transport-security: max-age=31536000; includeSubDomains; date: Fri, 15 Aug 2025 06:27:14 GMT; access-control-max-age: 1728000; x-uniprot-release: 2025_03; access-control-allow-origin: *; access-control-allow-methods: GET, PUT, POST, DELETE, PATCH, OPTIONS; access-control-allow-headers: DNT,Keep-Alive,User-Agent,X-Requested-With,If-Modified-Since,Cache-Control,Content-Type,Range,Authorization; x-uniprot-release-date: 18-June-2025
[2025-08-15 02:27:19] [TRACE]   [OmnipathR] Exported RDS to `C:\Users\biocbuild\AppData\Local\Cache\OmnipathR/3ec84ba713c02573704adb50f1a94dab684df34b-1.rds`.
[2025-08-15 02:27:19] [INFO]    [OmnipathR] Download ready [key=3ec84ba713c02573704adb50f1a94dab684df34b, version=1]
[2025-08-15 02:27:19] [TRACE]   [OmnipathR] Reading JSON from `C:\Users\biocbuild\AppData\Local\Cache\OmnipathR/cache.json` (encoding: UTF-8).
[2025-08-15 02:27:19] [TRACE]   [OmnipathR] JSON validation successful: TRUE
[2025-08-15 02:27:19] [INFO]    [OmnipathR] Cache item `3ec84ba713c02573704adb50f1a94dab684df34b` version 1: status changed from `started` to `ready`.
[2025-08-15 02:27:19] [SUCCESS] [OmnipathR] UniProt (rest.uniprot.org): downloaded 17240 records
[2025-08-15 02:27:20] [TRACE]   [OmnipathR] Translating complexes: 0 complexes in data.
[2025-08-15 02:27:20] [TRACE]   [OmnipathR] 0 complexes after removing the ones mapping to more than 1 items in target identifier space.
[2025-08-15 02:27:20] [TRACE]   [OmnipathR] Translated 0 complexes to 0.
[2025-08-15 02:27:20] [TRACE]   [OmnipathR] 163908 rows before translation, 12855 uniprot IDs in column `uniprot`.
[2025-08-15 02:27:20] [TRACE]   [OmnipathR] 163908 rows after translation; translated 12855 `uniprot` IDs in column `uniprot` to 12769 `genesymbol` IDs in column `genesymbol`.
[2025-08-15 02:27:21] [TRACE]   [OmnipathR] Processing args for OmniPath query
[2025-08-15 02:27:21] [TRACE]   [OmnipathR] Arguments for OmniPath query: [dorothea_levels=[A,B,C,D],genesymbols=TRUE,organisms=9606,query_type=interactions,datasets=dorothea]
[2025-08-15 02:27:21] [TRACE]   [OmnipathR] Organism(s): 9606
[2025-08-15 02:27:21] [TRACE]   [OmnipathR] Orthology targets: 
[2025-08-15 02:27:21] [TRACE]   [OmnipathR] Looking up in cache: `https://omnipathdb.org/interactions?genesymbols=yes&datasets=dorothea&organisms=9606&dorothea_levels=A,B,C,D&fields=sources,references,curation_effort,dorothea_level&license=academic`
[2025-08-15 02:27:21] [INFO]    [OmnipathR] Cache record does not exist: `https://omnipathdb.org/interactions?genesymbols=yes&datasets=dorothea&organisms=9606&dorothea_levels=A,B,C,D&fields=sources,references,curation_effort,dorothea_level&license=academic`
[2025-08-15 02:27:21] [TRACE]   [OmnipathR] Looking up in cache: `http://no-tls.omnipathdb.org/interactions?genesymbols=yes&datasets=dorothea&organisms=9606&dorothea_levels=A,B,C,D&fields=sources,references,curation_effort,dorothea_level&license=academic`
[2025-08-15 02:27:21] [INFO]    [OmnipathR] Cache record does not exist: `http://no-tls.omnipathdb.org/interactions?genesymbols=yes&datasets=dorothea&organisms=9606&dorothea_levels=A,B,C,D&fields=sources,references,curation_effort,dorothea_level&license=academic`
[2025-08-15 02:27:21] [TRACE]   [OmnipathR] Attempting `https://omnipathdb.org/interactions?genesymbols=yes&datasets=dorothea&organisms=9606&dorothea_levels=A,B,C,D&fields=sources,references,curation_effort,dorothea_level&license=academic`
[2025-08-15 02:27:21] [INFO]    [OmnipathR] Retrieving URL: `https://omnipathdb.org/interactions?genesymbols=yes&datasets=dorothea&organisms=9606&dorothea_levels=A,B,C,D&fields=sources,references,curation_effort,dorothea_level&license=academic`
[2025-08-15 02:27:21] [TRACE]   [OmnipathR] Attempt 1/3: `https://omnipathdb.org/interactions?genesymbols=yes&datasets=dorothea&organisms=9606&dorothea_levels=A,B,C,D&fields=sources,references,curation_effort,dorothea_level&license=academic`
[2025-08-15 02:27:21] [TRACE]   [OmnipathR] HTTP request by `omnipath_curl`.
[2025-08-15 02:27:21] [TRACE]   [OmnipathR] Curl options: [connecttimeout=10,timeout=300,debugfunction=<function>,verbose=FALSE,tcp_keepalive=TRUE,tcp_keepintvl=10,tcp_keepidle=10,tcp_keepcnt=13,upkeep_interval_ms=30000,ssl_verifypeer=1,ssl_verifyhost=2]
[2025-08-15 02:27:21] [TRACE]   [OmnipathR] HTTP v1 GET: status 200.
[2025-08-15 02:27:21] [TRACE]   [OmnipathR] Downloaded 15.7 Kb in 0.426579s from omnipathdb.org (36.7 Kb/s); Redirect: 0s, DNS look up: 0.002544s, Connection: 0.085871s, Pretransfer: 0.26229s, First byte at: 0.42613s
[2025-08-15 02:27:21] [TRACE]   [OmnipathR] HTTP headers: HTTP/1.1 200 OK; Server: nginx; Date: Fri, 15 Aug 2025 06:27:22 GMT; Content-Type: text/plain; charset=utf-8; Transfer-Encoding: chunked; Connection: keep-alive; Cache-Control: max-age=3600; Access-Control-Allow-Origin: *; Expires: Fri, 15 Aug 2025 07:27:22 GMT; Cache-Control: public; X-Frame-Options: DENY; Content-Encoding: gzip
[2025-08-15 02:27:24] [INFO]    [OmnipathR] Successfully retrieved: `https://omnipathdb.org/interactions?genesymbols=yes&datasets=dorothea&organisms=9606&dorothea_levels=A,B,C,D&fields=sources,references,curation_effort,dorothea_level&license=academic`
[2025-08-15 02:27:24] [TRACE]   [OmnipathR] Reading JSON from `C:\Users\biocbuild\AppData\Local\Cache\OmnipathR/cache.json` (encoding: UTF-8).
[2025-08-15 02:27:24] [TRACE]   [OmnipathR] JSON validation successful: TRUE
[2025-08-15 02:27:24] [TRACE]   [OmnipathR] Reading JSON from `C:\Users\biocbuild\AppData\Local\Cache\OmnipathR/cache.json` (encoding: UTF-8).
[2025-08-15 02:27:24] [TRACE]   [OmnipathR] JSON validation successful: TRUE
[2025-08-15 02:27:24] [INFO]    [OmnipathR] Cache item `46d37339bbc3f9a05bb89ccb79278cf1233f5cdf` version 1: status changed from `unknown` to `started`.
[2025-08-15 02:27:24] [TRACE]   [OmnipathR] Exporting object to RDS: `C:\Users\biocbuild\AppData\Local\Cache\OmnipathR/46d37339bbc3f9a05bb89ccb79278cf1233f5cdf-1.rds`.
[2025-08-15 02:27:25] [TRACE]   [OmnipathR] Exported RDS to `C:\Users\biocbuild\AppData\Local\Cache\OmnipathR/46d37339bbc3f9a05bb89ccb79278cf1233f5cdf-1.rds`.
[2025-08-15 02:27:25] [INFO]    [OmnipathR] Download ready [key=46d37339bbc3f9a05bb89ccb79278cf1233f5cdf, version=1]
[2025-08-15 02:27:25] [TRACE]   [OmnipathR] Reading JSON from `C:\Users\biocbuild\AppData\Local\Cache\OmnipathR/cache.json` (encoding: UTF-8).
[2025-08-15 02:27:25] [TRACE]   [OmnipathR] JSON validation successful: TRUE
[2025-08-15 02:27:25] [INFO]    [OmnipathR] Cache item `46d37339bbc3f9a05bb89ccb79278cf1233f5cdf` version 1: status changed from `started` to `ready`.
[2025-08-15 02:27:36] [SUCCESS] [OmnipathR] Downloaded 278677 interactions.
[2025-08-15 02:27:49] [TRACE]   [OmnipathR] Processing args for OmniPath query
[2025-08-15 02:27:49] [TRACE]   [OmnipathR] Arguments for OmniPath query: [dorothea_levels=[A,B,C,D],genesymbols=TRUE,organisms=10090,query_type=interactions,datasets=dorothea]
[2025-08-15 02:27:49] [TRACE]   [OmnipathR] Organism(s): 10090
[2025-08-15 02:27:49] [TRACE]   [OmnipathR] Orthology targets: 
[2025-08-15 02:27:49] [TRACE]   [OmnipathR] Looking up in cache: `https://omnipathdb.org/interactions?genesymbols=yes&datasets=dorothea&organisms=10090&dorothea_levels=A,B,C,D&fields=sources,references,curation_effort,dorothea_level&license=academic`
[2025-08-15 02:27:49] [INFO]    [OmnipathR] Cache record does not exist: `https://omnipathdb.org/interactions?genesymbols=yes&datasets=dorothea&organisms=10090&dorothea_levels=A,B,C,D&fields=sources,references,curation_effort,dorothea_level&license=academic`
[2025-08-15 02:27:49] [TRACE]   [OmnipathR] Looking up in cache: `http://no-tls.omnipathdb.org/interactions?genesymbols=yes&datasets=dorothea&organisms=10090&dorothea_levels=A,B,C,D&fields=sources,references,curation_effort,dorothea_level&license=academic`
[2025-08-15 02:27:49] [INFO]    [OmnipathR] Cache record does not exist: `http://no-tls.omnipathdb.org/interactions?genesymbols=yes&datasets=dorothea&organisms=10090&dorothea_levels=A,B,C,D&fields=sources,references,curation_effort,dorothea_level&license=academic`
[2025-08-15 02:27:49] [TRACE]   [OmnipathR] Attempting `https://omnipathdb.org/interactions?genesymbols=yes&datasets=dorothea&organisms=10090&dorothea_levels=A,B,C,D&fields=sources,references,curation_effort,dorothea_level&license=academic`
[2025-08-15 02:27:49] [INFO]    [OmnipathR] Retrieving URL: `https://omnipathdb.org/interactions?genesymbols=yes&datasets=dorothea&organisms=10090&dorothea_levels=A,B,C,D&fields=sources,references,curation_effort,dorothea_level&license=academic`
[2025-08-15 02:27:49] [TRACE]   [OmnipathR] Attempt 1/3: `https://omnipathdb.org/interactions?genesymbols=yes&datasets=dorothea&organisms=10090&dorothea_levels=A,B,C,D&fields=sources,references,curation_effort,dorothea_level&license=academic`
[2025-08-15 02:27:49] [TRACE]   [OmnipathR] HTTP request by `omnipath_curl`.
[2025-08-15 02:27:49] [TRACE]   [OmnipathR] Curl options: [connecttimeout=10,timeout=300,debugfunction=<function>,verbose=FALSE,tcp_keepalive=TRUE,tcp_keepintvl=10,tcp_keepidle=10,tcp_keepcnt=13,upkeep_interval_ms=30000,ssl_verifypeer=1,ssl_verifyhost=2]
[2025-08-15 02:27:50] [TRACE]   [OmnipathR] HTTP v1 GET: status 200.
[2025-08-15 02:27:50] [TRACE]   [OmnipathR] Downloaded 15.7 Kb in 0.444668s from omnipathdb.org (35.2 Kb/s); Redirect: 0s, DNS look up: 0.006441s, Connection: 0.092401s, Pretransfer: 0.274185s, First byte at: 0.443993s
[2025-08-15 02:27:50] [TRACE]   [OmnipathR] HTTP headers: HTTP/1.1 200 OK; Server: nginx; Date: Fri, 15 Aug 2025 06:27:51 GMT; Content-Type: text/plain; charset=utf-8; Transfer-Encoding: chunked; Connection: keep-alive; Cache-Control: max-age=3600; Access-Control-Allow-Origin: *; Expires: Fri, 15 Aug 2025 07:27:51 GMT; Cache-Control: public; X-Frame-Options: DENY; Content-Encoding: gzip
[2025-08-15 02:27:53] [INFO]    [OmnipathR] Successfully retrieved: `https://omnipathdb.org/interactions?genesymbols=yes&datasets=dorothea&organisms=10090&dorothea_levels=A,B,C,D&fields=sources,references,curation_effort,dorothea_level&license=academic`
[2025-08-15 02:27:53] [TRACE]   [OmnipathR] Reading JSON from `C:\Users\biocbuild\AppData\Local\Cache\OmnipathR/cache.json` (encoding: UTF-8).
[2025-08-15 02:27:53] [TRACE]   [OmnipathR] JSON validation successful: TRUE
[2025-08-15 02:27:53] [TRACE]   [OmnipathR] Reading JSON from `C:\Users\biocbuild\AppData\Local\Cache\OmnipathR/cache.json` (encoding: UTF-8).
[2025-08-15 02:27:53] [TRACE]   [OmnipathR] JSON validation successful: TRUE
[2025-08-15 02:27:53] [INFO]    [OmnipathR] Cache item `ff347dedf78ef5e38c9c6d8eed291fa901aa3791` version 1: status changed from `unknown` to `started`.
[2025-08-15 02:27:53] [TRACE]   [OmnipathR] Exporting object to RDS: `C:\Users\biocbuild\AppData\Local\Cache\OmnipathR/ff347dedf78ef5e38c9c6d8eed291fa901aa3791-1.rds`.
[2025-08-15 02:27:54] [TRACE]   [OmnipathR] Exported RDS to `C:\Users\biocbuild\AppData\Local\Cache\OmnipathR/ff347dedf78ef5e38c9c6d8eed291fa901aa3791-1.rds`.
[2025-08-15 02:27:54] [INFO]    [OmnipathR] Download ready [key=ff347dedf78ef5e38c9c6d8eed291fa901aa3791, version=1]
[2025-08-15 02:27:54] [TRACE]   [OmnipathR] Reading JSON from `C:\Users\biocbuild\AppData\Local\Cache\OmnipathR/cache.json` (encoding: UTF-8).
[2025-08-15 02:27:54] [TRACE]   [OmnipathR] JSON validation successful: TRUE
[2025-08-15 02:27:54] [INFO]    [OmnipathR] Cache item `ff347dedf78ef5e38c9c6d8eed291fa901aa3791` version 1: status changed from `started` to `ready`.
[2025-08-15 02:28:04] [SUCCESS] [OmnipathR] Downloaded 249440 interactions.
[2025-08-15 02:28:16] [TRACE]   [OmnipathR] Processing args for OmniPath query
[2025-08-15 02:28:16] [TRACE]   [OmnipathR] Arguments for OmniPath query: [loops=TRUE,organisms=9606,genesymbols=TRUE,query_type=interactions,datasets=collectri]
[2025-08-15 02:28:16] [TRACE]   [OmnipathR] Organism(s): 9606
[2025-08-15 02:28:16] [TRACE]   [OmnipathR] Orthology targets: 
[2025-08-15 02:28:16] [TRACE]   [OmnipathR] Looking up in cache: `https://omnipathdb.org/interactions?genesymbols=yes&datasets=collectri&organisms=9606&fields=sources,references,curation_effort&loops=yes&license=academic`
[2025-08-15 02:28:16] [INFO]    [OmnipathR] Cache record does not exist: `https://omnipathdb.org/interactions?genesymbols=yes&datasets=collectri&organisms=9606&fields=sources,references,curation_effort&loops=yes&license=academic`
[2025-08-15 02:28:16] [TRACE]   [OmnipathR] Looking up in cache: `http://no-tls.omnipathdb.org/interactions?genesymbols=yes&datasets=collectri&organisms=9606&fields=sources,references,curation_effort&loops=yes&license=academic`
[2025-08-15 02:28:16] [INFO]    [OmnipathR] Cache record does not exist: `http://no-tls.omnipathdb.org/interactions?genesymbols=yes&datasets=collectri&organisms=9606&fields=sources,references,curation_effort&loops=yes&license=academic`
[2025-08-15 02:28:16] [TRACE]   [OmnipathR] Attempting `https://omnipathdb.org/interactions?genesymbols=yes&datasets=collectri&organisms=9606&fields=sources,references,curation_effort&loops=yes&license=academic`
[2025-08-15 02:28:16] [INFO]    [OmnipathR] Retrieving URL: `https://omnipathdb.org/interactions?genesymbols=yes&datasets=collectri&organisms=9606&fields=sources,references,curation_effort&loops=yes&license=academic`
[2025-08-15 02:28:16] [TRACE]   [OmnipathR] Attempt 1/3: `https://omnipathdb.org/interactions?genesymbols=yes&datasets=collectri&organisms=9606&fields=sources,references,curation_effort&loops=yes&license=academic`
[2025-08-15 02:28:16] [TRACE]   [OmnipathR] HTTP request by `omnipath_curl`.
[2025-08-15 02:28:16] [TRACE]   [OmnipathR] Curl options: [connecttimeout=10,timeout=300,debugfunction=<function>,verbose=FALSE,tcp_keepalive=TRUE,tcp_keepintvl=10,tcp_keepidle=10,tcp_keepcnt=13,upkeep_interval_ms=30000,ssl_verifypeer=1,ssl_verifyhost=2]
[2025-08-15 02:28:17] [TRACE]   [OmnipathR] HTTP v1 GET: status 200.
[2025-08-15 02:28:17] [TRACE]   [OmnipathR] Downloaded 15.7 Kb in 0.433395s from omnipathdb.org (36.1 Kb/s); Redirect: 0s, DNS look up: 0.0024s, Connection: 0.087977s, Pretransfer: 0.266557s, First byte at: 0.432502s
[2025-08-15 02:28:17] [TRACE]   [OmnipathR] HTTP headers: HTTP/1.1 200 OK; Server: nginx; Date: Fri, 15 Aug 2025 06:28:18 GMT; Content-Type: text/plain; charset=utf-8; Transfer-Encoding: chunked; Connection: keep-alive; Cache-Control: max-age=3600; Access-Control-Allow-Origin: *; Expires: Fri, 15 Aug 2025 07:28:18 GMT; Cache-Control: public; X-Frame-Options: DENY; Content-Encoding: gzip
[2025-08-15 02:28:19] [INFO]    [OmnipathR] Successfully retrieved: `https://omnipathdb.org/interactions?genesymbols=yes&datasets=collectri&organisms=9606&fields=sources,references,curation_effort&loops=yes&license=academic`
[2025-08-15 02:28:19] [TRACE]   [OmnipathR] Reading JSON from `C:\Users\biocbuild\AppData\Local\Cache\OmnipathR/cache.json` (encoding: UTF-8).
[2025-08-15 02:28:19] [TRACE]   [OmnipathR] JSON validation successful: TRUE
[2025-08-15 02:28:19] [TRACE]   [OmnipathR] Reading JSON from `C:\Users\biocbuild\AppData\Local\Cache\OmnipathR/cache.json` (encoding: UTF-8).
[2025-08-15 02:28:19] [TRACE]   [OmnipathR] JSON validation successful: TRUE
[2025-08-15 02:28:19] [INFO]    [OmnipathR] Cache item `b10176737ba43d460b13709623189f3911123779` version 1: status changed from `unknown` to `started`.
[2025-08-15 02:28:19] [TRACE]   [OmnipathR] Exporting object to RDS: `C:\Users\biocbuild\AppData\Local\Cache\OmnipathR/b10176737ba43d460b13709623189f3911123779-1.rds`.
[2025-08-15 02:28:20] [TRACE]   [OmnipathR] Exported RDS to `C:\Users\biocbuild\AppData\Local\Cache\OmnipathR/b10176737ba43d460b13709623189f3911123779-1.rds`.
[2025-08-15 02:28:20] [INFO]    [OmnipathR] Download ready [key=b10176737ba43d460b13709623189f3911123779, version=1]
[2025-08-15 02:28:20] [TRACE]   [OmnipathR] Reading JSON from `C:\Users\biocbuild\AppData\Local\Cache\OmnipathR/cache.json` (encoding: UTF-8).
[2025-08-15 02:28:20] [TRACE]   [OmnipathR] JSON validation successful: TRUE
[2025-08-15 02:28:20] [INFO]    [OmnipathR] Cache item `b10176737ba43d460b13709623189f3911123779` version 1: status changed from `started` to `ready`.
[2025-08-15 02:28:23] [SUCCESS] [OmnipathR] Downloaded 64979 interactions.
[2025-08-15 02:28:23] [TRACE]   [OmnipathR] Processing args for OmniPath query
[2025-08-15 02:28:23] [TRACE]   [OmnipathR] Arguments for OmniPath query: [genesymbols=TRUE,resources=CollecTRI,strict_evidences=TRUE,query_type=interactions,datasets=tf_mirna]
[2025-08-15 02:28:23] [TRACE]   [OmnipathR] Organism(s): 9606
[2025-08-15 02:28:23] [TRACE]   [OmnipathR] Orthology targets: 
[2025-08-15 02:28:23] [TRACE]   [OmnipathR] Reading JSON from `https://omnipathdb.org/resources` (encoding: UTF-8).
[2025-08-15 02:28:23] [TRACE]   [OmnipathR] JSON validation successful: TRUE
[2025-08-15 02:28:24] [TRACE]   [OmnipathR] Looking up in cache: `https://omnipathdb.org/interactions?genesymbols=yes&resources=CollecTRI&datasets=tf_mirna&organisms=9606&fields=evidences,sources,references,curation_effort&license=academic`
[2025-08-15 02:28:24] [INFO]    [OmnipathR] Cache record does not exist: `https://omnipathdb.org/interactions?genesymbols=yes&resources=CollecTRI&datasets=tf_mirna&organisms=9606&fields=evidences,sources,references,curation_effort&license=academic`
[2025-08-15 02:28:24] [TRACE]   [OmnipathR] Looking up in cache: `http://no-tls.omnipathdb.org/interactions?genesymbols=yes&resources=CollecTRI&datasets=tf_mirna&organisms=9606&fields=evidences,sources,references,curation_effort&license=academic`
[2025-08-15 02:28:24] [INFO]    [OmnipathR] Cache record does not exist: `http://no-tls.omnipathdb.org/interactions?genesymbols=yes&resources=CollecTRI&datasets=tf_mirna&organisms=9606&fields=evidences,sources,references,curation_effort&license=academic`
[2025-08-15 02:28:24] [TRACE]   [OmnipathR] Attempting `https://omnipathdb.org/interactions?genesymbols=yes&resources=CollecTRI&datasets=tf_mirna&organisms=9606&fields=evidences,sources,references,curation_effort&license=academic`
[2025-08-15 02:28:24] [INFO]    [OmnipathR] Retrieving URL: `https://omnipathdb.org/interactions?genesymbols=yes&resources=CollecTRI&datasets=tf_mirna&organisms=9606&fields=evidences,sources,references,curation_effort&license=academic`
[2025-08-15 02:28:24] [TRACE]   [OmnipathR] Attempt 1/3: `https://omnipathdb.org/interactions?genesymbols=yes&resources=CollecTRI&datasets=tf_mirna&organisms=9606&fields=evidences,sources,references,curation_effort&license=academic`
[2025-08-15 02:28:24] [TRACE]   [OmnipathR] HTTP request by `omnipath_curl`.
[2025-08-15 02:28:24] [TRACE]   [OmnipathR] Curl options: [connecttimeout=10,timeout=300,debugfunction=<function>,verbose=FALSE,tcp_keepalive=TRUE,tcp_keepintvl=10,tcp_keepidle=10,tcp_keepcnt=13,upkeep_interval_ms=30000,ssl_verifypeer=1,ssl_verifyhost=2]
[2025-08-15 02:28:24] [TRACE]   [OmnipathR] HTTP v1 GET: status 200.
[2025-08-15 02:28:24] [TRACE]   [OmnipathR] Downloaded 9 Kb in 0.345503s from omnipathdb.org (26.2 Kb/s); Redirect: 0s, DNS look up: 0.00218s, Connection: 0.08488s, Pretransfer: 0.261464s, First byte at: 0.344916s
[2025-08-15 02:28:24] [TRACE]   [OmnipathR] HTTP headers: HTTP/1.1 200 OK; Server: nginx; Date: Fri, 15 Aug 2025 06:28:25 GMT; Content-Type: text/plain; charset=utf-8; Transfer-Encoding: chunked; Connection: keep-alive; Cache-Control: max-age=3600; Access-Control-Allow-Origin: *; Expires: Fri, 15 Aug 2025 07:28:25 GMT; Cache-Control: public; X-Frame-Options: DENY; Content-Encoding: gzip
[2025-08-15 02:28:26] [INFO]    [OmnipathR] Successfully retrieved: `https://omnipathdb.org/interactions?genesymbols=yes&resources=CollecTRI&datasets=tf_mirna&organisms=9606&fields=evidences,sources,references,curation_effort&license=academic`
[2025-08-15 02:28:26] [TRACE]   [OmnipathR] Reading JSON from `C:\Users\biocbuild\AppData\Local\Cache\OmnipathR/cache.json` (encoding: UTF-8).
[2025-08-15 02:28:26] [TRACE]   [OmnipathR] JSON validation successful: TRUE
[2025-08-15 02:28:26] [TRACE]   [OmnipathR] Reading JSON from `C:\Users\biocbuild\AppData\Local\Cache\OmnipathR/cache.json` (encoding: UTF-8).
[2025-08-15 02:28:26] [TRACE]   [OmnipathR] JSON validation successful: TRUE
[2025-08-15 02:28:26] [INFO]    [OmnipathR] Cache item `f7d34500401ba98803b7d2b26c48f64cee1eea1b` version 1: status changed from `unknown` to `started`.
[2025-08-15 02:28:26] [TRACE]   [OmnipathR] Exporting object to RDS: `C:\Users\biocbuild\AppData\Local\Cache\OmnipathR/f7d34500401ba98803b7d2b26c48f64cee1eea1b-1.rds`.
[2025-08-15 02:28:26] [TRACE]   [OmnipathR] Exported RDS to `C:\Users\biocbuild\AppData\Local\Cache\OmnipathR/f7d34500401ba98803b7d2b26c48f64cee1eea1b-1.rds`.
[2025-08-15 02:28:26] [INFO]    [OmnipathR] Download ready [key=f7d34500401ba98803b7d2b26c48f64cee1eea1b, version=1]
[2025-08-15 02:28:26] [TRACE]   [OmnipathR] Reading JSON from `C:\Users\biocbuild\AppData\Local\Cache\OmnipathR/cache.json` (encoding: UTF-8).
[2025-08-15 02:28:26] [TRACE]   [OmnipathR] JSON validation successful: TRUE
[2025-08-15 02:28:26] [INFO]    [OmnipathR] Cache item `f7d34500401ba98803b7d2b26c48f64cee1eea1b` version 1: status changed from `started` to `ready`.
[2025-08-15 02:28:26] [TRACE]   [OmnipathR] Converting JSON column `evidences` to list.
[2025-08-15 02:28:26] [TRACE]   [OmnipathR] Restricting interaction records to datasets: tf_mirna; and resources: CollecTRI
[2025-08-15 02:28:26] [TRACE]   [OmnipathR] Filtering evidence columns: positive, negative, directed, undirected; to datasets: tf_mirna; and resources: CollecTRI; excluding resources: none
[2025-08-15 02:28:26] [SUCCESS] [OmnipathR] Downloaded 207 interactions.
[2025-08-15 02:28:26] [TRACE]   [OmnipathR] Processing args for OmniPath query
[2025-08-15 02:28:26] [TRACE]   [OmnipathR] Arguments for OmniPath query: [loops=TRUE,organisms=9606,genesymbols=TRUE,query_type=interactions,datasets=collectri]
[2025-08-15 02:28:27] [TRACE]   [OmnipathR] Organism(s): 9606
[2025-08-15 02:28:27] [TRACE]   [OmnipathR] Orthology targets: 
[2025-08-15 02:28:27] [TRACE]   [OmnipathR] Looking up in cache: `https://omnipathdb.org/interactions?genesymbols=yes&datasets=collectri&organisms=9606&fields=sources,references,curation_effort&loops=yes&license=academic`
[2025-08-15 02:28:27] [TRACE]   [OmnipathR] Loaded data from RDS `C:\Users\biocbuild\AppData\Local\Cache\OmnipathR/b10176737ba43d460b13709623189f3911123779-1.rds`.
[2025-08-15 02:28:27] [INFO]    [OmnipathR] Loaded from cache: `https://omnipathdb.org/interactions?genesymbols=yes&datasets=collectri&organisms=9606&fields=sources,references,curation_effort&loops=yes&license=academic`
[2025-08-15 02:28:30] [SUCCESS] [OmnipathR] Loaded 64979 interactions from cache.
[2025-08-15 02:28:30] [TRACE]   [OmnipathR] Processing args for OmniPath query
[2025-08-15 02:28:30] [TRACE]   [OmnipathR] Arguments for OmniPath query: [genesymbols=TRUE,resources=CollecTRI,strict_evidences=TRUE,query_type=interactions,datasets=tf_mirna]
[2025-08-15 02:28:30] [TRACE]   [OmnipathR] Organism(s): 9606
[2025-08-15 02:28:30] [TRACE]   [OmnipathR] Orthology targets: 
[2025-08-15 02:28:30] [TRACE]   [OmnipathR] Reading JSON from `https://omnipathdb.org/resources` (encoding: UTF-8).
[2025-08-15 02:28:30] [TRACE]   [OmnipathR] JSON validation successful: TRUE
[2025-08-15 02:28:30] [TRACE]   [OmnipathR] Looking up in cache: `https://omnipathdb.org/interactions?genesymbols=yes&resources=CollecTRI&datasets=tf_mirna&organisms=9606&fields=evidences,sources,references,curation_effort&license=academic`
[2025-08-15 02:28:30] [TRACE]   [OmnipathR] Loaded data from RDS `C:\Users\biocbuild\AppData\Local\Cache\OmnipathR/f7d34500401ba98803b7d2b26c48f64cee1eea1b-1.rds`.
[2025-08-15 02:28:30] [INFO]    [OmnipathR] Loaded from cache: `https://omnipathdb.org/interactions?genesymbols=yes&resources=CollecTRI&datasets=tf_mirna&organisms=9606&fields=evidences,sources,references,curation_effort&license=academic`
[2025-08-15 02:28:30] [TRACE]   [OmnipathR] Converting JSON column `evidences` to list.
[2025-08-15 02:28:31] [TRACE]   [OmnipathR] Restricting interaction records to datasets: tf_mirna; and resources: CollecTRI
[2025-08-15 02:28:31] [TRACE]   [OmnipathR] Filtering evidence columns: positive, negative, directed, undirected; to datasets: tf_mirna; and resources: CollecTRI; excluding resources: none
[2025-08-15 02:28:31] [SUCCESS] [OmnipathR] Loaded 207 interactions from cache.

  |                                                                            
  |                                                                      |   0%
  |                                                                            
  |======================================================================| 100%


  |                                                                            
  |                                                                      |   0%
  |                                                                            
  |======================================================================| 100%


  |                                                                            
  |                                                                      |   0%
  |                                                                            
  |======================================================================| 100%


  |                                                                            
  |                                                                      |   0%
  |                                                                            
  |======================================================================| 100%


  |                                                                            
  |                                                                      |   0%
  |                                                                            
  |======================================================================| 100%


  |                                                                            
  |                                                                      |   0%
  |                                                                            
  |======================================================================| 100%


  |                                                                            
  |                                                                      |   0%
  |                                                                            
  |======================================================================| 100%


  |                                                                            
  |                                                                      |   0%
  |                                                                            
  |======================================================================| 100%


  |                                                                            
  |                                                                      |   0%
  |                                                                            
  |======================================================================| 100%


  |                                                                            
  |                                                                      |   0%
  |                                                                            
  |======================================================================| 100%


  |                                                                            
  |                                                                      |   0%
  |                                                                            
  |======================================================================| 100%


  |                                                                            
  |                                                                      |   0%
  |                                                                            
  |======================================================================| 100%


  |                                                                            
  |                                                                      |   0%
  |                                                                            
  |===================================                                   |  50%
  |                                                                            
  |======================================================================| 100%


  |                                                                            
  |                                                                      |   0%
  |                                                                            
  |===================================                                   |  50%
  |                                                                            
  |======================================================================| 100%


  |                                                                            
  |                                                                      |   0%
  |                                                                            
  |===================================                                   |  50%
  |                                                                            
  |======================================================================| 100%


  |                                                                            
  |                                                                      |   0%
  |                                                                            
  |===================================                                   |  50%
  |                                                                            
  |======================================================================| 100%


  |                                                                            
  |                                                                      |   0%
  |                                                                            
  |===================================                                   |  50%
  |                                                                            
  |======================================================================| 100%


  |                                                                            
  |                                                                      |   0%
  |                                                                            
  |===================================                                   |  50%
  |                                                                            
  |======================================================================| 100%


  |                                                                            
  |                                                                      |   0%
  |                                                                            
  |===================================                                   |  50%
  |                                                                            
  |======================================================================| 100%


  |                                                                            
  |                                                                      |   0%
  |                                                                            
  |===================================                                   |  50%
  |                                                                            
  |======================================================================| 100%


  |                                                                            
  |                                                                      |   0%
  |                                                                            
  |===================================                                   |  50%
  |                                                                            
  |======================================================================| 100%


  |                                                                            
  |                                                                      |   0%
  |                                                                            
  |===================================                                   |  50%
  |                                                                            
  |======================================================================| 100%


  |                                                                            
  |                                                                      |   0%
  |                                                                            
  |===================================                                   |  50%
  |                                                                            
  |======================================================================| 100%


  |                                                                            
  |                                                                      |   0%
  |                                                                            
  |===================================                                   |  50%
  |                                                                            
  |======================================================================| 100%


Attaching package: 'dplyr'

The following object is masked from 'package:testthat':

    matches

The following objects are masked from 'package:stats':

    filter, lag

The following objects are masked from 'package:base':

    intersect, setdiff, setequal, union

[ FAIL 1 | WARN 20 | SKIP 0 | PASS 34 ]

══ Failed tests ════════════════════════════════════════════════════════════════
── Error ('test-decoupleR-decouple.R:66:5'): decouple same results as independent functions ──
<purrr_error_indexed/rlang_error/error/condition>
Error in `map2(.x, .y, .f, ...)`: i In index: 10.
Caused by error in `map()`:
i In index: 2.
i With name: S02.
Caused by error in `socketConnection()`:
! cannot open the connection

[ FAIL 1 | WARN 20 | SKIP 0 | PASS 34 ]
Error: Test failures
Execution halted

Example timings

decoupleR.Rcheck/decoupleR-Ex.timings

nameusersystemelapsed
check_corr0.070.050.13
convert_f_defaults0.060.000.06
decouple0.010.000.01
dot-fit_preprocessing0.030.000.04
extract_sets0.040.000.03
filt_minsize0.060.000.06
get_collectri36.03 3.0144.30
get_dorothea25.22 0.5826.01
get_profile_of000
get_progeny7.230.389.19
get_resource1.080.032.72
get_toy_data000
intersect_regulons0.030.000.04
pipe000
pivot_wider_profile000
randomize_matrix000
rename_net0.050.000.04
run_aucell 9.58 0.6710.28
run_consensus2.540.272.82
run_fgsea26.50 0.1726.68
run_gsva2.000.852.19
run_mdt0.270.210.22
run_mlm0.170.050.11
run_ora0.740.130.61
run_udt0.360.010.37
run_ulm0.090.000.10
run_viper0.730.140.87
run_wmean0.930.050.97
run_wsum1.010.011.03
show_methods0.080.000.08
show_resources0.050.020.56
tidyeval000