| Back to Multiple platform build/check report for BioC 3.22: simplified long |
|
This page was generated on 2025-08-15 12:07 -0400 (Fri, 15 Aug 2025).
| Hostname | OS | Arch (*) | R version | Installed pkgs |
|---|---|---|---|---|
| nebbiolo2 | Linux (Ubuntu 24.04.3 LTS) | x86_64 | 4.5.1 (2025-06-13) -- "Great Square Root" | 4818 |
| palomino8 | Windows Server 2022 Datacenter | x64 | 4.5.1 (2025-06-13 ucrt) -- "Great Square Root" | 4554 |
| lconway | macOS 12.7.1 Monterey | x86_64 | 4.5.1 (2025-06-13) -- "Great Square Root" | 4595 |
| kjohnson3 | macOS 13.7.7 Ventura | arm64 | 4.5.1 Patched (2025-06-14 r88325) -- "Great Square Root" | 4537 |
| taishan | Linux (openEuler 24.03 LTS) | aarch64 | 4.5.0 (2025-04-11) -- "How About a Twenty-Six" | 4535 |
| Click on any hostname to see more info about the system (e.g. compilers) (*) as reported by 'uname -p', except on Windows and Mac OS X | ||||
| Package 2032/2317 | Hostname | OS / Arch | INSTALL | BUILD | CHECK | BUILD BIN | ||||||||
| SparseArray 1.9.1 (landing page) Hervé Pagès
| nebbiolo2 | Linux (Ubuntu 24.04.3 LTS) / x86_64 | OK | OK | OK | |||||||||
| palomino8 | Windows Server 2022 Datacenter / x64 | OK | OK | WARNINGS | OK | |||||||||
| lconway | macOS 12.7.1 Monterey / x86_64 | OK | OK | OK | OK | |||||||||
| kjohnson3 | macOS 13.7.7 Ventura / arm64 | OK | OK | OK | OK | |||||||||
| taishan | Linux (openEuler 24.03 LTS) / aarch64 | OK | ERROR | skipped | ||||||||||
|
To the developers/maintainers of the SparseArray package: - Allow up to 24 hours (and sometimes 48 hours) for your latest push to git@git.bioconductor.org:packages/SparseArray.git to reflect on this report. See Troubleshooting Build Report for more information. - Use the following Renviron settings to reproduce errors and warnings. - If 'R CMD check' started to fail recently on the Linux builder(s) over a missing dependency, add the missing dependency to 'Suggests:' in your DESCRIPTION file. See Renviron.bioc for more information. |
| Package: SparseArray |
| Version: 1.9.1 |
| Command: F:\biocbuild\bbs-3.22-bioc\R\bin\R.exe CMD check --no-multiarch --install=check:SparseArray.install-out.txt --library=F:\biocbuild\bbs-3.22-bioc\R\library --no-vignettes --timings SparseArray_1.9.1.tar.gz |
| StartedAt: 2025-08-15 08:07:50 -0400 (Fri, 15 Aug 2025) |
| EndedAt: 2025-08-15 08:13:44 -0400 (Fri, 15 Aug 2025) |
| EllapsedTime: 354.1 seconds |
| RetCode: 0 |
| Status: WARNINGS |
| CheckDir: SparseArray.Rcheck |
| Warnings: 1 |
##############################################################################
##############################################################################
###
### Running command:
###
### F:\biocbuild\bbs-3.22-bioc\R\bin\R.exe CMD check --no-multiarch --install=check:SparseArray.install-out.txt --library=F:\biocbuild\bbs-3.22-bioc\R\library --no-vignettes --timings SparseArray_1.9.1.tar.gz
###
##############################################################################
##############################################################################
* using log directory 'F:/biocbuild/bbs-3.22-bioc/meat/SparseArray.Rcheck'
* using R version 4.5.1 (2025-06-13 ucrt)
* using platform: x86_64-w64-mingw32
* R was compiled by
gcc.exe (GCC) 14.2.0
GNU Fortran (GCC) 14.2.0
* running under: Windows Server 2022 x64 (build 20348)
* using session charset: UTF-8
* using option '--no-vignettes'
* checking for file 'SparseArray/DESCRIPTION' ... OK
* this is package 'SparseArray' version '1.9.1'
* package encoding: UTF-8
* checking package namespace information ... OK
* checking package dependencies ... OK
* checking if this is a source package ... OK
* checking if there is a namespace ... OK
* checking for hidden files and directories ... OK
* checking for portable file names ... OK
* checking whether package 'SparseArray' can be installed ... WARNING
Found the following significant warnings:
OPBufTree.c:271:37: warning: format '%lu' expects argument of type 'long unsigned int', but argument 2 has type 'R_xlen_t' {aka 'long long int'} [-Wformat=]
SVT_SparseArray_class.c:645:23: warning: format '%ld' expects argument of type 'long int', but argument 2 has type 'R_xlen_t' {aka 'long long int'} [-Wformat=]
See 'F:/biocbuild/bbs-3.22-bioc/meat/SparseArray.Rcheck/00install.out' for details.
* used C compiler: 'gcc.exe (GCC) 14.2.0'
* checking installed package size ... OK
* checking package directory ... OK
* checking 'build' directory ... OK
* checking DESCRIPTION meta-information ... OK
* checking top-level files ... OK
* checking for left-over files ... OK
* checking index information ... OK
* checking package subdirectories ... OK
* checking code files for non-ASCII characters ... OK
* checking R files for syntax errors ... OK
* checking whether the package can be loaded ... OK
* checking whether the package can be loaded with stated dependencies ... OK
* checking whether the package can be unloaded cleanly ... OK
* checking whether the namespace can be loaded with stated dependencies ... OK
* checking whether the namespace can be unloaded cleanly ... OK
* checking whether startup messages can be suppressed ... OK
* checking dependencies in R code ... OK
* checking S3 generic/method consistency ... OK
* checking replacement functions ... OK
* checking foreign function calls ... OK
* checking R code for possible problems ... OK
* checking Rd files ... OK
* checking Rd metadata ... OK
* checking Rd cross-references ... NOTE
Found the following Rd file(s) with Rd \link{} targets missing package
anchors:
rowsum-methods.Rd: dsparseMatrix-class, dgCMatrix-class,
dgTMatrix-class
Please provide package anchors for all Rd \link{} targets not in the
package itself and the base packages.
* checking for missing documentation entries ... OK
* checking for code/documentation mismatches ... OK
* checking Rd \usage sections ... OK
* checking Rd contents ... OK
* checking for unstated dependencies in examples ... OK
* checking line endings in C/C++/Fortran sources/headers ... OK
* checking line endings in Makefiles ... OK
* checking compilation flags in Makevars ... OK
* checking for GNU extensions in Makefiles ... OK
* checking for portable use of $(BLAS_LIBS) and $(LAPACK_LIBS) ... OK
* checking use of PKG_*FLAGS in Makefiles ... OK
* checking compiled code ... NOTE
Note: information on .o files for x64 is not available
File 'F:/biocbuild/bbs-3.22-bioc/R/library/SparseArray/libs/x64/SparseArray.dll':
Found '_assert', possibly from 'assert' (C)
Found '_exit', possibly from '_exit' (C)
Found 'abort', possibly from 'abort' (C), 'runtime' (Fortran)
Found 'exit', possibly from 'exit' (C), 'stop' (Fortran)
File 'SparseArray/libs/x64/SparseArray.dll':
Found non-API calls to R: 'DATAPTR', 'R_GetConnection',
'R_ReadConnection'
Compiled code should not call entry points which might terminate R nor
write to stdout/stderr instead of to the console, nor use Fortran I/O
nor system RNGs nor [v]sprintf. The detected symbols are linked into
the code but might come from libraries and not actually be called.
Compiled code should not call non-API entry points in R.
See 'Writing portable packages' in the 'Writing R Extensions' manual,
and section 'Moving into C API compliance' for issues with the use of
non-API entry points.
* checking files in 'vignettes' ... OK
* checking examples ... OK
Examples with CPU (user + system) or elapsed time > 5s
user system elapsed
thread-control 40.70 0.74 35.74
SVT_SparseArray-class 16.25 1.86 18.11
rowsum-methods 9.33 0.84 10.17
* checking for unstated dependencies in 'tests' ... OK
* checking tests ...
Running 'testthat.R'
OK
* checking for unstated dependencies in vignettes ... OK
* checking package vignettes ... OK
* checking running R code from vignettes ... SKIPPED
* checking re-building of vignette outputs ... SKIPPED
* checking PDF version of manual ... OK
* DONE
Status: 1 WARNING, 2 NOTEs
See
'F:/biocbuild/bbs-3.22-bioc/meat/SparseArray.Rcheck/00check.log'
for details.
SparseArray.Rcheck/00install.out
##############################################################################
##############################################################################
###
### Running command:
###
### F:\biocbuild\bbs-3.22-bioc\R\bin\R.exe CMD INSTALL SparseArray
###
##############################################################################
##############################################################################
* installing to library 'F:/biocbuild/bbs-3.22-bioc/R/library'
* installing *source* package 'SparseArray' ...
** this is package 'SparseArray' version '1.9.1'
** using staged installation
** libs
using C compiler: 'gcc.exe (GCC) 14.2.0'
gcc -I"F:/biocbuild/bbs-3.22-bioc/R/include" -DNDEBUG -I'F:/biocbuild/bbs-3.22-bioc/R/library/S4Vectors/include' -I'F:/biocbuild/bbs-3.22-bioc/R/library/IRanges/include' -I'F:/biocbuild/bbs-3.22-bioc/R/library/XVector/include' -I"C:/rtools45/x86_64-w64-mingw32.static.posix/include" -fopenmp -O2 -Wall -std=gnu2x -mfpmath=sse -msse2 -mstackrealign -c ExtendableJaggedArray.c -o ExtendableJaggedArray.o
ExtendableJaggedArray.c: In function '_move_ExtendableJaggedArrays_to_SVT':
ExtendableJaggedArray.c:129:25: warning: 'nzvals_p' may be used uninitialized [-Wmaybe-uninitialized]
129 | free(nzvals_p);
| ^~~~~~~~~~~~~~
ExtendableJaggedArray.c:111:22: note: 'nzvals_p' was declared here
111 | int *nzvals_p, *nzoffs_p;
| ^~~~~~~~
ExtendableJaggedArray.c:125:25: warning: 'nzoffs_p' may be used uninitialized [-Wmaybe-uninitialized]
125 | free(nzoffs_p);
| ^~~~~~~~~~~~~~
ExtendableJaggedArray.c:111:33: note: 'nzoffs_p' was declared here
111 | int *nzvals_p, *nzoffs_p;
| ^~~~~~~~
gcc -I"F:/biocbuild/bbs-3.22-bioc/R/include" -DNDEBUG -I'F:/biocbuild/bbs-3.22-bioc/R/library/S4Vectors/include' -I'F:/biocbuild/bbs-3.22-bioc/R/library/IRanges/include' -I'F:/biocbuild/bbs-3.22-bioc/R/library/XVector/include' -I"C:/rtools45/x86_64-w64-mingw32.static.posix/include" -fopenmp -O2 -Wall -std=gnu2x -mfpmath=sse -msse2 -mstackrealign -c IRanges_stubs.c -o IRanges_stubs.o
gcc -I"F:/biocbuild/bbs-3.22-bioc/R/include" -DNDEBUG -I'F:/biocbuild/bbs-3.22-bioc/R/library/S4Vectors/include' -I'F:/biocbuild/bbs-3.22-bioc/R/library/IRanges/include' -I'F:/biocbuild/bbs-3.22-bioc/R/library/XVector/include' -I"C:/rtools45/x86_64-w64-mingw32.static.posix/include" -fopenmp -O2 -Wall -std=gnu2x -mfpmath=sse -msse2 -mstackrealign -c OPBufTree.c -o OPBufTree.o
OPBufTree.c: In function 'print_OPBuf':
OPBufTree.c:271:37: warning: format '%lu' expects argument of type 'long unsigned int', but argument 2 has type 'R_xlen_t' {aka 'long long int'} [-Wformat=]
271 | Rprintf("%4lu", opbuf->xLoffs[k]);
| ~~~^ ~~~~~~~~~~~~~~~~
| | |
| | R_xlen_t {aka long long int}
| long unsigned int
| %4llu
gcc -I"F:/biocbuild/bbs-3.22-bioc/R/include" -DNDEBUG -I'F:/biocbuild/bbs-3.22-bioc/R/library/S4Vectors/include' -I'F:/biocbuild/bbs-3.22-bioc/R/library/IRanges/include' -I'F:/biocbuild/bbs-3.22-bioc/R/library/XVector/include' -I"C:/rtools45/x86_64-w64-mingw32.static.posix/include" -fopenmp -O2 -Wall -std=gnu2x -mfpmath=sse -msse2 -mstackrealign -c R_init_SparseArray.c -o R_init_SparseArray.o
gcc -I"F:/biocbuild/bbs-3.22-bioc/R/include" -DNDEBUG -I'F:/biocbuild/bbs-3.22-bioc/R/library/S4Vectors/include' -I'F:/biocbuild/bbs-3.22-bioc/R/library/IRanges/include' -I'F:/biocbuild/bbs-3.22-bioc/R/library/XVector/include' -I"C:/rtools45/x86_64-w64-mingw32.static.posix/include" -fopenmp -O2 -Wall -std=gnu2x -mfpmath=sse -msse2 -mstackrealign -c Rvector_summarization.c -o Rvector_summarization.o
Rvector_summarization.c:1370:12: warning: 'count_NA_list_elts' defined but not used [-Wunused-function]
1370 | static int count_NA_list_elts(SEXP x)
| ^~~~~~~~~~~~~~~~~~
Rvector_summarization.c:1360:12: warning: 'any_NA_list_elt' defined but not used [-Wunused-function]
1360 | static int any_NA_list_elt(SEXP x)
| ^~~~~~~~~~~~~~~
gcc -I"F:/biocbuild/bbs-3.22-bioc/R/include" -DNDEBUG -I'F:/biocbuild/bbs-3.22-bioc/R/library/S4Vectors/include' -I'F:/biocbuild/bbs-3.22-bioc/R/library/IRanges/include' -I'F:/biocbuild/bbs-3.22-bioc/R/library/XVector/include' -I"C:/rtools45/x86_64-w64-mingw32.static.posix/include" -fopenmp -O2 -Wall -std=gnu2x -mfpmath=sse -msse2 -mstackrealign -c Rvector_utils.c -o Rvector_utils.o
gcc -I"F:/biocbuild/bbs-3.22-bioc/R/include" -DNDEBUG -I'F:/biocbuild/bbs-3.22-bioc/R/library/S4Vectors/include' -I'F:/biocbuild/bbs-3.22-bioc/R/library/IRanges/include' -I'F:/biocbuild/bbs-3.22-bioc/R/library/XVector/include' -I"C:/rtools45/x86_64-w64-mingw32.static.posix/include" -fopenmp -O2 -Wall -std=gnu2x -mfpmath=sse -msse2 -mstackrealign -c S4Vectors_stubs.c -o S4Vectors_stubs.o
gcc -I"F:/biocbuild/bbs-3.22-bioc/R/include" -DNDEBUG -I'F:/biocbuild/bbs-3.22-bioc/R/library/S4Vectors/include' -I'F:/biocbuild/bbs-3.22-bioc/R/library/IRanges/include' -I'F:/biocbuild/bbs-3.22-bioc/R/library/XVector/include' -I"C:/rtools45/x86_64-w64-mingw32.static.posix/include" -fopenmp -O2 -Wall -std=gnu2x -mfpmath=sse -msse2 -mstackrealign -c SBT_utils.c -o SBT_utils.o
gcc -I"F:/biocbuild/bbs-3.22-bioc/R/include" -DNDEBUG -I'F:/biocbuild/bbs-3.22-bioc/R/library/S4Vectors/include' -I'F:/biocbuild/bbs-3.22-bioc/R/library/IRanges/include' -I'F:/biocbuild/bbs-3.22-bioc/R/library/XVector/include' -I"C:/rtools45/x86_64-w64-mingw32.static.posix/include" -fopenmp -O2 -Wall -std=gnu2x -mfpmath=sse -msse2 -mstackrealign -c SVT_SparseArray_class.c -o SVT_SparseArray_class.o
SVT_SparseArray_class.c: In function 'C_from_SVT_SparseMatrix_to_CsparseMatrix':
SVT_SparseArray_class.c:645:23: warning: format '%ld' expects argument of type 'long int', but argument 2 has type 'R_xlen_t' {aka 'long long int'} [-Wformat=]
645 | error("SVT_SparseMatrix object contains too many nonzero "
| ^~~~~~~~~~~~~~~~~~~~~~~~~~~~~~~~~~~~~~~~~~~~~~~~~~~~
646 | "values (%ld) to \"fit\" in a CsparseMatrix derivative",
647 | x_nzcount);
| ~~~~~~~~~
| |
| R_xlen_t {aka long long int}
SVT_SparseArray_class.c:646:34: note: format string is defined here
646 | "values (%ld) to \"fit\" in a CsparseMatrix derivative",
| ~~^
| |
| long int
| %lld
gcc -I"F:/biocbuild/bbs-3.22-bioc/R/include" -DNDEBUG -I'F:/biocbuild/bbs-3.22-bioc/R/library/S4Vectors/include' -I'F:/biocbuild/bbs-3.22-bioc/R/library/IRanges/include' -I'F:/biocbuild/bbs-3.22-bioc/R/library/XVector/include' -I"C:/rtools45/x86_64-w64-mingw32.static.posix/include" -fopenmp -O2 -Wall -std=gnu2x -mfpmath=sse -msse2 -mstackrealign -c SparseArray_Arith_methods.c -o SparseArray_Arith_methods.o
gcc -I"F:/biocbuild/bbs-3.22-bioc/R/include" -DNDEBUG -I'F:/biocbuild/bbs-3.22-bioc/R/library/S4Vectors/include' -I'F:/biocbuild/bbs-3.22-bioc/R/library/IRanges/include' -I'F:/biocbuild/bbs-3.22-bioc/R/library/XVector/include' -I"C:/rtools45/x86_64-w64-mingw32.static.posix/include" -fopenmp -O2 -Wall -std=gnu2x -mfpmath=sse -msse2 -mstackrealign -c SparseArray_Compare_methods.c -o SparseArray_Compare_methods.o
gcc -I"F:/biocbuild/bbs-3.22-bioc/R/include" -DNDEBUG -I'F:/biocbuild/bbs-3.22-bioc/R/library/S4Vectors/include' -I'F:/biocbuild/bbs-3.22-bioc/R/library/IRanges/include' -I'F:/biocbuild/bbs-3.22-bioc/R/library/XVector/include' -I"C:/rtools45/x86_64-w64-mingw32.static.posix/include" -fopenmp -O2 -Wall -std=gnu2x -mfpmath=sse -msse2 -mstackrealign -c SparseArray_Complex_methods.c -o SparseArray_Complex_methods.o
gcc -I"F:/biocbuild/bbs-3.22-bioc/R/include" -DNDEBUG -I'F:/biocbuild/bbs-3.22-bioc/R/library/S4Vectors/include' -I'F:/biocbuild/bbs-3.22-bioc/R/library/IRanges/include' -I'F:/biocbuild/bbs-3.22-bioc/R/library/XVector/include' -I"C:/rtools45/x86_64-w64-mingw32.static.posix/include" -fopenmp -O2 -Wall -std=gnu2x -mfpmath=sse -msse2 -mstackrealign -c SparseArray_Logic_methods.c -o SparseArray_Logic_methods.o
gcc -I"F:/biocbuild/bbs-3.22-bioc/R/include" -DNDEBUG -I'F:/biocbuild/bbs-3.22-bioc/R/library/S4Vectors/include' -I'F:/biocbuild/bbs-3.22-bioc/R/library/IRanges/include' -I'F:/biocbuild/bbs-3.22-bioc/R/library/XVector/include' -I"C:/rtools45/x86_64-w64-mingw32.static.posix/include" -fopenmp -O2 -Wall -std=gnu2x -mfpmath=sse -msse2 -mstackrealign -c SparseArray_Math_methods.c -o SparseArray_Math_methods.o
gcc -I"F:/biocbuild/bbs-3.22-bioc/R/include" -DNDEBUG -I'F:/biocbuild/bbs-3.22-bioc/R/library/S4Vectors/include' -I'F:/biocbuild/bbs-3.22-bioc/R/library/IRanges/include' -I'F:/biocbuild/bbs-3.22-bioc/R/library/XVector/include' -I"C:/rtools45/x86_64-w64-mingw32.static.posix/include" -fopenmp -O2 -Wall -std=gnu2x -mfpmath=sse -msse2 -mstackrealign -c SparseArray_abind.c -o SparseArray_abind.o
gcc -I"F:/biocbuild/bbs-3.22-bioc/R/include" -DNDEBUG -I'F:/biocbuild/bbs-3.22-bioc/R/library/S4Vectors/include' -I'F:/biocbuild/bbs-3.22-bioc/R/library/IRanges/include' -I'F:/biocbuild/bbs-3.22-bioc/R/library/XVector/include' -I"C:/rtools45/x86_64-w64-mingw32.static.posix/include" -fopenmp -O2 -Wall -std=gnu2x -mfpmath=sse -msse2 -mstackrealign -c SparseArray_aperm.c -o SparseArray_aperm.o
gcc -I"F:/biocbuild/bbs-3.22-bioc/R/include" -DNDEBUG -I'F:/biocbuild/bbs-3.22-bioc/R/library/S4Vectors/include' -I'F:/biocbuild/bbs-3.22-bioc/R/library/IRanges/include' -I'F:/biocbuild/bbs-3.22-bioc/R/library/XVector/include' -I"C:/rtools45/x86_64-w64-mingw32.static.posix/include" -fopenmp -O2 -Wall -std=gnu2x -mfpmath=sse -msse2 -mstackrealign -c SparseArray_dim_tuning.c -o SparseArray_dim_tuning.o
gcc -I"F:/biocbuild/bbs-3.22-bioc/R/include" -DNDEBUG -I'F:/biocbuild/bbs-3.22-bioc/R/library/S4Vectors/include' -I'F:/biocbuild/bbs-3.22-bioc/R/library/IRanges/include' -I'F:/biocbuild/bbs-3.22-bioc/R/library/XVector/include' -I"C:/rtools45/x86_64-w64-mingw32.static.posix/include" -fopenmp -O2 -Wall -std=gnu2x -mfpmath=sse -msse2 -mstackrealign -c SparseArray_matrixStats.c -o SparseArray_matrixStats.o
gcc -I"F:/biocbuild/bbs-3.22-bioc/R/include" -DNDEBUG -I'F:/biocbuild/bbs-3.22-bioc/R/library/S4Vectors/include' -I'F:/biocbuild/bbs-3.22-bioc/R/library/IRanges/include' -I'F:/biocbuild/bbs-3.22-bioc/R/library/XVector/include' -I"C:/rtools45/x86_64-w64-mingw32.static.posix/include" -fopenmp -O2 -Wall -std=gnu2x -mfpmath=sse -msse2 -mstackrealign -c SparseArray_misc_methods.c -o SparseArray_misc_methods.o
gcc -I"F:/biocbuild/bbs-3.22-bioc/R/include" -DNDEBUG -I'F:/biocbuild/bbs-3.22-bioc/R/library/S4Vectors/include' -I'F:/biocbuild/bbs-3.22-bioc/R/library/IRanges/include' -I'F:/biocbuild/bbs-3.22-bioc/R/library/XVector/include' -I"C:/rtools45/x86_64-w64-mingw32.static.posix/include" -fopenmp -O2 -Wall -std=gnu2x -mfpmath=sse -msse2 -mstackrealign -c SparseArray_subassignment.c -o SparseArray_subassignment.o
gcc -I"F:/biocbuild/bbs-3.22-bioc/R/include" -DNDEBUG -I'F:/biocbuild/bbs-3.22-bioc/R/library/S4Vectors/include' -I'F:/biocbuild/bbs-3.22-bioc/R/library/IRanges/include' -I'F:/biocbuild/bbs-3.22-bioc/R/library/XVector/include' -I"C:/rtools45/x86_64-w64-mingw32.static.posix/include" -fopenmp -O2 -Wall -std=gnu2x -mfpmath=sse -msse2 -mstackrealign -c SparseArray_subassignment_OLD.c -o SparseArray_subassignment_OLD.o
gcc -I"F:/biocbuild/bbs-3.22-bioc/R/include" -DNDEBUG -I'F:/biocbuild/bbs-3.22-bioc/R/library/S4Vectors/include' -I'F:/biocbuild/bbs-3.22-bioc/R/library/IRanges/include' -I'F:/biocbuild/bbs-3.22-bioc/R/library/XVector/include' -I"C:/rtools45/x86_64-w64-mingw32.static.posix/include" -fopenmp -O2 -Wall -std=gnu2x -mfpmath=sse -msse2 -mstackrealign -c SparseArray_subsetting.c -o SparseArray_subsetting.o
gcc -I"F:/biocbuild/bbs-3.22-bioc/R/include" -DNDEBUG -I'F:/biocbuild/bbs-3.22-bioc/R/library/S4Vectors/include' -I'F:/biocbuild/bbs-3.22-bioc/R/library/IRanges/include' -I'F:/biocbuild/bbs-3.22-bioc/R/library/XVector/include' -I"C:/rtools45/x86_64-w64-mingw32.static.posix/include" -fopenmp -O2 -Wall -std=gnu2x -mfpmath=sse -msse2 -mstackrealign -c SparseArray_summarization.c -o SparseArray_summarization.o
gcc -I"F:/biocbuild/bbs-3.22-bioc/R/include" -DNDEBUG -I'F:/biocbuild/bbs-3.22-bioc/R/library/S4Vectors/include' -I'F:/biocbuild/bbs-3.22-bioc/R/library/IRanges/include' -I'F:/biocbuild/bbs-3.22-bioc/R/library/XVector/include' -I"C:/rtools45/x86_64-w64-mingw32.static.posix/include" -fopenmp -O2 -Wall -std=gnu2x -mfpmath=sse -msse2 -mstackrealign -c SparseMatrix_mult.c -o SparseMatrix_mult.o
SparseMatrix_mult.c:346:13: warning: 'crossprod2_doublemat_doubleSV' defined but not used [-Wunused-function]
346 | static void crossprod2_doublemat_doubleSV(
| ^~~~~~~~~~~~~~~~~~~~~~~~~~~~~
SparseMatrix_mult.c:306:13: warning: 'crossprod2_doubleSV_doublemat' defined but not used [-Wunused-function]
306 | static void crossprod2_doubleSV_doublemat(
| ^~~~~~~~~~~~~~~~~~~~~~~~~~~~~
gcc -I"F:/biocbuild/bbs-3.22-bioc/R/include" -DNDEBUG -I'F:/biocbuild/bbs-3.22-bioc/R/library/S4Vectors/include' -I'F:/biocbuild/bbs-3.22-bioc/R/library/IRanges/include' -I'F:/biocbuild/bbs-3.22-bioc/R/library/XVector/include' -I"C:/rtools45/x86_64-w64-mingw32.static.posix/include" -fopenmp -O2 -Wall -std=gnu2x -mfpmath=sse -msse2 -mstackrealign -c SparseVec.c -o SparseVec.o
gcc -I"F:/biocbuild/bbs-3.22-bioc/R/include" -DNDEBUG -I'F:/biocbuild/bbs-3.22-bioc/R/library/S4Vectors/include' -I'F:/biocbuild/bbs-3.22-bioc/R/library/IRanges/include' -I'F:/biocbuild/bbs-3.22-bioc/R/library/XVector/include' -I"C:/rtools45/x86_64-w64-mingw32.static.posix/include" -fopenmp -O2 -Wall -std=gnu2x -mfpmath=sse -msse2 -mstackrealign -c SparseVec_Arith.c -o SparseVec_Arith.o
gcc -I"F:/biocbuild/bbs-3.22-bioc/R/include" -DNDEBUG -I'F:/biocbuild/bbs-3.22-bioc/R/library/S4Vectors/include' -I'F:/biocbuild/bbs-3.22-bioc/R/library/IRanges/include' -I'F:/biocbuild/bbs-3.22-bioc/R/library/XVector/include' -I"C:/rtools45/x86_64-w64-mingw32.static.posix/include" -fopenmp -O2 -Wall -std=gnu2x -mfpmath=sse -msse2 -mstackrealign -c SparseVec_Compare.c -o SparseVec_Compare.o
gcc -I"F:/biocbuild/bbs-3.22-bioc/R/include" -DNDEBUG -I'F:/biocbuild/bbs-3.22-bioc/R/library/S4Vectors/include' -I'F:/biocbuild/bbs-3.22-bioc/R/library/IRanges/include' -I'F:/biocbuild/bbs-3.22-bioc/R/library/XVector/include' -I"C:/rtools45/x86_64-w64-mingw32.static.posix/include" -fopenmp -O2 -Wall -std=gnu2x -mfpmath=sse -msse2 -mstackrealign -c SparseVec_Logic.c -o SparseVec_Logic.o
gcc -I"F:/biocbuild/bbs-3.22-bioc/R/include" -DNDEBUG -I'F:/biocbuild/bbs-3.22-bioc/R/library/S4Vectors/include' -I'F:/biocbuild/bbs-3.22-bioc/R/library/IRanges/include' -I'F:/biocbuild/bbs-3.22-bioc/R/library/XVector/include' -I"C:/rtools45/x86_64-w64-mingw32.static.posix/include" -fopenmp -O2 -Wall -std=gnu2x -mfpmath=sse -msse2 -mstackrealign -c SparseVec_Math.c -o SparseVec_Math.o
gcc -I"F:/biocbuild/bbs-3.22-bioc/R/include" -DNDEBUG -I'F:/biocbuild/bbs-3.22-bioc/R/library/S4Vectors/include' -I'F:/biocbuild/bbs-3.22-bioc/R/library/IRanges/include' -I'F:/biocbuild/bbs-3.22-bioc/R/library/XVector/include' -I"C:/rtools45/x86_64-w64-mingw32.static.posix/include" -fopenmp -O2 -Wall -std=gnu2x -mfpmath=sse -msse2 -mstackrealign -c SparseVec_dotprod.c -o SparseVec_dotprod.o
gcc -I"F:/biocbuild/bbs-3.22-bioc/R/include" -DNDEBUG -I'F:/biocbuild/bbs-3.22-bioc/R/library/S4Vectors/include' -I'F:/biocbuild/bbs-3.22-bioc/R/library/IRanges/include' -I'F:/biocbuild/bbs-3.22-bioc/R/library/XVector/include' -I"C:/rtools45/x86_64-w64-mingw32.static.posix/include" -fopenmp -O2 -Wall -std=gnu2x -mfpmath=sse -msse2 -mstackrealign -c XVector_stubs.c -o XVector_stubs.o
gcc -I"F:/biocbuild/bbs-3.22-bioc/R/include" -DNDEBUG -I'F:/biocbuild/bbs-3.22-bioc/R/library/S4Vectors/include' -I'F:/biocbuild/bbs-3.22-bioc/R/library/IRanges/include' -I'F:/biocbuild/bbs-3.22-bioc/R/library/XVector/include' -I"C:/rtools45/x86_64-w64-mingw32.static.posix/include" -fopenmp -O2 -Wall -std=gnu2x -mfpmath=sse -msse2 -mstackrealign -c argcheck_utils.c -o argcheck_utils.o
gcc -I"F:/biocbuild/bbs-3.22-bioc/R/include" -DNDEBUG -I'F:/biocbuild/bbs-3.22-bioc/R/library/S4Vectors/include' -I'F:/biocbuild/bbs-3.22-bioc/R/library/IRanges/include' -I'F:/biocbuild/bbs-3.22-bioc/R/library/XVector/include' -I"C:/rtools45/x86_64-w64-mingw32.static.posix/include" -fopenmp -O2 -Wall -std=gnu2x -mfpmath=sse -msse2 -mstackrealign -c coerceVector2.c -o coerceVector2.o
gcc -I"F:/biocbuild/bbs-3.22-bioc/R/include" -DNDEBUG -I'F:/biocbuild/bbs-3.22-bioc/R/library/S4Vectors/include' -I'F:/biocbuild/bbs-3.22-bioc/R/library/IRanges/include' -I'F:/biocbuild/bbs-3.22-bioc/R/library/XVector/include' -I"C:/rtools45/x86_64-w64-mingw32.static.posix/include" -fopenmp -O2 -Wall -std=gnu2x -mfpmath=sse -msse2 -mstackrealign -c leaf_utils.c -o leaf_utils.o
gcc -I"F:/biocbuild/bbs-3.22-bioc/R/include" -DNDEBUG -I'F:/biocbuild/bbs-3.22-bioc/R/library/S4Vectors/include' -I'F:/biocbuild/bbs-3.22-bioc/R/library/IRanges/include' -I'F:/biocbuild/bbs-3.22-bioc/R/library/XVector/include' -I"C:/rtools45/x86_64-w64-mingw32.static.posix/include" -fopenmp -O2 -Wall -std=gnu2x -mfpmath=sse -msse2 -mstackrealign -c randomSparseArray.c -o randomSparseArray.o
gcc -I"F:/biocbuild/bbs-3.22-bioc/R/include" -DNDEBUG -I'F:/biocbuild/bbs-3.22-bioc/R/library/S4Vectors/include' -I'F:/biocbuild/bbs-3.22-bioc/R/library/IRanges/include' -I'F:/biocbuild/bbs-3.22-bioc/R/library/XVector/include' -I"C:/rtools45/x86_64-w64-mingw32.static.posix/include" -fopenmp -O2 -Wall -std=gnu2x -mfpmath=sse -msse2 -mstackrealign -c readSparseCSV.c -o readSparseCSV.o
gcc -I"F:/biocbuild/bbs-3.22-bioc/R/include" -DNDEBUG -I'F:/biocbuild/bbs-3.22-bioc/R/library/S4Vectors/include' -I'F:/biocbuild/bbs-3.22-bioc/R/library/IRanges/include' -I'F:/biocbuild/bbs-3.22-bioc/R/library/XVector/include' -I"C:/rtools45/x86_64-w64-mingw32.static.posix/include" -fopenmp -O2 -Wall -std=gnu2x -mfpmath=sse -msse2 -mstackrealign -c rowsum_methods.c -o rowsum_methods.o
gcc -I"F:/biocbuild/bbs-3.22-bioc/R/include" -DNDEBUG -I'F:/biocbuild/bbs-3.22-bioc/R/library/S4Vectors/include' -I'F:/biocbuild/bbs-3.22-bioc/R/library/IRanges/include' -I'F:/biocbuild/bbs-3.22-bioc/R/library/XVector/include' -I"C:/rtools45/x86_64-w64-mingw32.static.posix/include" -fopenmp -O2 -Wall -std=gnu2x -mfpmath=sse -msse2 -mstackrealign -c sparseMatrix_utils.c -o sparseMatrix_utils.o
gcc -I"F:/biocbuild/bbs-3.22-bioc/R/include" -DNDEBUG -I'F:/biocbuild/bbs-3.22-bioc/R/library/S4Vectors/include' -I'F:/biocbuild/bbs-3.22-bioc/R/library/IRanges/include' -I'F:/biocbuild/bbs-3.22-bioc/R/library/XVector/include' -I"C:/rtools45/x86_64-w64-mingw32.static.posix/include" -fopenmp -O2 -Wall -std=gnu2x -mfpmath=sse -msse2 -mstackrealign -c test.c -o test.o
gcc -I"F:/biocbuild/bbs-3.22-bioc/R/include" -DNDEBUG -I'F:/biocbuild/bbs-3.22-bioc/R/library/S4Vectors/include' -I'F:/biocbuild/bbs-3.22-bioc/R/library/IRanges/include' -I'F:/biocbuild/bbs-3.22-bioc/R/library/XVector/include' -I"C:/rtools45/x86_64-w64-mingw32.static.posix/include" -fopenmp -O2 -Wall -std=gnu2x -mfpmath=sse -msse2 -mstackrealign -c thread_control.c -o thread_control.o
gcc -shared -s -static-libgcc -o SparseArray.dll tmp.def ExtendableJaggedArray.o IRanges_stubs.o OPBufTree.o R_init_SparseArray.o Rvector_summarization.o Rvector_utils.o S4Vectors_stubs.o SBT_utils.o SVT_SparseArray_class.o SparseArray_Arith_methods.o SparseArray_Compare_methods.o SparseArray_Complex_methods.o SparseArray_Logic_methods.o SparseArray_Math_methods.o SparseArray_abind.o SparseArray_aperm.o SparseArray_dim_tuning.o SparseArray_matrixStats.o SparseArray_misc_methods.o SparseArray_subassignment.o SparseArray_subassignment_OLD.o SparseArray_subsetting.o SparseArray_summarization.o SparseMatrix_mult.o SparseVec.o SparseVec_Arith.o SparseVec_Compare.o SparseVec_Logic.o SparseVec_Math.o SparseVec_dotprod.o XVector_stubs.o argcheck_utils.o coerceVector2.o leaf_utils.o randomSparseArray.o readSparseCSV.o rowsum_methods.o sparseMatrix_utils.o test.o thread_control.o -fopenmp -LC:/rtools45/x86_64-w64-mingw32.static.posix/lib/x64 -LC:/rtools45/x86_64-w64-mingw32.static.posix/lib -LF:/biocbuild/bbs-3.22-bioc/R/bin/x64 -lR
installing to F:/biocbuild/bbs-3.22-bioc/R/library/00LOCK-SparseArray/00new/SparseArray/libs/x64
** R
** inst
** byte-compile and prepare package for lazy loading
** help
*** installing help indices
** building package indices
** installing vignettes
** testing if installed package can be loaded from temporary location
** testing if installed package can be loaded from final location
** testing if installed package keeps a record of temporary installation path
* DONE (SparseArray)
SparseArray.Rcheck/tests/testthat.Rout
R version 4.5.1 (2025-06-13 ucrt) -- "Great Square Root"
Copyright (C) 2025 The R Foundation for Statistical Computing
Platform: x86_64-w64-mingw32/x64
R is free software and comes with ABSOLUTELY NO WARRANTY.
You are welcome to redistribute it under certain conditions.
Type 'license()' or 'licence()' for distribution details.
R is a collaborative project with many contributors.
Type 'contributors()' for more information and
'citation()' on how to cite R or R packages in publications.
Type 'demo()' for some demos, 'help()' for on-line help, or
'help.start()' for an HTML browser interface to help.
Type 'q()' to quit R.
> library(testthat)
> library(SparseArray)
Loading required package: Matrix
Loading required package: BiocGenerics
Loading required package: generics
Attaching package: 'generics'
The following objects are masked from 'package:base':
as.difftime, as.factor, as.ordered, intersect, is.element, setdiff,
setequal, union
Attaching package: 'BiocGenerics'
The following objects are masked from 'package:stats':
IQR, mad, sd, var, xtabs
The following objects are masked from 'package:base':
Filter, Find, Map, Position, Reduce, anyDuplicated, aperm, append,
as.data.frame, basename, cbind, colnames, dirname, do.call,
duplicated, eval, evalq, get, grep, grepl, is.unsorted, lapply,
mapply, match, mget, order, paste, pmax, pmax.int, pmin, pmin.int,
rank, rbind, rownames, sapply, saveRDS, table, tapply, unique,
unsplit, which.max, which.min
Loading required package: MatrixGenerics
Loading required package: matrixStats
Attaching package: 'MatrixGenerics'
The following objects are masked from 'package:matrixStats':
colAlls, colAnyNAs, colAnys, colAvgsPerRowSet, colCollapse,
colCounts, colCummaxs, colCummins, colCumprods, colCumsums,
colDiffs, colIQRDiffs, colIQRs, colLogSumExps, colMadDiffs,
colMads, colMaxs, colMeans2, colMedians, colMins, colOrderStats,
colProds, colQuantiles, colRanges, colRanks, colSdDiffs, colSds,
colSums2, colTabulates, colVarDiffs, colVars, colWeightedMads,
colWeightedMeans, colWeightedMedians, colWeightedSds,
colWeightedVars, rowAlls, rowAnyNAs, rowAnys, rowAvgsPerColSet,
rowCollapse, rowCounts, rowCummaxs, rowCummins, rowCumprods,
rowCumsums, rowDiffs, rowIQRDiffs, rowIQRs, rowLogSumExps,
rowMadDiffs, rowMads, rowMaxs, rowMeans2, rowMedians, rowMins,
rowOrderStats, rowProds, rowQuantiles, rowRanges, rowRanks,
rowSdDiffs, rowSds, rowSums2, rowTabulates, rowVarDiffs, rowVars,
rowWeightedMads, rowWeightedMeans, rowWeightedMedians,
rowWeightedSds, rowWeightedVars
Loading required package: S4Vectors
Loading required package: stats4
Attaching package: 'S4Vectors'
The following objects are masked from 'package:Matrix':
expand, unname
The following object is masked from 'package:utils':
findMatches
The following objects are masked from 'package:base':
I, expand.grid, unname
Loading required package: S4Arrays
Loading required package: abind
Loading required package: IRanges
Attaching package: 'IRanges'
The following object is masked from 'package:grDevices':
windows
Attaching package: 'S4Arrays'
The following object is masked from 'package:abind':
abind
The following object is masked from 'package:base':
rowsum
>
> test_check("SparseArray")
[ FAIL 0 | WARN 0 | SKIP 0 | PASS 28672 ]
>
> proc.time()
user system elapsed
116.60 11.45 128.14
SparseArray.Rcheck/SparseArray-Ex.timings
| name | user | system | elapsed | |
| COO_SparseArray-class | 1.92 | 0.11 | 2.03 | |
| NaArray-Arith-methods | 0.10 | 0.03 | 0.13 | |
| NaArray-Compare-methods | 0.02 | 0.00 | 0.02 | |
| NaArray-Logic-methods | 0.05 | 0.00 | 0.05 | |
| NaArray-Math-methods | 0.01 | 0.00 | 0.01 | |
| NaArray-abind | 0 | 0 | 0 | |
| NaArray-aperm | 0 | 0 | 0 | |
| NaArray-class | 0.34 | 0.05 | 0.39 | |
| NaArray-matrixStats | 0 | 0 | 0 | |
| NaArray-misc-methods | 0.1 | 0.0 | 0.1 | |
| NaArray-subsetting | 0.15 | 0.00 | 0.15 | |
| NaArray-summarization | 0.02 | 0.01 | 0.03 | |
| SVT_SparseArray-class | 16.25 | 1.86 | 18.11 | |
| SparseArray-Arith-methods | 0.09 | 0.02 | 0.11 | |
| SparseArray-Compare-methods | 0.02 | 0.00 | 0.02 | |
| SparseArray-Complex-methods | 0 | 0 | 0 | |
| SparseArray-Logic-methods | 0.02 | 0.00 | 0.01 | |
| SparseArray-Math-methods | 0.01 | 0.00 | 0.02 | |
| SparseArray-abind | 0.09 | 0.00 | 0.09 | |
| SparseArray-aperm | 0 | 0 | 0 | |
| SparseArray-class | 3.29 | 0.45 | 3.74 | |
| SparseArray-matrixStats | 0.07 | 0.02 | 0.09 | |
| SparseArray-misc-methods | 0.11 | 0.01 | 0.13 | |
| SparseArray-subassignment | 0.03 | 0.00 | 0.03 | |
| SparseArray-subsetting | 0.19 | 0.00 | 0.18 | |
| SparseArray-summarization | 0.03 | 0.00 | 0.04 | |
| SparseMatrix-mult | 0.05 | 0.00 | 0.04 | |
| extract_sparse_array | 0.06 | 0.02 | 0.08 | |
| is_nonna | 0 | 0 | 0 | |
| is_nonzero | 0.00 | 0.01 | 0.02 | |
| randomSparseArray | 4.55 | 0.41 | 4.95 | |
| readSparseCSV | 0.03 | 0.00 | 0.06 | |
| rowsum-methods | 9.33 | 0.84 | 10.17 | |
| thread-control | 40.70 | 0.74 | 35.74 | |