| Back to Multiple platform build/check report for BioC 3.9 |
|
This page was generated on 2019-04-09 13:32:59 -0400 (Tue, 09 Apr 2019).
| Package 1536/1703 | Hostname | OS / Arch | INSTALL | BUILD | CHECK | BUILD BIN | ||||||
| SpidermiR 1.13.3 Claudia Cava
| malbec2 | Linux (Ubuntu 18.04.2 LTS) / x86_64 | OK | OK | WARNINGS | |||||||
| tokay2 | Windows Server 2012 R2 Standard / x64 | OK | OK | WARNINGS | OK | |||||||
| celaya2 | OS X 10.11.6 El Capitan / x86_64 | OK | OK | WARNINGS | OK | |||||||
| merida2 | OS X 10.11.6 El Capitan / x86_64 | OK | OK | [ WARNINGS ] | OK |
| Package: SpidermiR |
| Version: 1.13.3 |
| Command: /Library/Frameworks/R.framework/Versions/Current/Resources/bin/R CMD check --install=check:SpidermiR.install-out.txt --library=/Library/Frameworks/R.framework/Versions/Current/Resources/library --no-vignettes --timings SpidermiR_1.13.3.tar.gz |
| StartedAt: 2019-04-09 03:54:42 -0400 (Tue, 09 Apr 2019) |
| EndedAt: 2019-04-09 03:57:14 -0400 (Tue, 09 Apr 2019) |
| EllapsedTime: 152.2 seconds |
| RetCode: 0 |
| Status: WARNINGS |
| CheckDir: SpidermiR.Rcheck |
| Warnings: 1 |
##############################################################################
##############################################################################
###
### Running command:
###
### /Library/Frameworks/R.framework/Versions/Current/Resources/bin/R CMD check --install=check:SpidermiR.install-out.txt --library=/Library/Frameworks/R.framework/Versions/Current/Resources/library --no-vignettes --timings SpidermiR_1.13.3.tar.gz
###
##############################################################################
##############################################################################
* using log directory ‘/Users/biocbuild/bbs-3.9-bioc/meat/SpidermiR.Rcheck’
* using R Under development (unstable) (2018-11-27 r75683)
* using platform: x86_64-apple-darwin15.6.0 (64-bit)
* using session charset: UTF-8
* using option ‘--no-vignettes’
* checking for file ‘SpidermiR/DESCRIPTION’ ... OK
* checking extension type ... Package
* this is package ‘SpidermiR’ version ‘1.13.3’
* checking package namespace information ... OK
* checking package dependencies ... OK
* checking if this is a source package ... OK
* checking if there is a namespace ... OK
* checking for hidden files and directories ... OK
* checking for portable file names ... OK
* checking for sufficient/correct file permissions ... OK
* checking whether package ‘SpidermiR’ can be installed ... WARNING
Found the following significant warnings:
Note: possible error in 'simpleNetwork(NetworkData, ': unused argument (textColour = "black")
See ‘/Users/biocbuild/bbs-3.9-bioc/meat/SpidermiR.Rcheck/00install.out’ for details.
Information on the location(s) of code generating the ‘Note’s can be
obtained by re-running with environment variable R_KEEP_PKG_SOURCE set
to ‘yes’.
* checking installed package size ... OK
* checking package directory ... OK
* checking ‘build’ directory ... OK
* checking DESCRIPTION meta-information ... OK
* checking top-level files ... OK
* checking for left-over files ... OK
* checking index information ... OK
* checking package subdirectories ... OK
* checking R files for non-ASCII characters ... OK
* checking R files for syntax errors ... OK
* checking whether the package can be loaded ... OK
* checking whether the package can be loaded with stated dependencies ... OK
* checking whether the package can be unloaded cleanly ... OK
* checking whether the namespace can be loaded with stated dependencies ... OK
* checking whether the namespace can be unloaded cleanly ... OK
* checking dependencies in R code ... NOTE
Namespace in Imports field not imported from: ‘TCGAbiolinks’
All declared Imports should be used.
* checking S3 generic/method consistency ... OK
* checking replacement functions ... OK
* checking foreign function calls ... OK
* checking R code for possible problems ... NOTE
.SpidermiRvisualize_gene: possible error in simpleNetwork(NetworkData,
linkColour = "gray", textColour = "black", zoom = TRUE): unused
argument (textColour = "black")
SpidermiRvisualize_plot_target: no visible binding for global variable
‘miRNAs’
SpidermiRvisualize_plot_target: no visible binding for global variable
‘mRNA_target’
Undefined global functions or variables:
mRNA_target miRNAs
* checking Rd files ... OK
* checking Rd metadata ... OK
* checking Rd cross-references ... OK
* checking for missing documentation entries ... OK
* checking for code/documentation mismatches ... OK
* checking Rd \usage sections ... OK
* checking Rd contents ... OK
* checking for unstated dependencies in examples ... OK
* checking files in ‘vignettes’ ... OK
* checking examples ... OK
Examples with CPU or elapsed time > 5s
user system elapsed
SpidermiRdownload_miRNAvalidate 10.884 0.509 15.425
SpidermiRdownload_miRNAprediction 5.282 1.855 12.005
SpidermiRquery_disease 0.992 0.047 9.139
* checking for unstated dependencies in ‘tests’ ... OK
* checking tests ...
Running ‘testthat.R’
OK
* checking for unstated dependencies in vignettes ... OK
* checking package vignettes in ‘inst/doc’ ... OK
* checking running R code from vignettes ... SKIPPED
* checking re-building of vignette outputs ... SKIPPED
* checking PDF version of manual ... OK
* DONE
Status: 1 WARNING, 2 NOTEs
See
‘/Users/biocbuild/bbs-3.9-bioc/meat/SpidermiR.Rcheck/00check.log’
for details.
SpidermiR.Rcheck/00install.out
############################################################################## ############################################################################## ### ### Running command: ### ### /Library/Frameworks/R.framework/Versions/Current/Resources/bin/R CMD INSTALL SpidermiR ### ############################################################################## ############################################################################## * installing to library ‘/Library/Frameworks/R.framework/Versions/3.6/Resources/library’ * installing *source* package ‘SpidermiR’ ... ** R ** inst ** byte-compile and prepare package for lazy loading Note: possible error in 'simpleNetwork(NetworkData, ': unused argument (textColour = "black") ** help *** installing help indices ** building package indices ** installing vignettes ** testing if installed package can be loaded * DONE (SpidermiR)
SpidermiR.Rcheck/tests/testthat.Rout
R Under development (unstable) (2018-11-27 r75683) -- "Unsuffered Consequences"
Copyright (C) 2018 The R Foundation for Statistical Computing
Platform: x86_64-apple-darwin15.6.0 (64-bit)
R is free software and comes with ABSOLUTELY NO WARRANTY.
You are welcome to redistribute it under certain conditions.
Type 'license()' or 'licence()' for distribution details.
R is a collaborative project with many contributors.
Type 'contributors()' for more information and
'citation()' on how to cite R or R packages in publications.
Type 'demo()' for some demos, 'help()' for on-line help, or
'help.start()' for an HTML browser interface to help.
Type 'q()' to quit R.
> library(testthat)
> library(SpidermiR)
Loading required package: miRNAtap
Loading required package: AnnotationDbi
Loading required package: stats4
Loading required package: BiocGenerics
Loading required package: parallel
Attaching package: 'BiocGenerics'
The following objects are masked from 'package:parallel':
clusterApply, clusterApplyLB, clusterCall, clusterEvalQ,
clusterExport, clusterMap, parApply, parCapply, parLapply,
parLapplyLB, parRapply, parSapply, parSapplyLB
The following objects are masked from 'package:stats':
IQR, mad, sd, var, xtabs
The following objects are masked from 'package:base':
Filter, Find, Map, Position, Reduce, anyDuplicated, append,
as.data.frame, basename, cbind, colMeans, colSums, colnames,
dirname, do.call, duplicated, eval, evalq, get, grep, grepl,
intersect, is.unsorted, lapply, mapply, match, mget, order, paste,
pmax, pmax.int, pmin, pmin.int, rank, rbind, rowMeans, rowSums,
rownames, sapply, setdiff, sort, table, tapply, union, unique,
unsplit, which, which.max, which.min
Loading required package: Biobase
Welcome to Bioconductor
Vignettes contain introductory material; view with
'browseVignettes()'. To cite Bioconductor, see
'citation("Biobase")', and for packages 'citation("pkgname")'.
Loading required package: IRanges
Loading required package: S4Vectors
Attaching package: 'S4Vectors'
The following object is masked from 'package:base':
expand.grid
>
> test_check("SpidermiR")
[1] "Downloading: http://genemania.org/data/current/Saccharomyces_cerevisiae/Shared_protein_domains.INTERPRO.txt ... reference n. 1 of 2"
[1] "Downloading: http://genemania.org/data/current/Saccharomyces_cerevisiae/Shared_protein_domains.PFAM.txt ... reference n. 2 of 2"
══ testthat results ═══════════════════════════════════════════════════════════
OK: 4 SKIPPED: 0 FAILED: 0
>
> proc.time()
user system elapsed
4.831 0.314 6.569
SpidermiR.Rcheck/SpidermiR-Ex.timings
| name | user | system | elapsed | |
| SpidermiRanalyze_Community_detection | 0.013 | 0.001 | 0.013 | |
| SpidermiRanalyze_Community_detection_bi | 0.013 | 0.001 | 0.014 | |
| SpidermiRanalyze_Community_detection_net | 0.007 | 0.001 | 0.007 | |
| SpidermiRanalyze_degree_centrality | 0.001 | 0.000 | 0.001 | |
| SpidermiRanalyze_direct_net | 0.002 | 0.000 | 0.003 | |
| SpidermiRanalyze_direct_subnetwork | 0.003 | 0.000 | 0.003 | |
| SpidermiRanalyze_mirnanet_pharm | 0.001 | 0.000 | 0.001 | |
| SpidermiRanalyze_subnetwork_neigh | 0.004 | 0.001 | 0.004 | |
| SpidermiRdownload_miRNAextra_cir | 0.101 | 0.018 | 1.694 | |
| SpidermiRdownload_miRNAprediction | 5.282 | 1.855 | 12.005 | |
| SpidermiRdownload_miRNAvalidate | 10.884 | 0.509 | 15.425 | |
| SpidermiRdownload_net | 0.288 | 0.020 | 1.135 | |
| SpidermiRdownload_pharmacomir | 0.015 | 0.001 | 0.432 | |
| SpidermiRprepare_NET | 0.663 | 0.054 | 1.986 | |
| SpidermiRquery_disease | 0.992 | 0.047 | 9.139 | |
| SpidermiRquery_networks_type | 0.016 | 0.001 | 0.419 | |
| SpidermiRquery_spec_networks | 0.054 | 0.000 | 0.219 | |
| SpidermiRquery_species | 0.009 | 0.000 | 0.116 | |
| SpidermiRvisualize_3Dbarplot | 0.090 | 0.001 | 0.092 | |
| SpidermiRvisualize_BI | 0.110 | 0.006 | 0.117 | |
| SpidermiRvisualize_adj_matrix | 1.554 | 0.029 | 1.605 | |
| SpidermiRvisualize_degree_dist | 0.010 | 0.001 | 0.011 | |
| SpidermiRvisualize_direction | 0.032 | 0.012 | 0.047 | |
| SpidermiRvisualize_mirnanet | 0.029 | 0.004 | 0.034 | |
| SpidermiRvisualize_plot_target | 0.220 | 0.005 | 0.229 | |