| Back to Multiple platform build/check report for BioC 3.8 |
|
This page was generated on 2019-04-13 11:22:05 -0400 (Sat, 13 Apr 2019).
| Package 740/1649 | Hostname | OS / Arch | INSTALL | BUILD | CHECK | BUILD BIN | ||||||
| HybridMTest 1.26.0 Demba Fofana
| malbec1 | Linux (Ubuntu 16.04.6 LTS) / x86_64 | OK | OK | OK | |||||||
| tokay1 | Windows Server 2012 R2 Standard / x64 | OK | OK | [ WARNINGS ] | OK | |||||||
| merida1 | OS X 10.11.6 El Capitan / x86_64 | OK | OK | OK | OK |
| Package: HybridMTest |
| Version: 1.26.0 |
| Command: C:\Users\biocbuild\bbs-3.8-bioc\R\bin\R.exe CMD check --force-multiarch --install=check:HybridMTest.install-out.txt --library=C:\Users\biocbuild\bbs-3.8-bioc\R\library --no-vignettes --timings HybridMTest_1.26.0.tar.gz |
| StartedAt: 2019-04-13 03:05:28 -0400 (Sat, 13 Apr 2019) |
| EndedAt: 2019-04-13 03:07:23 -0400 (Sat, 13 Apr 2019) |
| EllapsedTime: 114.7 seconds |
| RetCode: 0 |
| Status: WARNINGS |
| CheckDir: HybridMTest.Rcheck |
| Warnings: 1 |
##############################################################################
##############################################################################
###
### Running command:
###
### C:\Users\biocbuild\bbs-3.8-bioc\R\bin\R.exe CMD check --force-multiarch --install=check:HybridMTest.install-out.txt --library=C:\Users\biocbuild\bbs-3.8-bioc\R\library --no-vignettes --timings HybridMTest_1.26.0.tar.gz
###
##############################################################################
##############################################################################
* using log directory 'C:/Users/biocbuild/bbs-3.8-bioc/meat/HybridMTest.Rcheck'
* using R version 3.5.3 (2019-03-11)
* using platform: x86_64-w64-mingw32 (64-bit)
* using session charset: ISO8859-1
* using option '--no-vignettes'
* checking for file 'HybridMTest/DESCRIPTION' ... OK
* checking extension type ... Package
* this is package 'HybridMTest' version '1.26.0'
* checking package namespace information ... OK
* checking package dependencies ...Warning: unable to access index for repository https://CRAN.R-project.org/src/contrib:
cannot open URL 'https://CRAN.R-project.org/src/contrib/PACKAGES'
OK
* checking if this is a source package ... OK
* checking if there is a namespace ... OK
* checking for hidden files and directories ... OK
* checking for portable file names ... OK
* checking whether package 'HybridMTest' can be installed ... WARNING
Found the following significant warnings:
Rd warning: C:/Users/biocbuild/bbs-3.8-bioc/tmpdir/RtmpAjM49L/R.INSTALL1103368255/HybridMTest/man/GroupComp.data.Rd:30: file link 'ExpressionSet' in package 'Biobase' does not exist and so has been treated as a topic
Rd warning: C:/Users/biocbuild/bbs-3.8-bioc/tmpdir/RtmpAjM49L/R.INSTALL1103368255/HybridMTest/man/correlation.data.Rd:28: file link 'ExpressionSet' in package 'Biobase' does not exist and so has been treated as a topic
See 'C:/Users/biocbuild/bbs-3.8-bioc/meat/HybridMTest.Rcheck/00install.out' for details.
* checking installed package size ... OK
* checking package directory ... OK
* checking 'build' directory ... OK
* checking DESCRIPTION meta-information ... NOTE
Non-standard license specification:
GPL Version 2 or later
Standardizable: TRUE
Standardized license specification:
GPL (>= 2)
* checking top-level files ... OK
* checking for left-over files ... OK
* checking index information ... OK
* checking package subdirectories ... OK
* checking R files for non-ASCII characters ... OK
* checking R files for syntax errors ... OK
* loading checks for arch 'i386'
** checking whether the package can be loaded ... OK
** checking whether the package can be loaded with stated dependencies ... OK
** checking whether the package can be unloaded cleanly ... OK
** checking whether the namespace can be loaded with stated dependencies ... OK
** checking whether the namespace can be unloaded cleanly ... OK
* loading checks for arch 'x64'
** checking whether the package can be loaded ... OK
** checking whether the package can be loaded with stated dependencies ... OK
** checking whether the package can be unloaded cleanly ... OK
** checking whether the namespace can be loaded with stated dependencies ... OK
** checking whether the namespace can be unloaded cleanly ... OK
* checking dependencies in R code ... NOTE
Packages in Depends field not imported from:
'Biobase' 'MASS' 'fdrtool' 'survival'
These packages need to be imported from (in the NAMESPACE file)
for when this namespace is loaded but not attached.
* checking S3 generic/method consistency ... OK
* checking replacement functions ... OK
* checking foreign function calls ... OK
* checking R code for possible problems ... NOTE
bartlett.test2: no visible global function definition for
'bartlett.test'
generate.corr.data: no visible global function definition for 'rnorm'
generate.corr.data: no visible global function definition for 'new'
generate.kgroup.data: no visible global function definition for 'new'
generate.surv.data: no visible global function definition for 'rexp'
generate.surv.data: no visible global function definition for 'runif'
generate.surv.data: no visible global function definition for 'new'
grenander: no visible global function definition for 'gcmlcm'
grenander.ebp: no visible global function definition for 'ecdf'
grenander.ebp: no visible global function definition for 'approx'
hybrid.test: no visible global function definition for 'exprs'
hybrid.test: no visible global function definition for 'pData'
ranksum.test: no visible global function definition for 'wilcox.test'
row.T.test: no visible global function definition for 'pt'
row.cox: no visible global function definition for 'Surv'
row.cox: no visible global function definition for 'coxph'
row.cox: no visible global function definition for 'cox.zph'
row.fligner: no visible global function definition for 'pnorm'
row.jung: no visible global function definition for 'pnorm'
row.kruskal.wallis: no visible global function definition for 'pchisq'
row.oneway.anova: no visible global function definition for 'pf'
row.pearson: no visible global function definition for 'pt'
row.slr.resids: no visible global function definition for 'ginv'
row.spearman: no visible global function definition for 'pt'
shapiro.test2: no visible global function definition for 'shapiro.test'
Undefined global functions or variables:
Surv approx bartlett.test cox.zph coxph ecdf exprs gcmlcm ginv new
pData pchisq pf pnorm pt rexp rnorm runif shapiro.test wilcox.test
Consider adding
importFrom("methods", "new")
importFrom("stats", "approx", "bartlett.test", "ecdf", "pchisq", "pf",
"pnorm", "pt", "rexp", "rnorm", "runif", "shapiro.test",
"wilcox.test")
to your NAMESPACE file (and ensure that your DESCRIPTION Imports field
contains 'methods').
* checking Rd files ... OK
* checking Rd metadata ... OK
* checking Rd cross-references ... OK
* checking for missing documentation entries ... OK
* checking for code/documentation mismatches ... OK
* checking Rd \usage sections ... OK
* checking Rd contents ... OK
* checking for unstated dependencies in examples ... OK
* checking contents of 'data' directory ... OK
* checking data for non-ASCII characters ... OK
* checking data for ASCII and uncompressed saves ... OK
* checking files in 'vignettes' ... OK
* checking examples ...
** running examples for arch 'i386' ... OK
** running examples for arch 'x64' ... OK
* checking for unstated dependencies in vignettes ... OK
* checking package vignettes in 'inst/doc' ... OK
* checking running R code from vignettes ... SKIPPED
* checking re-building of vignette outputs ... SKIPPED
* checking PDF version of manual ... OK
* DONE
Status: 1 WARNING, 3 NOTEs
See
'C:/Users/biocbuild/bbs-3.8-bioc/meat/HybridMTest.Rcheck/00check.log'
for details.
HybridMTest.Rcheck/00install.out
##############################################################################
##############################################################################
###
### Running command:
###
### C:\cygwin\bin\curl.exe -O https://malbec1.bioconductor.org/BBS/3.8/bioc/src/contrib/HybridMTest_1.26.0.tar.gz && rm -rf HybridMTest.buildbin-libdir && mkdir HybridMTest.buildbin-libdir && C:\Users\biocbuild\bbs-3.8-bioc\R\bin\R.exe CMD INSTALL --merge-multiarch --build --library=HybridMTest.buildbin-libdir HybridMTest_1.26.0.tar.gz && C:\Users\biocbuild\bbs-3.8-bioc\R\bin\R.exe CMD INSTALL HybridMTest_1.26.0.zip && rm HybridMTest_1.26.0.tar.gz HybridMTest_1.26.0.zip
###
##############################################################################
##############################################################################
% Total % Received % Xferd Average Speed Time Time Time Current
Dload Upload Total Spent Left Speed
0 0 0 0 0 0 0 0 --:--:-- --:--:-- --:--:-- 0
100 100k 100 100k 0 0 2753k 0 --:--:-- --:--:-- --:--:-- 3043k
install for i386
* installing *source* package 'HybridMTest' ...
** R
** data
** byte-compile and prepare package for lazy loading
** help
*** installing help indices
converting help for package 'HybridMTest'
finding HTML links ... done
GroupComp.data html
Rd warning: C:/Users/biocbuild/bbs-3.8-bioc/tmpdir/RtmpAjM49L/R.INSTALL1103368255/HybridMTest/man/GroupComp.data.Rd:30: file link 'ExpressionSet' in package 'Biobase' does not exist and so has been treated as a topic
HybridMTest-package html
correlation.data html
Rd warning: C:/Users/biocbuild/bbs-3.8-bioc/tmpdir/RtmpAjM49L/R.INSTALL1103368255/HybridMTest/man/correlation.data.Rd:28: file link 'ExpressionSet' in package 'Biobase' does not exist and so has been treated as a topic
grenander.ebp html
hybrid.test html
row.kgrp.shapiro html
row.kruskal.wallis html
row.oneway.anova html
row.pearson html
row.slr.shapiro html
row.spearman html
** building package indices
** installing vignettes
** testing if installed package can be loaded
In R CMD INSTALL
install for x64
* installing *source* package 'HybridMTest' ...
** testing if installed package can be loaded
* MD5 sums
packaged installation of 'HybridMTest' as HybridMTest_1.26.0.zip
* DONE (HybridMTest)
In R CMD INSTALL
In R CMD INSTALL
* installing to library 'C:/Users/biocbuild/bbs-3.8-bioc/R/library'
package 'HybridMTest' successfully unpacked and MD5 sums checked
In R CMD INSTALL
|
HybridMTest.Rcheck/examples_i386/HybridMTest-Ex.timings
|
HybridMTest.Rcheck/examples_x64/HybridMTest-Ex.timings
|