| Back to Multiple platform build/check report for BioC 3.8 |
|
This page was generated on 2019-04-13 11:21:04 -0400 (Sat, 13 Apr 2019).
| Package 590/1649 | Hostname | OS / Arch | INSTALL | BUILD | CHECK | BUILD BIN | ||||||
| GeneAnswers 2.24.0 Lei Huang
| malbec1 | Linux (Ubuntu 16.04.6 LTS) / x86_64 | OK | OK | WARNINGS | |||||||
| tokay1 | Windows Server 2012 R2 Standard / x64 | OK | OK | [ WARNINGS ] | OK | |||||||
| merida1 | OS X 10.11.6 El Capitan / x86_64 | OK | OK | WARNINGS | OK |
| Package: GeneAnswers |
| Version: 2.24.0 |
| Command: C:\Users\biocbuild\bbs-3.8-bioc\R\bin\R.exe CMD check --force-multiarch --install=check:GeneAnswers.install-out.txt --library=C:\Users\biocbuild\bbs-3.8-bioc\R\library --no-vignettes --timings GeneAnswers_2.24.0.tar.gz |
| StartedAt: 2019-04-13 02:26:53 -0400 (Sat, 13 Apr 2019) |
| EndedAt: 2019-04-13 02:57:08 -0400 (Sat, 13 Apr 2019) |
| EllapsedTime: 1814.8 seconds |
| RetCode: 0 |
| Status: WARNINGS |
| CheckDir: GeneAnswers.Rcheck |
| Warnings: 1 |
##############################################################################
##############################################################################
###
### Running command:
###
### C:\Users\biocbuild\bbs-3.8-bioc\R\bin\R.exe CMD check --force-multiarch --install=check:GeneAnswers.install-out.txt --library=C:\Users\biocbuild\bbs-3.8-bioc\R\library --no-vignettes --timings GeneAnswers_2.24.0.tar.gz
###
##############################################################################
##############################################################################
* using log directory 'C:/Users/biocbuild/bbs-3.8-bioc/meat/GeneAnswers.Rcheck'
* using R version 3.5.3 (2019-03-11)
* using platform: x86_64-w64-mingw32 (64-bit)
* using session charset: ISO8859-1
* using option '--no-vignettes'
* checking for file 'GeneAnswers/DESCRIPTION' ... OK
* checking extension type ... Package
* this is package 'GeneAnswers' version '2.24.0'
* checking package namespace information ... OK
* checking package dependencies ...Warning: unable to access index for repository https://CRAN.R-project.org/src/contrib:
cannot open URL 'https://CRAN.R-project.org/src/contrib/PACKAGES'
NOTE
Depends: includes the non-default packages:
'igraph' 'RCurl' 'annotate' 'Biobase' 'XML' 'RSQLite' 'MASS'
'Heatplus' 'RColorBrewer'
Adding so many packages to the search path is excessive and importing
selectively is preferable.
* checking if this is a source package ... OK
* checking if there is a namespace ... OK
* checking for hidden files and directories ... OK
* checking for portable file names ... OK
* checking whether package 'GeneAnswers' can be installed ... WARNING
Found the following significant warnings:
Warning: replacing previous import 'stats::spectrum' by 'igraph::spectrum' when loading 'GeneAnswers'
Warning: replacing previous import 'stats::decompose' by 'igraph::decompose' when loading 'GeneAnswers'
See 'C:/Users/biocbuild/bbs-3.8-bioc/meat/GeneAnswers.Rcheck/00install.out' for details.
* checking installed package size ... NOTE
installed size is 34.4Mb
sub-directories of 1Mb or more:
External 32.4Mb
data 1.0Mb
* checking package directory ... OK
* checking 'build' directory ... OK
* checking DESCRIPTION meta-information ... NOTE
Package listed in more than one of Depends, Imports, Suggests, Enhances:
'annotate'
A package should be listed in only one of these fields.
* checking top-level files ... OK
* checking for left-over files ... OK
* checking index information ... OK
* checking package subdirectories ... OK
* checking R files for non-ASCII characters ... OK
* checking R files for syntax errors ... OK
* loading checks for arch 'i386'
** checking whether the package can be loaded ... OK
** checking whether the package can be loaded with stated dependencies ... OK
** checking whether the package can be unloaded cleanly ... OK
** checking whether the namespace can be loaded with stated dependencies ... OK
** checking whether the namespace can be unloaded cleanly ... OK
* loading checks for arch 'x64'
** checking whether the package can be loaded ... OK
** checking whether the package can be loaded with stated dependencies ... OK
** checking whether the package can be unloaded cleanly ... OK
** checking whether the namespace can be loaded with stated dependencies ... OK
** checking whether the namespace can be unloaded cleanly ... OK
* checking dependencies in R code ... NOTE
'library' or 'require' calls to packages already attached by Depends:
'Biobase' 'Heatplus' 'MASS' 'RColorBrewer' 'XML' 'igraph'
Please remove these calls from your code.
'library' or 'require' calls in package code:
'GO.db' 'KEGG.db' 'biomaRt' 'reactome.db'
Please use :: or requireNamespace() instead.
See section 'Suggested packages' in the 'Writing R Extensions' manual.
* checking S3 generic/method consistency ... OK
* checking replacement functions ... OK
* checking foreign function calls ... OK
* checking R code for possible problems ... NOTE
File 'GeneAnswers/R/zzz.R':
.onLoad calls:
require(Biobase)
Package startup functions should not change the search path.
See section 'Good practice' in '?.onAttach'.
.defaultHeatmapColors: no visible global function definition for 'rgb'
.drawHTMLtable: no visible global function definition for
'colorRampPalette'
.heatmap.mds: no visible global function definition for
'colorRampPalette'
buildNet: no visible global function definition for 'colorRampPalette'
chartPlots: no visible global function definition for 'x11'
chartPlots: no visible global function definition for 'rainbow'
drawTable: no visible global function definition for 'colorRampPalette'
drawTable: no visible global function definition for 'x11'
drawTable: no visible global function definition for 'dev.set'
drawTable: no visible global function definition for 'dev.prev'
geneAnnotationHeatmap: no visible global function definition for
'colorRampPalette'
geneConceptNet: no visible global function definition for
'colorRampPalette'
getHomoGeneIDs: no visible global function definition for 'useMart'
getHomoGeneIDs: no visible global function definition for 'getLDS'
getTotalGeneNumber: no visible global function definition for
'count.mappedkeys'
getTotalGeneNumber: no visible global function definition for 'toTable'
getTotalGeneNumber: no visible binding for global variable
'reactomePATHNAME2ID'
groupReport: no visible global function definition for 'png'
groupReport: no visible global function definition for 'dev.off'
groupReport: no visible global function definition for 'rgb'
groupReport: no visible global function definition for 'col2rgb'
Undefined global functions or variables:
col2rgb colorRampPalette count.mappedkeys dev.off dev.prev dev.set
getLDS png rainbow reactomePATHNAME2ID rgb toTable useMart x11
Consider adding
importFrom("grDevices", "col2rgb", "colorRampPalette", "dev.off",
"dev.prev", "dev.set", "png", "rainbow", "rgb", "x11")
to your NAMESPACE file.
* checking Rd files ... OK
* checking Rd metadata ... OK
* checking Rd cross-references ... OK
* checking for missing documentation entries ... OK
* checking for code/documentation mismatches ... OK
* checking Rd \usage sections ... OK
* checking Rd contents ... OK
* checking for unstated dependencies in examples ... OK
* checking contents of 'data' directory ... OK
* checking data for non-ASCII characters ... OK
* checking data for ASCII and uncompressed saves ... OK
* checking files in 'vignettes' ... OK
* checking examples ...
** running examples for arch 'i386' ... OK
Examples with CPU or elapsed time > 5s
user system elapsed
geneAnswersReadable 68.46 0.39 68.87
geneAnswersHeatmap 43.76 0.22 43.98
GeneAnswers-class 36.52 2.56 39.09
getConnectedGraph 35.87 0.64 36.52
geneAnswersConcepts 35.51 0.11 35.62
geneAnswersChartPlots 35.04 0.15 35.21
geneAnswersHomoMapping 34.67 0.23 34.91
geneAnswersConceptNet 32.25 0.19 32.44
GeneAnswers-package 32.03 0.32 32.35
geneAnswersBuilder 31.53 0.17 31.70
geneAnswersSort 30.29 0.13 30.43
buildNet 30.09 0.18 30.31
geneAnswersConceptRelation 29.96 0.22 30.17
getMultiLayerGraphIDs 29.06 0.41 29.56
getGOList 14.62 0.80 503.21
** running examples for arch 'x64' ... OK
Examples with CPU or elapsed time > 5s
user system elapsed
geneAnswersReadable 74.87 0.28 75.18
geneAnswersHomoMapping 46.52 0.05 46.65
geneAnswersHeatmap 45.97 0.01 45.99
GeneAnswers-class 43.14 1.24 44.39
buildNet 40.58 0.03 40.60
geneAnswersSort 39.66 0.06 39.71
geneAnswersConcepts 38.43 0.03 38.47
geneAnswersChartPlots 36.82 0.11 36.92
geneAnswersConceptNet 36.43 0.01 36.45
geneAnswersBuilder 36.09 0.05 36.14
getConnectedGraph 35.62 0.04 35.66
GeneAnswers-package 35.14 0.39 35.55
geneAnswersConceptRelation 33.60 0.02 33.61
getMultiLayerGraphIDs 32.46 0.03 32.49
getGOList 18.49 0.25 18.74
* checking for unstated dependencies in vignettes ... OK
* checking package vignettes in 'inst/doc' ... OK
* checking running R code from vignettes ... SKIPPED
* checking re-building of vignette outputs ... SKIPPED
* checking PDF version of manual ... OK
* DONE
Status: 1 WARNING, 5 NOTEs
See
'C:/Users/biocbuild/bbs-3.8-bioc/meat/GeneAnswers.Rcheck/00check.log'
for details.
GeneAnswers.Rcheck/00install.out
##############################################################################
##############################################################################
###
### Running command:
###
### C:\cygwin\bin\curl.exe -O https://malbec1.bioconductor.org/BBS/3.8/bioc/src/contrib/GeneAnswers_2.24.0.tar.gz && rm -rf GeneAnswers.buildbin-libdir && mkdir GeneAnswers.buildbin-libdir && C:\Users\biocbuild\bbs-3.8-bioc\R\bin\R.exe CMD INSTALL --merge-multiarch --build --library=GeneAnswers.buildbin-libdir GeneAnswers_2.24.0.tar.gz && C:\Users\biocbuild\bbs-3.8-bioc\R\bin\R.exe CMD INSTALL GeneAnswers_2.24.0.zip && rm GeneAnswers_2.24.0.tar.gz GeneAnswers_2.24.0.zip
###
##############################################################################
##############################################################################
% Total % Received % Xferd Average Speed Time Time Time Current
Dload Upload Total Spent Left Speed
0 0 0 0 0 0 0 0 --:--:-- --:--:-- --:--:-- 0
100 32.6M 100 32.6M 0 0 85.6M 0 --:--:-- --:--:-- --:--:-- 86.5M
install for i386
* installing *source* package 'GeneAnswers' ...
** R
** data
** inst
** byte-compile and prepare package for lazy loading
Warning: replacing previous import 'stats::spectrum' by 'igraph::spectrum' when loading 'GeneAnswers'
Warning: replacing previous import 'stats::decompose' by 'igraph::decompose' when loading 'GeneAnswers'
** help
*** installing help indices
converting help for package 'GeneAnswers'
finding HTML links ... done
DO html
DOLite html
DOLiteTerm html
DmIALite html
GeneAnswers-class html
GeneAnswers-package html
HsIALite html
MmIALite html
RnIALite html
buildNet html
caBIO.PATHGenes html
caBIO2entrez html
categoryNet html
chartPlots html
drawTable html
entrez2caBIO html
geneAnnotationHeatmap html
geneAnswersBuilder html
geneAnswersChartPlots html
geneAnswersConceptNet html
geneAnswersConceptRelation html
geneAnswersConcepts html
geneAnswersHeatmap html
geneAnswersHomoMapping html
geneAnswersReadable html
geneAnswersSort html
geneConceptNet html
getCategoryList html
getCategoryTerms html
getConceptTable html
getConnectedGraph html
getDOLiteTerms html
getGOList html
getHomoGeneIDs html
getListGIF html
getMultiLayerGraphIDs html
getNextGOIDs html
getPATHList html
getPATHTerms html
getREACTOMEPATHList html
getREACTOMEPATHTerms html
getSingleLayerGraphIDs html
getSymbols html
getTotalGeneNumber html
getcaBIOPATHList html
getcaBIOPATHTerms html
groupReport html
humanExpr html
humanGeneInput html
mouseExpr html
mouseGeneInput html
sampleGroupsData html
searchEntrez html
topCategory html
topCategoryGenes html
topDOLITE html
topDOLITEGenes html
topGO html
topGOGenes html
topPATH html
topPATHGenes html
topREACTOME.PATH html
topREACTOME.PATHGenes html
topcaBIO.PATH html
** building package indices
** installing vignettes
** testing if installed package can be loaded
Warning: replacing previous import 'stats::spectrum' by 'igraph::spectrum' when loading 'GeneAnswers'
Warning: replacing previous import 'stats::decompose' by 'igraph::decompose' when loading 'GeneAnswers'
In R CMD INSTALL
install for x64
* installing *source* package 'GeneAnswers' ...
** testing if installed package can be loaded
Warning: replacing previous import 'stats::decompose' by 'igraph::decompose' when loading 'GeneAnswers'
Warning: replacing previous import 'stats::spectrum' by 'igraph::spectrum' when loading 'GeneAnswers'
* MD5 sums
packaged installation of 'GeneAnswers' as GeneAnswers_2.24.0.zip
* DONE (GeneAnswers)
In R CMD INSTALL
In R CMD INSTALL
* installing to library 'C:/Users/biocbuild/bbs-3.8-bioc/R/library'
package 'GeneAnswers' successfully unpacked and MD5 sums checked
In R CMD INSTALL
|
GeneAnswers.Rcheck/examples_i386/GeneAnswers-Ex.timings
|
GeneAnswers.Rcheck/examples_x64/GeneAnswers-Ex.timings
|