| Back to Multiple platform build/check report for BioC 3.8 |
|
This page was generated on 2019-04-16 11:48:48 -0400 (Tue, 16 Apr 2019).
| Package 590/1649 | Hostname | OS / Arch | INSTALL | BUILD | CHECK | BUILD BIN | ||||||
| GeneAnswers 2.24.0 Lei Huang
| malbec1 | Linux (Ubuntu 16.04.6 LTS) / x86_64 | OK | OK | [ WARNINGS ] | |||||||
| merida1 | OS X 10.11.6 El Capitan / x86_64 | OK | OK | WARNINGS | OK |
| Package: GeneAnswers |
| Version: 2.24.0 |
| Command: /home/biocbuild/bbs-3.8-bioc/R/bin/R CMD check --install=check:GeneAnswers.install-out.txt --library=/home/biocbuild/bbs-3.8-bioc/R/library --no-vignettes --timings GeneAnswers_2.24.0.tar.gz |
| StartedAt: 2019-04-16 00:06:22 -0400 (Tue, 16 Apr 2019) |
| EndedAt: 2019-04-16 00:17:34 -0400 (Tue, 16 Apr 2019) |
| EllapsedTime: 672.7 seconds |
| RetCode: 0 |
| Status: WARNINGS |
| CheckDir: GeneAnswers.Rcheck |
| Warnings: 1 |
##############################################################################
##############################################################################
###
### Running command:
###
### /home/biocbuild/bbs-3.8-bioc/R/bin/R CMD check --install=check:GeneAnswers.install-out.txt --library=/home/biocbuild/bbs-3.8-bioc/R/library --no-vignettes --timings GeneAnswers_2.24.0.tar.gz
###
##############################################################################
##############################################################################
* using log directory ‘/home/biocbuild/bbs-3.8-bioc/meat/GeneAnswers.Rcheck’
* using R version 3.5.3 (2019-03-11)
* using platform: x86_64-pc-linux-gnu (64-bit)
* using session charset: UTF-8
* using option ‘--no-vignettes’
* checking for file ‘GeneAnswers/DESCRIPTION’ ... OK
* checking extension type ... Package
* this is package ‘GeneAnswers’ version ‘2.24.0’
* checking package namespace information ... OK
* checking package dependencies ... NOTE
Depends: includes the non-default packages:
‘igraph’ ‘RCurl’ ‘annotate’ ‘Biobase’ ‘XML’ ‘RSQLite’ ‘MASS’
‘Heatplus’ ‘RColorBrewer’
Adding so many packages to the search path is excessive and importing
selectively is preferable.
* checking if this is a source package ... OK
* checking if there is a namespace ... OK
* checking for hidden files and directories ... OK
* checking for portable file names ... OK
* checking for sufficient/correct file permissions ... OK
* checking whether package ‘GeneAnswers’ can be installed ... WARNING
Found the following significant warnings:
Warning: replacing previous import ‘stats::decompose’ by ‘igraph::decompose’ when loading ‘GeneAnswers’
Warning: replacing previous import ‘stats::spectrum’ by ‘igraph::spectrum’ when loading ‘GeneAnswers’
See ‘/home/biocbuild/bbs-3.8-bioc/meat/GeneAnswers.Rcheck/00install.out’ for details.
* checking installed package size ... NOTE
installed size is 34.1Mb
sub-directories of 1Mb or more:
External 32.4Mb
data 1.0Mb
* checking package directory ... OK
* checking ‘build’ directory ... OK
* checking DESCRIPTION meta-information ... NOTE
Package listed in more than one of Depends, Imports, Suggests, Enhances:
‘annotate’
A package should be listed in only one of these fields.
* checking top-level files ... OK
* checking for left-over files ... OK
* checking index information ... OK
* checking package subdirectories ... OK
* checking R files for non-ASCII characters ... OK
* checking R files for syntax errors ... OK
* checking whether the package can be loaded ... OK
* checking whether the package can be loaded with stated dependencies ... OK
* checking whether the package can be unloaded cleanly ... OK
* checking whether the namespace can be loaded with stated dependencies ... OK
* checking whether the namespace can be unloaded cleanly ... OK
* checking dependencies in R code ... NOTE
'library' or 'require' calls to packages already attached by Depends:
‘Biobase’ ‘Heatplus’ ‘MASS’ ‘RColorBrewer’ ‘XML’ ‘igraph’
Please remove these calls from your code.
'library' or 'require' calls in package code:
‘GO.db’ ‘KEGG.db’ ‘biomaRt’ ‘reactome.db’
Please use :: or requireNamespace() instead.
See section 'Suggested packages' in the 'Writing R Extensions' manual.
* checking S3 generic/method consistency ... OK
* checking replacement functions ... OK
* checking foreign function calls ... OK
* checking R code for possible problems ... NOTE
File ‘GeneAnswers/R/zzz.R’:
.onLoad calls:
require(Biobase)
Package startup functions should not change the search path.
See section ‘Good practice’ in '?.onAttach'.
.catsCluster: no visible global function definition for ‘par’
.catsCluster: no visible global function definition for ‘plot’
.defaultHeatmapColors: no visible global function definition for ‘rgb’
.drawHTMLtable: no visible global function definition for
‘colorRampPalette’
.drawTable: no visible global function definition for ‘par’
.drawTable: no visible global function definition for ‘image’
.drawTable: no visible global function definition for ‘abline’
.drawTable: no visible global function definition for ‘axis’
.drawTable: no visible global function definition for ‘points’
.heatmap.mds: no visible global function definition for
‘colorRampPalette’
.heatmap.mds: no visible global function definition for ‘layout’
.heatmap.mds: no visible global function definition for ‘par’
.heatmap.mds: no visible global function definition for ‘image’
.heatmap.mds: no visible global function definition for ‘axis’
.heatmap.mds: no visible global function definition for ‘box’
buildNet: no visible global function definition for ‘colorRampPalette’
buildNet: no visible global function definition for ‘plot’
chartPlots: no visible global function definition for ‘x11’
chartPlots: no visible global function definition for ‘pie’
chartPlots: no visible global function definition for ‘rainbow’
chartPlots: no visible global function definition for ‘barplot’
drawTable: no visible global function definition for ‘colorRampPalette’
drawTable: no visible global function definition for ‘x11’
drawTable: no visible global function definition for ‘par’
drawTable: no visible global function definition for ‘image’
drawTable: no visible global function definition for ‘abline’
drawTable: no visible global function definition for ‘axis’
drawTable: no visible global function definition for ‘text’
drawTable: no visible global function definition for ‘box’
drawTable: no visible global function definition for ‘dev.set’
drawTable: no visible global function definition for ‘dev.prev’
geneAnnotationHeatmap: no visible global function definition for
‘colorRampPalette’
geneAnnotationHeatmap: no visible global function definition for
‘layout’
geneConceptNet: no visible global function definition for
‘colorRampPalette’
getHomoGeneIDs: no visible global function definition for ‘useMart’
getHomoGeneIDs: no visible global function definition for ‘getLDS’
getTotalGeneNumber: no visible global function definition for
‘count.mappedkeys’
getTotalGeneNumber: no visible global function definition for ‘toTable’
getTotalGeneNumber: no visible binding for global variable
‘reactomePATHNAME2ID’
groupReport: no visible global function definition for ‘png’
groupReport: no visible global function definition for ‘dev.off’
groupReport: no visible global function definition for ‘rgb’
groupReport: no visible global function definition for ‘col2rgb’
Undefined global functions or variables:
abline axis barplot box col2rgb colorRampPalette count.mappedkeys
dev.off dev.prev dev.set getLDS image layout par pie plot png points
rainbow reactomePATHNAME2ID rgb text toTable useMart x11
Consider adding
importFrom("grDevices", "col2rgb", "colorRampPalette", "dev.off",
"dev.prev", "dev.set", "png", "rainbow", "rgb", "x11")
importFrom("graphics", "abline", "axis", "barplot", "box", "image",
"layout", "par", "pie", "plot", "points", "text")
to your NAMESPACE file.
* checking Rd files ... OK
* checking Rd metadata ... OK
* checking Rd cross-references ... OK
* checking for missing documentation entries ... OK
* checking for code/documentation mismatches ... OK
* checking Rd \usage sections ... OK
* checking Rd contents ... OK
* checking for unstated dependencies in examples ... OK
* checking contents of ‘data’ directory ... OK
* checking data for non-ASCII characters ... OK
* checking data for ASCII and uncompressed saves ... OK
* checking files in ‘vignettes’ ... OK
* checking examples ... OK
Examples with CPU or elapsed time > 5s
user system elapsed
geneAnswersReadable 72.824 0.104 73.083
GeneAnswers-class 41.592 0.660 42.458
geneAnswersSort 41.812 0.036 42.138
getConnectedGraph 39.420 0.096 39.575
geneAnswersConcepts 37.188 0.004 37.230
geneAnswersConceptNet 35.876 0.024 35.962
buildNet 35.452 0.012 35.570
GeneAnswers-package 35.340 0.032 35.438
geneAnswersChartPlots 35.068 0.012 35.130
geneAnswersHeatmap 34.100 0.012 34.146
geneAnswersHomoMapping 33.184 0.072 33.286
getMultiLayerGraphIDs 32.944 0.096 33.075
geneAnswersConceptRelation 32.648 0.068 32.750
geneAnswersBuilder 31.736 0.088 31.874
getGOList 16.936 0.160 18.405
* checking for unstated dependencies in vignettes ... OK
* checking package vignettes in ‘inst/doc’ ... OK
* checking running R code from vignettes ... SKIPPED
* checking re-building of vignette outputs ... SKIPPED
* checking PDF version of manual ... OK
* DONE
Status: 1 WARNING, 5 NOTEs
See
‘/home/biocbuild/bbs-3.8-bioc/meat/GeneAnswers.Rcheck/00check.log’
for details.
GeneAnswers.Rcheck/00install.out
############################################################################## ############################################################################## ### ### Running command: ### ### /home/biocbuild/bbs-3.8-bioc/R/bin/R CMD INSTALL GeneAnswers ### ############################################################################## ############################################################################## * installing to library ‘/home/biocbuild/bbs-3.8-bioc/R/library’ * installing *source* package ‘GeneAnswers’ ... ** R ** data ** inst ** byte-compile and prepare package for lazy loading Warning: replacing previous import ‘stats::decompose’ by ‘igraph::decompose’ when loading ‘GeneAnswers’ Warning: replacing previous import ‘stats::spectrum’ by ‘igraph::spectrum’ when loading ‘GeneAnswers’ ** help *** installing help indices ** building package indices ** installing vignettes ** testing if installed package can be loaded Warning: replacing previous import ‘stats::decompose’ by ‘igraph::decompose’ when loading ‘GeneAnswers’ Warning: replacing previous import ‘stats::spectrum’ by ‘igraph::spectrum’ when loading ‘GeneAnswers’ * DONE (GeneAnswers)
GeneAnswers.Rcheck/GeneAnswers-Ex.timings
| name | user | system | elapsed | |
| DO | 0.488 | 0.008 | 0.494 | |
| DOLite | 0.04 | 0.00 | 0.04 | |
| DOLiteTerm | 0.000 | 0.004 | 0.003 | |
| DmIALite | 0.096 | 0.004 | 0.099 | |
| GeneAnswers-class | 41.592 | 0.660 | 42.458 | |
| GeneAnswers-package | 35.340 | 0.032 | 35.438 | |
| HsIALite | 0.208 | 0.000 | 0.208 | |
| MmIALite | 0.012 | 0.000 | 0.013 | |
| RnIALite | 0.004 | 0.000 | 0.006 | |
| buildNet | 35.452 | 0.012 | 35.570 | |
| caBIO.PATHGenes | 0 | 0 | 0 | |
| caBIO2entrez | 0 | 0 | 0 | |
| categoryNet | 0.000 | 0.000 | 0.001 | |
| chartPlots | 0.088 | 0.016 | 0.110 | |
| drawTable | 0.780 | 0.000 | 0.783 | |
| entrez2caBIO | 0.000 | 0.000 | 0.001 | |
| geneAnnotationHeatmap | 0.004 | 0.000 | 0.003 | |
| geneAnswersBuilder | 31.736 | 0.088 | 31.874 | |
| geneAnswersChartPlots | 35.068 | 0.012 | 35.130 | |
| geneAnswersConceptNet | 35.876 | 0.024 | 35.962 | |
| geneAnswersConceptRelation | 32.648 | 0.068 | 32.750 | |
| geneAnswersConcepts | 37.188 | 0.004 | 37.230 | |
| geneAnswersHeatmap | 34.100 | 0.012 | 34.146 | |
| geneAnswersHomoMapping | 33.184 | 0.072 | 33.286 | |
| geneAnswersReadable | 72.824 | 0.104 | 73.083 | |
| geneAnswersSort | 41.812 | 0.036 | 42.138 | |
| geneConceptNet | 0.000 | 0.000 | 0.001 | |
| getCategoryList | 0.240 | 0.016 | 0.306 | |
| getCategoryTerms | 0.052 | 0.000 | 0.053 | |
| getConceptTable | 0.892 | 0.004 | 0.899 | |
| getConnectedGraph | 39.420 | 0.096 | 39.575 | |
| getDOLiteTerms | 0.004 | 0.000 | 0.004 | |
| getGOList | 16.936 | 0.160 | 18.405 | |
| getHomoGeneIDs | 0.212 | 0.004 | 0.216 | |
| getListGIF | 0.000 | 0.000 | 0.001 | |
| getMultiLayerGraphIDs | 32.944 | 0.096 | 33.075 | |
| getNextGOIDs | 0.076 | 0.000 | 0.076 | |
| getPATHList | 0.028 | 0.000 | 0.029 | |
| getPATHTerms | 0.016 | 0.000 | 0.016 | |
| getREACTOMEPATHList | 0.000 | 0.000 | 0.001 | |
| getREACTOMEPATHTerms | 0 | 0 | 0 | |
| getSingleLayerGraphIDs | 0.004 | 0.000 | 0.002 | |
| getSymbols | 0.024 | 0.000 | 0.023 | |
| getTotalGeneNumber | 0.352 | 0.000 | 0.356 | |
| getcaBIOPATHList | 0.000 | 0.000 | 0.001 | |
| getcaBIOPATHTerms | 0 | 0 | 0 | |
| groupReport | 0.544 | 0.008 | 0.552 | |
| humanExpr | 0.004 | 0.000 | 0.005 | |
| humanGeneInput | 0.000 | 0.000 | 0.003 | |
| mouseExpr | 0.004 | 0.000 | 0.004 | |
| mouseGeneInput | 0.000 | 0.004 | 0.003 | |
| sampleGroupsData | 0.044 | 0.020 | 0.063 | |
| searchEntrez | 0.000 | 0.000 | 0.001 | |
| topCategory | 0 | 0 | 0 | |
| topCategoryGenes | 0 | 0 | 0 | |
| topDOLITE | 0.000 | 0.000 | 0.001 | |
| topDOLITEGenes | 0 | 0 | 0 | |
| topGO | 0 | 0 | 0 | |
| topGOGenes | 0 | 0 | 0 | |
| topPATH | 0.000 | 0.000 | 0.001 | |
| topPATHGenes | 0 | 0 | 0 | |
| topREACTOME.PATH | 0 | 0 | 0 | |
| topREACTOME.PATHGenes | 0 | 0 | 0 | |
| topcaBIO.PATH | 0.004 | 0.000 | 0.001 | |