| Back to Multiple platform build/check report for BioC 3.7 |
|
This page was generated on 2018-10-17 08:27:05 -0400 (Wed, 17 Oct 2018).
| Package 610/1561 | Hostname | OS / Arch | INSTALL | BUILD | CHECK | BUILD BIN | ||||||
| gespeR 1.12.0 Fabian Schmich
| malbec2 | Linux (Ubuntu 16.04.1 LTS) / x86_64 | OK | OK | [ WARNINGS ] | |||||||
| tokay2 | Windows Server 2012 R2 Standard / x64 | OK | OK | WARNINGS | OK | |||||||
| merida2 | OS X 10.11.6 El Capitan / x86_64 | OK | OK | WARNINGS | OK |
| Package: gespeR |
| Version: 1.12.0 |
| Command: /home/biocbuild/bbs-3.7-bioc/R/bin/R CMD check --install=check:gespeR.install-out.txt --library=/home/biocbuild/bbs-3.7-bioc/R/library --no-vignettes --timings gespeR_1.12.0.tar.gz |
| StartedAt: 2018-10-16 00:49:05 -0400 (Tue, 16 Oct 2018) |
| EndedAt: 2018-10-16 00:52:39 -0400 (Tue, 16 Oct 2018) |
| EllapsedTime: 213.4 seconds |
| RetCode: 0 |
| Status: WARNINGS |
| CheckDir: gespeR.Rcheck |
| Warnings: 1 |
##############################################################################
##############################################################################
###
### Running command:
###
### /home/biocbuild/bbs-3.7-bioc/R/bin/R CMD check --install=check:gespeR.install-out.txt --library=/home/biocbuild/bbs-3.7-bioc/R/library --no-vignettes --timings gespeR_1.12.0.tar.gz
###
##############################################################################
##############################################################################
* using log directory ‘/home/biocbuild/bbs-3.7-bioc/meat/gespeR.Rcheck’
* using R version 3.5.1 Patched (2018-07-12 r74967)
* using platform: x86_64-pc-linux-gnu (64-bit)
* using session charset: UTF-8
* using option ‘--no-vignettes’
* checking for file ‘gespeR/DESCRIPTION’ ... OK
* checking extension type ... Package
* this is package ‘gespeR’ version ‘1.12.0’
* checking package namespace information ... OK
* checking package dependencies ... OK
* checking if this is a source package ... OK
* checking if there is a namespace ... OK
* checking for hidden files and directories ... OK
* checking for portable file names ... OK
* checking for sufficient/correct file permissions ... OK
* checking whether package ‘gespeR’ can be installed ... OK
* checking installed package size ... OK
* checking package directory ... OK
* checking ‘build’ directory ... OK
* checking DESCRIPTION meta-information ... OK
* checking top-level files ... OK
* checking for left-over files ... OK
* checking index information ... OK
* checking package subdirectories ... OK
* checking R files for non-ASCII characters ... OK
* checking R files for syntax errors ... OK
* checking whether the package can be loaded ... OK
* checking whether the package can be loaded with stated dependencies ... OK
* checking whether the package can be unloaded cleanly ... OK
* checking whether the namespace can be loaded with stated dependencies ... OK
* checking whether the namespace can be unloaded cleanly ... OK
* checking dependencies in R code ... OK
* checking S3 generic/method consistency ... OK
* checking replacement functions ... OK
* checking foreign function calls ... OK
* checking R code for possible problems ... NOTE
.gespeR.cv: no visible global function definition for ‘coef’
.select.model: no visible global function definition for ‘predict’
concordance: no visible global function definition for ‘cor’
lasso.rand: no visible global function definition for ‘runif’
plot.gespeR: no visible global function definition for ‘hist’
stability.selection: no visible global function definition for ‘lm’
Phenotypes,character: no visible global function definition for
‘read.delim’
Undefined global functions or variables:
coef cor hist lm predict read.delim runif
Consider adding
importFrom("graphics", "hist")
importFrom("stats", "coef", "cor", "lm", "predict", "runif")
importFrom("utils", "read.delim")
to your NAMESPACE file.
* checking Rd files ... OK
* checking Rd metadata ... OK
* checking Rd cross-references ... OK
* checking for missing documentation entries ... OK
* checking for code/documentation mismatches ... WARNING
Codoc mismatches from documentation object 'c,Phenotypes-method':
\S4method{c}{Phenotypes}
Code: function(x, ...)
Docs: function(x, ..., recursive = FALSE)
Argument names in docs not in code:
recursive
* checking Rd \usage sections ... OK
* checking Rd contents ... OK
* checking for unstated dependencies in examples ... OK
* checking contents of ‘data’ directory ... OK
* checking data for non-ASCII characters ... OK
* checking data for ASCII and uncompressed saves ... OK
* checking files in ‘vignettes’ ... OK
* checking examples ... OK
Examples with CPU or elapsed time > 5s
user system elapsed
gespeR-package 4.628 0.524 52.887
gespeR-class 0.384 0.060 12.413
stability-methods 0.160 0.044 11.935
* checking for unstated dependencies in vignettes ... OK
* checking package vignettes in ‘inst/doc’ ... OK
* checking running R code from vignettes ... SKIPPED
* checking re-building of vignette outputs ... SKIPPED
* checking PDF version of manual ... OK
* DONE
Status: 1 WARNING, 1 NOTE
See
‘/home/biocbuild/bbs-3.7-bioc/meat/gespeR.Rcheck/00check.log’
for details.
gespeR.Rcheck/00install.out
############################################################################## ############################################################################## ### ### Running command: ### ### /home/biocbuild/bbs-3.7-bioc/R/bin/R CMD INSTALL gespeR ### ############################################################################## ############################################################################## * installing to library ‘/home/biocbuild/bbs-3.7-bioc/R/library’ * installing *source* package ‘gespeR’ ... ** R ** data ** inst ** byte-compile and prepare package for lazy loading ** help *** installing help indices ** building package indices ** installing vignettes ** testing if installed package can be loaded * DONE (gespeR)
gespeR.Rcheck/gespeR-Ex.timings
| name | user | system | elapsed | |
| Phenotypes-class | 0.020 | 0.000 | 0.028 | |
| TargetRelations-class | 0.012 | 0.000 | 0.035 | |
| annotate.gsp-methods | 0.156 | 0.004 | 0.160 | |
| as.data.frame-Phenotypes-method | 0.332 | 0.000 | 0.334 | |
| c-Phenotypes-method | 0.064 | 0.000 | 0.065 | |
| concordance | 1.052 | 0.004 | 1.057 | |
| gespeR-class | 0.384 | 0.060 | 12.413 | |
| gespeR-package | 4.628 | 0.524 | 52.887 | |
| gspssp-methods | 0.164 | 0.004 | 0.172 | |
| join-methods | 0.012 | 0.000 | 0.012 | |
| lasso.rand | 0.000 | 0.004 | 0.004 | |
| na.rem-methods | 0.036 | 0.000 | 0.037 | |
| path-methods | 0.008 | 0.000 | 0.006 | |
| rbo | 0.000 | 0.000 | 0.001 | |
| scores-methods | 0.148 | 0.008 | 0.154 | |
| simData | 0.012 | 0.000 | 0.011 | |
| stability-methods | 0.160 | 0.044 | 11.935 | |
| stabilityfits | 0.136 | 0.000 | 0.134 | |
| target-relations-methods | 0.132 | 0.000 | 0.133 | |
| trmatrix-methods | 0.132 | 0.004 | 0.139 | |
| values-methods | 0.012 | 0.004 | 0.019 | |