| Back to Multiple platform build/check report for BioC 3.7 |
|
This page was generated on 2018-10-17 08:48:17 -0400 (Wed, 17 Oct 2018).
| Package 253/1561 | Hostname | OS / Arch | INSTALL | BUILD | CHECK | BUILD BIN | ||||||
| clippda 1.30.0 Stephen Nyangoma
| malbec2 | Linux (Ubuntu 16.04.1 LTS) / x86_64 | OK | OK | WARNINGS | |||||||
| tokay2 | Windows Server 2012 R2 Standard / x64 | OK | OK | WARNINGS | OK | |||||||
| merida2 | OS X 10.11.6 El Capitan / x86_64 | OK | OK | [ WARNINGS ] | OK |
| Package: clippda |
| Version: 1.30.0 |
| Command: /Library/Frameworks/R.framework/Versions/Current/Resources/bin/R CMD check --install=check:clippda.install-out.txt --library=/Library/Frameworks/R.framework/Versions/Current/Resources/library --no-vignettes --timings clippda_1.30.0.tar.gz |
| StartedAt: 2018-10-16 20:30:23 -0400 (Tue, 16 Oct 2018) |
| EndedAt: 2018-10-16 20:35:17 -0400 (Tue, 16 Oct 2018) |
| EllapsedTime: 294.0 seconds |
| RetCode: 0 |
| Status: WARNINGS |
| CheckDir: clippda.Rcheck |
| Warnings: 2 |
##############################################################################
##############################################################################
###
### Running command:
###
### /Library/Frameworks/R.framework/Versions/Current/Resources/bin/R CMD check --install=check:clippda.install-out.txt --library=/Library/Frameworks/R.framework/Versions/Current/Resources/library --no-vignettes --timings clippda_1.30.0.tar.gz
###
##############################################################################
##############################################################################
* using log directory ‘/Users/biocbuild/bbs-3.7-bioc/meat/clippda.Rcheck’
* using R version 3.5.1 Patched (2018-07-12 r74967)
* using platform: x86_64-apple-darwin15.6.0 (64-bit)
* using session charset: UTF-8
* using option ‘--no-vignettes’
* checking for file ‘clippda/DESCRIPTION’ ... OK
* this is package ‘clippda’ version ‘1.30.0’
* checking package namespace information ... NOTE
Namespaces with empty importFrom:
‘Biobase’ ‘tools’
* checking package dependencies ... NOTE
Depends: includes the non-default packages:
‘limma’ ‘statmod’ ‘rgl’ ‘lattice’ ‘scatterplot3d’ ‘Biobase’ ‘tools’
Adding so many packages to the search path is excessive and importing
selectively is preferable.
* checking if this is a source package ... OK
* checking if there is a namespace ... OK
* checking for hidden files and directories ... OK
* checking for portable file names ... OK
* checking for sufficient/correct file permissions ... OK
* checking whether package ‘clippda’ can be installed ... WARNING
Found the following significant warnings:
Warning: 'rgl_init' failed, running with rgl.useNULL = TRUE
See ‘/Users/biocbuild/bbs-3.7-bioc/meat/clippda.Rcheck/00install.out’ for details.
* checking installed package size ... OK
* checking package directory ... OK
* checking ‘build’ directory ... OK
* checking DESCRIPTION meta-information ... OK
* checking top-level files ... OK
* checking for left-over files ... OK
* checking index information ... OK
* checking package subdirectories ... WARNING
Invalid citation information in ‘inst/CITATION’:
Error in bibentry(bibtype = entry, textVersion = textVersion, header = header, footer = footer, ...): argument "textVersion" is missing, with no default
* checking R files for non-ASCII characters ... OK
* checking R files for syntax errors ... OK
* checking whether the package can be loaded ... OK
* checking whether the package can be loaded with stated dependencies ... OK
* checking whether the package can be unloaded cleanly ... OK
* checking whether the namespace can be loaded with stated dependencies ... OK
* checking whether the namespace can be unloaded cleanly ... OK
* checking dependencies in R code ... NOTE
'library' or 'require' calls to packages already attached by Depends:
‘lattice’ ‘limma’ ‘rgl’ ‘scatterplot3d’ ‘statmod’
Please remove these calls from your code.
Packages in Depends field not imported from:
‘lattice’ ‘rgl’
These packages need to be imported from (in the NAMESPACE file)
for when this namespace is loaded but not attached.
* checking S3 generic/method consistency ... OK
* checking replacement functions ... OK
* checking foreign function calls ... OK
* checking R code for possible problems ... NOTE
ZvaluescasesVcontrolsPlots: no visible global function definition for
‘plot’
ZvaluescasesVcontrolsPlots: no visible global function definition for
‘lines’
ZvaluescasesVcontrolsPlots: no visible global function definition for
‘legend’
ZvaluesfrommultinomPlots: no visible global function definition for
‘rmultinom’
ZvaluesfrommultinomPlots: no visible global function definition for
‘density’
ZvaluesfrommultinomPlots: no visible global function definition for
‘plot’
ZvaluesfrommultinomPlots: no visible global function definition for
‘lines’
ZvaluesfrommultinomPlots: no visible global function definition for
‘legend’
ZvaluesfrommultinomPlots: no visible global function definition for
‘cloud’
ZvaluesfrommultinomPlots: no visible global function definition for
‘var’
Undefined global functions or variables:
cloud density legend lines plot rmultinom var
Consider adding
importFrom("graphics", "legend", "lines", "plot")
importFrom("stats", "density", "rmultinom", "var")
to your NAMESPACE file.
* checking Rd files ... OK
* checking Rd metadata ... OK
* checking Rd cross-references ... OK
* checking for missing documentation entries ... OK
* checking for code/documentation mismatches ... OK
* checking Rd \usage sections ... OK
* checking Rd contents ... OK
* checking for unstated dependencies in examples ... OK
* checking contents of ‘data’ directory ... OK
* checking data for non-ASCII characters ... OK
* checking data for ASCII and uncompressed saves ... OK
* checking sizes of PDF files under ‘inst/doc’ ... OK
* checking files in ‘vignettes’ ... OK
* checking examples ... OK
Examples with CPU or elapsed time > 5s
user system elapsed
clippda-package 103.183 5.647 110.028
sampleSize 62.944 3.544 67.246
sampleSizeParameters 33.573 1.861 35.814
sample_technicalVariance 8.857 0.495 9.455
replicateCorrelations 5.225 0.279 5.545
* checking for unstated dependencies in vignettes ... OK
* checking package vignettes in ‘inst/doc’ ... OK
* checking running R code from vignettes ... SKIPPED
* checking re-building of vignette outputs ... SKIPPED
* checking PDF version of manual ... OK
* DONE
Status: 2 WARNINGs, 4 NOTEs
See
‘/Users/biocbuild/bbs-3.7-bioc/meat/clippda.Rcheck/00check.log’
for details.
clippda.Rcheck/00install.out
############################################################################## ############################################################################## ### ### Running command: ### ### /Library/Frameworks/R.framework/Versions/Current/Resources/bin/R CMD INSTALL clippda ### ############################################################################## ############################################################################## * installing to library ‘/Library/Frameworks/R.framework/Versions/3.5/Resources/library’ * installing *source* package ‘clippda’ ... ** R ** data ** inst ** byte-compile and prepare package for lazy loading Warning in rgl.init(initValue, onlyNULL) : RGL: GLX extension missing on server Warning: 'rgl_init' failed, running with rgl.useNULL = TRUE ** help *** installing help indices ** building package indices ** installing vignettes ** testing if installed package can be loaded Warning in rgl.init(initValue, onlyNULL) : RGL: GLX extension missing on server Warning: 'rgl_init' failed, running with rgl.useNULL = TRUE * DONE (clippda)
clippda.Rcheck/clippda-Ex.timings
| name | user | system | elapsed | |
| ZvaluescasesVcontrolsPlots | 0.015 | 0.002 | 0.019 | |
| ZvaluesfrommultinomPlots | 0.568 | 0.043 | 0.627 | |
| aclinicalProteomicsData-class | 0.050 | 0.005 | 0.055 | |
| aclinicalProteomicsData-methods | 0.717 | 0.349 | 1.073 | |
| betweensampleVariance | 2.236 | 0.161 | 2.419 | |
| checkNo.replicates | 0.126 | 0.009 | 0.137 | |
| clippda-package | 103.183 | 5.647 | 110.028 | |
| f | 0.004 | 0.001 | 0.004 | |
| fisherInformation | 0.084 | 0.005 | 0.089 | |
| liverRawData | 0.005 | 0.001 | 0.006 | |
| liver_pheno | 0.003 | 0.002 | 0.005 | |
| liverdata | 1.503 | 0.094 | 1.618 | |
| mostSimilarTwo | 0.004 | 0.001 | 0.005 | |
| negativeIntensitiesCorrection | 0.331 | 0.033 | 0.366 | |
| phenoDataFrame | 0.052 | 0.005 | 0.057 | |
| pheno_urine | 0.003 | 0.002 | 0.004 | |
| preProcRepeatedPeakData | 1.275 | 0.093 | 1.379 | |
| proteomicsExprsData | 0.283 | 0.007 | 0.292 | |
| proteomicspData | 0.043 | 0.003 | 0.045 | |
| replicateCorrelations | 5.225 | 0.279 | 5.545 | |
| sampleClusteredData | 0.358 | 0.026 | 0.389 | |
| sampleSize | 62.944 | 3.544 | 67.246 | |
| sampleSize3DscatterPlots | 0.033 | 0.002 | 0.035 | |
| sampleSizeContourPlots | 0.048 | 0.003 | 0.053 | |
| sampleSizeParameters | 33.573 | 1.861 | 35.814 | |
| sample_technicalVariance | 8.857 | 0.495 | 9.455 | |
| spectrumFilter | 1.371 | 0.073 | 1.463 | |
| ztwo | 0.001 | 0.000 | 0.002 | |