| Back to Multiple platform build/check report for BioC 3.7 |
|
This page was generated on 2018-10-17 08:43:58 -0400 (Wed, 17 Oct 2018).
| Package 1247/1561 | Hostname | OS / Arch | INSTALL | BUILD | CHECK | BUILD BIN | ||||||
| RITAN 1.4.2 Michael Zimmermann
| malbec2 | Linux (Ubuntu 16.04.1 LTS) / x86_64 | OK | OK | WARNINGS | |||||||
| tokay2 | Windows Server 2012 R2 Standard / x64 | OK | OK | [ WARNINGS ] | OK | |||||||
| merida2 | OS X 10.11.6 El Capitan / x86_64 | OK | OK | WARNINGS | OK |
| Package: RITAN |
| Version: 1.4.2 |
| Command: C:\Users\biocbuild\bbs-3.7-bioc\R\bin\R.exe CMD check --force-multiarch --install=check:RITAN.install-out.txt --library=C:\Users\biocbuild\bbs-3.7-bioc\R\library --no-vignettes --timings RITAN_1.4.2.tar.gz |
| StartedAt: 2018-10-17 04:26:46 -0400 (Wed, 17 Oct 2018) |
| EndedAt: 2018-10-17 04:34:33 -0400 (Wed, 17 Oct 2018) |
| EllapsedTime: 466.8 seconds |
| RetCode: 0 |
| Status: WARNINGS |
| CheckDir: RITAN.Rcheck |
| Warnings: 1 |
##############################################################################
##############################################################################
###
### Running command:
###
### C:\Users\biocbuild\bbs-3.7-bioc\R\bin\R.exe CMD check --force-multiarch --install=check:RITAN.install-out.txt --library=C:\Users\biocbuild\bbs-3.7-bioc\R\library --no-vignettes --timings RITAN_1.4.2.tar.gz
###
##############################################################################
##############################################################################
* using log directory 'C:/Users/biocbuild/bbs-3.7-bioc/meat/RITAN.Rcheck'
* using R version 3.5.1 Patched (2018-07-24 r75005)
* using platform: x86_64-w64-mingw32 (64-bit)
* using session charset: ISO8859-1
* using option '--no-vignettes'
* checking for file 'RITAN/DESCRIPTION' ... OK
* checking extension type ... Package
* this is package 'RITAN' version '1.4.2'
* checking package namespace information ... OK
* checking package dependencies ... OK
* checking if this is a source package ... OK
* checking if there is a namespace ... OK
* checking for hidden files and directories ... OK
* checking for portable file names ... OK
* checking whether package 'RITAN' can be installed ... OK
* checking installed package size ... OK
* checking package directory ... OK
* checking 'build' directory ... OK
* checking DESCRIPTION meta-information ... NOTE
Package listed in more than one of Depends, Imports, Suggests, Enhances:
'sqldf'
A package should be listed in only one of these fields.
* checking top-level files ... OK
* checking for left-over files ... OK
* checking index information ... OK
* checking package subdirectories ... OK
* checking R files for non-ASCII characters ... OK
* checking R files for syntax errors ... OK
* loading checks for arch 'i386'
** checking whether the package can be loaded ... OK
** checking whether the package can be loaded with stated dependencies ... OK
** checking whether the package can be unloaded cleanly ... OK
** checking whether the namespace can be loaded with stated dependencies ... OK
** checking whether the namespace can be unloaded cleanly ... OK
* loading checks for arch 'x64'
** checking whether the package can be loaded ... OK
** checking whether the package can be loaded with stated dependencies ... OK
** checking whether the package can be unloaded cleanly ... OK
** checking whether the namespace can be loaded with stated dependencies ... OK
** checking whether the namespace can be unloaded cleanly ... OK
* checking dependencies in R code ... NOTE
Namespaces in Imports field not imported from:
'BgeeDB' 'dynamicTreeCut' 'gsubfn'
All declared Imports should be used.
* checking S3 generic/method consistency ... OK
* checking replacement functions ... OK
* checking foreign function calls ... OK
* checking R code for possible problems ... NOTE
check_any_net_input: no visible binding for global variable
'network_list'
enrichment_symbols: no visible binding for global variable
'active_genesets'
icon_dual_between: no visible global function definition for 'ss2'
icon_dual_between: no visible binding for global variable 'all_symbols'
icon_dual_between: no visible binding for global variable 'all_net'
icon_single_within: no visible global function definition for 'ss2'
icon_single_within: no visible binding for global variable
'all_symbols'
icon_single_within: no visible binding for global variable 'all_net'
load_geneset_symbols: no visible binding for global variable
'geneset_list'
load_geneset_symbols: no visible binding for global variable 'f'
load_geneset_symbols: no visible binding for global variable
'active_genesets'
network_overlap : <anonymous>: no visible binding for global variable
'network_list'
network_overlap: no visible binding for global variable 'network_list'
network_overlap : select_edges: no visible binding for global variable
'network_list'
plot.term_enrichment_by_subset: no visible binding for global variable
'Var2'
plot.term_enrichment_by_subset: no visible binding for global variable
'Var1'
show_active_genesets_hist: no visible binding for global variable
'active_genesets'
term_enrichment : process_source: no visible binding for global
variable 'active_genesets'
Undefined global functions or variables:
Var1 Var2 active_genesets all_net all_symbols f geneset_list
network_list ss2
* checking Rd files ... OK
* checking Rd metadata ... OK
* checking Rd cross-references ... OK
* checking for missing documentation entries ... OK
* checking for code/documentation mismatches ... OK
* checking Rd \usage sections ... WARNING
Documented arguments not in \usage in documentation object 'resource_reduce':
'mutual_overlap'
Functions with \usage entries need to have the appropriate \alias
entries, and all their arguments documented.
The \usage entries must correspond to syntactically valid R code.
See chapter 'Writing R documentation files' in the 'Writing R
Extensions' manual.
* checking Rd contents ... OK
* checking for unstated dependencies in examples ... OK
* checking contents of 'data' directory ... OK
* checking data for non-ASCII characters ... OK
* checking data for ASCII and uncompressed saves ... OK
* checking files in 'vignettes' ... OK
* checking examples ...
** running examples for arch 'i386' ... OK
Examples with CPU or elapsed time > 5s
user system elapsed
summary.term_enrichment_by_subset 46.14 16.35 64.16
enrichment_symbols 26.45 10.88 38.31
term_enrichment 24.30 11.87 37.04
summary.term_enrichment 21.77 10.90 33.55
plot.term_enrichment 23.88 8.15 32.86
** running examples for arch 'x64' ... OK
Examples with CPU or elapsed time > 5s
user system elapsed
summary.term_enrichment_by_subset 29.54 19.29 50.47
enrichment_symbols 18.10 14.10 33.10
summary.term_enrichment 16.97 10.86 28.69
term_enrichment 14.95 9.54 25.33
plot.term_enrichment 15.05 8.05 23.95
* checking for unstated dependencies in vignettes ... OK
* checking package vignettes in 'inst/doc' ... OK
* checking running R code from vignettes ... SKIPPED
* checking re-building of vignette outputs ... SKIPPED
* checking PDF version of manual ... OK
* DONE
Status: 1 WARNING, 3 NOTEs
See
'C:/Users/biocbuild/bbs-3.7-bioc/meat/RITAN.Rcheck/00check.log'
for details.
RITAN.Rcheck/00install.out
##############################################################################
##############################################################################
###
### Running command:
###
### C:\cygwin\bin\curl.exe -O https://malbec2.bioconductor.org/BBS/3.7/bioc/src/contrib/RITAN_1.4.2.tar.gz && rm -rf RITAN.buildbin-libdir && mkdir RITAN.buildbin-libdir && C:\Users\biocbuild\bbs-3.7-bioc\R\bin\R.exe CMD INSTALL --merge-multiarch --build --library=RITAN.buildbin-libdir RITAN_1.4.2.tar.gz && C:\Users\biocbuild\bbs-3.7-bioc\R\bin\R.exe CMD INSTALL RITAN_1.4.2.zip && rm RITAN_1.4.2.tar.gz RITAN_1.4.2.zip
###
##############################################################################
##############################################################################
% Total % Received % Xferd Average Speed Time Time Time Current
Dload Upload Total Spent Left Speed
0 0 0 0 0 0 0 0 --:--:-- --:--:-- --:--:-- 0
100 118k 100 118k 0 0 1865k 0 --:--:-- --:--:-- --:--:-- 2087k
install for i386
* installing *source* package 'RITAN' ...
** R
** data
*** moving datasets to lazyload DB
** inst
** byte-compile and prepare package for lazy loading
** help
*** installing help indices
converting help for package 'RITAN'
finding HTML links ... done
as.graph html
check_any_net_input html
check_net_input html
enrichment_symbols html
geneset_overlap html
icon_test html
load_all_protein_coding_symbols html
load_geneset_symbols html
network_overlap html
plot.term_enrichment html
plot.term_enrichment_by_subset html
readGMT html
readSIF html
resource_reduce html
show_active_genesets_hist html
summary.term_enrichment html
summary.term_enrichment_by_subset html
term_enrichment html
term_enrichment_by_subset html
vac1.day0vs31.de.genes html
vac1.day0vs56.de.genes html
vac2.day0vs31.de.genes html
vac2.day0vs56.de.genes html
writeGMT html
write_simple_table html
** building package indices
** installing vignettes
** testing if installed package can be loaded
In R CMD INSTALL
install for x64
* installing *source* package 'RITAN' ...
** testing if installed package can be loaded
* MD5 sums
packaged installation of 'RITAN' as RITAN_1.4.2.zip
* DONE (RITAN)
In R CMD INSTALL
In R CMD INSTALL
* installing to library 'C:/Users/biocbuild/bbs-3.7-bioc/R/library'
package 'RITAN' successfully unpacked and MD5 sums checked
In R CMD INSTALL
|
RITAN.Rcheck/examples_i386/RITAN-Ex.timings
|
RITAN.Rcheck/examples_x64/RITAN-Ex.timings
|