| Back to Multiple platform build/check report for BioC 3.7 |
|
This page was generated on 2018-10-17 08:58:14 -0400 (Wed, 17 Oct 2018).
| Package 1247/1561 | Hostname | OS / Arch | INSTALL | BUILD | CHECK | BUILD BIN | ||||||
| RITAN 1.4.2 Michael Zimmermann
| malbec2 | Linux (Ubuntu 16.04.1 LTS) / x86_64 | OK | OK | WARNINGS | |||||||
| tokay2 | Windows Server 2012 R2 Standard / x64 | OK | OK | WARNINGS | OK | |||||||
| merida2 | OS X 10.11.6 El Capitan / x86_64 | OK | OK | [ WARNINGS ] | OK |
| Package: RITAN |
| Version: 1.4.2 |
| Command: /Library/Frameworks/R.framework/Versions/Current/Resources/bin/R CMD check --install=check:RITAN.install-out.txt --library=/Library/Frameworks/R.framework/Versions/Current/Resources/library --no-vignettes --timings RITAN_1.4.2.tar.gz |
| StartedAt: 2018-10-16 23:43:25 -0400 (Tue, 16 Oct 2018) |
| EndedAt: 2018-10-16 23:45:13 -0400 (Tue, 16 Oct 2018) |
| EllapsedTime: 108.3 seconds |
| RetCode: 0 |
| Status: WARNINGS |
| CheckDir: RITAN.Rcheck |
| Warnings: 1 |
##############################################################################
##############################################################################
###
### Running command:
###
### /Library/Frameworks/R.framework/Versions/Current/Resources/bin/R CMD check --install=check:RITAN.install-out.txt --library=/Library/Frameworks/R.framework/Versions/Current/Resources/library --no-vignettes --timings RITAN_1.4.2.tar.gz
###
##############################################################################
##############################################################################
* using log directory ‘/Users/biocbuild/bbs-3.7-bioc/meat/RITAN.Rcheck’
* using R version 3.5.1 Patched (2018-07-12 r74967)
* using platform: x86_64-apple-darwin15.6.0 (64-bit)
* using session charset: UTF-8
* using option ‘--no-vignettes’
* checking for file ‘RITAN/DESCRIPTION’ ... OK
* checking extension type ... Package
* this is package ‘RITAN’ version ‘1.4.2’
* checking package namespace information ... OK
* checking package dependencies ... OK
* checking if this is a source package ... OK
* checking if there is a namespace ... OK
* checking for hidden files and directories ... OK
* checking for portable file names ... OK
* checking for sufficient/correct file permissions ... OK
* checking whether package ‘RITAN’ can be installed ... OK
* checking installed package size ... OK
* checking package directory ... OK
* checking ‘build’ directory ... OK
* checking DESCRIPTION meta-information ... NOTE
Package listed in more than one of Depends, Imports, Suggests, Enhances:
‘sqldf’
A package should be listed in only one of these fields.
* checking top-level files ... OK
* checking for left-over files ... OK
* checking index information ... OK
* checking package subdirectories ... OK
* checking R files for non-ASCII characters ... OK
* checking R files for syntax errors ... OK
* checking whether the package can be loaded ... OK
* checking whether the package can be loaded with stated dependencies ... OK
* checking whether the package can be unloaded cleanly ... OK
* checking whether the namespace can be loaded with stated dependencies ... OK
* checking whether the namespace can be unloaded cleanly ... OK
* checking dependencies in R code ... NOTE
Namespaces in Imports field not imported from:
‘BgeeDB’ ‘dynamicTreeCut’ ‘gsubfn’
All declared Imports should be used.
* checking S3 generic/method consistency ... OK
* checking replacement functions ... OK
* checking foreign function calls ... OK
* checking R code for possible problems ... NOTE
check_any_net_input: no visible binding for global variable
‘network_list’
enrichment_symbols: no visible binding for global variable
‘active_genesets’
icon_dual_between: no visible global function definition for ‘ss2’
icon_dual_between: no visible binding for global variable ‘all_symbols’
icon_dual_between: no visible binding for global variable ‘all_net’
icon_single_within: no visible global function definition for ‘ss2’
icon_single_within: no visible binding for global variable
‘all_symbols’
icon_single_within: no visible binding for global variable ‘all_net’
load_geneset_symbols: no visible binding for global variable
‘geneset_list’
load_geneset_symbols: no visible binding for global variable ‘f’
load_geneset_symbols: no visible binding for global variable
‘active_genesets’
network_overlap : <anonymous>: no visible binding for global variable
‘network_list’
network_overlap: no visible binding for global variable ‘network_list’
network_overlap : select_edges: no visible binding for global variable
‘network_list’
plot.term_enrichment_by_subset: no visible binding for global variable
‘Var2’
plot.term_enrichment_by_subset: no visible binding for global variable
‘Var1’
show_active_genesets_hist: no visible binding for global variable
‘active_genesets’
term_enrichment : process_source: no visible binding for global
variable ‘active_genesets’
Undefined global functions or variables:
Var1 Var2 active_genesets all_net all_symbols f geneset_list
network_list ss2
* checking Rd files ... OK
* checking Rd metadata ... OK
* checking Rd cross-references ... OK
* checking for missing documentation entries ... OK
* checking for code/documentation mismatches ... OK
* checking Rd \usage sections ... WARNING
Documented arguments not in \usage in documentation object 'resource_reduce':
‘mutual_overlap’
Functions with \usage entries need to have the appropriate \alias
entries, and all their arguments documented.
The \usage entries must correspond to syntactically valid R code.
See chapter ‘Writing R documentation files’ in the ‘Writing R
Extensions’ manual.
* checking Rd contents ... OK
* checking for unstated dependencies in examples ... OK
* checking contents of ‘data’ directory ... OK
* checking data for non-ASCII characters ... OK
* checking data for ASCII and uncompressed saves ... OK
* checking files in ‘vignettes’ ... OK
* checking examples ... OK
Examples with CPU or elapsed time > 5s
user system elapsed
enrichment_symbols 2.238 0.104 5.283
summary.term_enrichment_by_subset 1.860 0.126 7.602
* checking for unstated dependencies in vignettes ... OK
* checking package vignettes in ‘inst/doc’ ... OK
* checking running R code from vignettes ... SKIPPED
* checking re-building of vignette outputs ... SKIPPED
* checking PDF version of manual ... OK
* DONE
Status: 1 WARNING, 3 NOTEs
See
‘/Users/biocbuild/bbs-3.7-bioc/meat/RITAN.Rcheck/00check.log’
for details.
RITAN.Rcheck/00install.out
############################################################################## ############################################################################## ### ### Running command: ### ### /Library/Frameworks/R.framework/Versions/Current/Resources/bin/R CMD INSTALL RITAN ### ############################################################################## ############################################################################## * installing to library ‘/Library/Frameworks/R.framework/Versions/3.5/Resources/library’ * installing *source* package ‘RITAN’ ... ** R ** data *** moving datasets to lazyload DB ** inst ** byte-compile and prepare package for lazy loading ** help *** installing help indices ** building package indices ** installing vignettes ** testing if installed package can be loaded * DONE (RITAN)
RITAN.Rcheck/RITAN-Ex.timings
| name | user | system | elapsed | |
| as.graph | 0.001 | 0.000 | 0.002 | |
| check_any_net_input | 1.888 | 0.096 | 2.001 | |
| check_net_input | 0.084 | 0.006 | 0.092 | |
| enrichment_symbols | 2.238 | 0.104 | 5.283 | |
| geneset_overlap | 0.227 | 0.016 | 0.246 | |
| icon_test | 0.001 | 0.000 | 0.002 | |
| load_geneset_symbols | 0.015 | 0.002 | 0.017 | |
| network_overlap | 0.025 | 0.004 | 0.029 | |
| plot.term_enrichment | 1.414 | 0.108 | 4.189 | |
| plot.term_enrichment_by_subset | 0.022 | 0.001 | 0.023 | |
| readGMT | 0.002 | 0.001 | 0.003 | |
| readSIF | 0.001 | 0.000 | 0.002 | |
| resource_reduce | 4.499 | 0.157 | 4.716 | |
| show_active_genesets_hist | 0.025 | 0.001 | 0.026 | |
| summary.term_enrichment | 1.382 | 0.075 | 4.350 | |
| summary.term_enrichment_by_subset | 1.860 | 0.126 | 7.602 | |
| term_enrichment | 0.945 | 0.060 | 3.634 | |
| term_enrichment_by_subset | 0.015 | 0.000 | 0.016 | |
| vac1.day0vs31.de.genes | 0.002 | 0.000 | 0.002 | |
| vac1.day0vs56.de.genes | 0.001 | 0.000 | 0.002 | |
| vac2.day0vs31.de.genes | 0.002 | 0.001 | 0.002 | |
| vac2.day0vs56.de.genes | 0.002 | 0.000 | 0.002 | |
| writeGMT | 0.002 | 0.001 | 0.001 | |
| write_simple_table | 0.001 | 0.000 | 0.002 | |