| Back to Multiple platform build/check report for BioC 3.7 |
|
This page was generated on 2018-06-01 10:02:39 -0400 (Fri, 01 Jun 2018).
| Package 422/1561 | Hostname | OS / Arch | INSTALL | BUILD | CHECK | BUILD BIN | ||||||
| EasyqpcR 1.22.0 Le Pape Sylvain
| malbec2 | Linux (Ubuntu 16.04.1 LTS) / x86_64 | OK | [ ERROR ] | skipped | |||||||
| tokay2 | Windows Server 2012 R2 Standard / x64 | OK | ERROR | skipped | skipped | |||||||
| merida2 | OS X 10.11.6 El Capitan / x86_64 | OK | ERROR | skipped | skipped |
| Package: EasyqpcR |
| Version: 1.22.0 |
| Command: /home/biocbuild/bbs-3.7-bioc/R/bin/R CMD build --keep-empty-dirs --no-resave-data EasyqpcR |
| StartedAt: 2018-05-31 19:39:11 -0400 (Thu, 31 May 2018) |
| EndedAt: 2018-05-31 19:39:17 -0400 (Thu, 31 May 2018) |
| EllapsedTime: 6.0 seconds |
| RetCode: 1 |
| Status: ERROR |
| PackageFile: None |
| PackageFileSize: NA |
############################################################################## ############################################################################## ### ### Running command: ### ### /home/biocbuild/bbs-3.7-bioc/R/bin/R CMD build --keep-empty-dirs --no-resave-data EasyqpcR ### ############################################################################## ############################################################################## * checking for file ‘EasyqpcR/DESCRIPTION’ ... OK * preparing ‘EasyqpcR’: * checking DESCRIPTION meta-information ... OK * installing the package to build vignettes * creating vignettes ... ERROR Error: processing vignette 'vignette_EasyqpcR.Rnw' failed with diagnostics: chunk 4 (label = step3) Error : Argument 'x' is of class ‘data.frame’, but should be a matrix. The use of a ‘data.frame’ is not supported, the correctness of the result is not guaranteed. Please update your code accordingly. Execution halted