| Back to Multiple platform build/check report for BioC 3.6 |
|
This page was generated on 2018-04-12 13:29:01 -0400 (Thu, 12 Apr 2018).
| Package 1069/1472 | Hostname | OS / Arch | INSTALL | BUILD | CHECK | BUILD BIN | ||||||
| proFIA 1.4.0 Alexis Delabriere
| malbec1 | Linux (Ubuntu 16.04.1 LTS) / x86_64 | OK | OK | WARNINGS | |||||||
| tokay1 | Windows Server 2012 R2 Standard / x64 | OK | OK | [ WARNINGS ] | OK | |||||||
| veracruz1 | OS X 10.11.6 El Capitan / x86_64 | OK | OK | WARNINGS | OK |
| Package: proFIA |
| Version: 1.4.0 |
| Command: rm -rf proFIA.buildbin-libdir proFIA.Rcheck && mkdir proFIA.buildbin-libdir proFIA.Rcheck && C:\Users\biocbuild\bbs-3.6-bioc\R\bin\R.exe CMD INSTALL --build --merge-multiarch --library=proFIA.buildbin-libdir proFIA_1.4.0.tar.gz >proFIA.Rcheck\00install.out 2>&1 && cp proFIA.Rcheck\00install.out proFIA-install.out && C:\Users\biocbuild\bbs-3.6-bioc\R\bin\R.exe CMD check --library=proFIA.buildbin-libdir --install="check:proFIA-install.out" --force-multiarch --no-vignettes --timings proFIA_1.4.0.tar.gz |
| StartedAt: 2018-04-12 02:16:36 -0400 (Thu, 12 Apr 2018) |
| EndedAt: 2018-04-12 02:25:55 -0400 (Thu, 12 Apr 2018) |
| EllapsedTime: 559.0 seconds |
| RetCode: 0 |
| Status: WARNINGS |
| CheckDir: proFIA.Rcheck |
| Warnings: 1 |
##############################################################################
##############################################################################
###
### Running command:
###
### rm -rf proFIA.buildbin-libdir proFIA.Rcheck && mkdir proFIA.buildbin-libdir proFIA.Rcheck && C:\Users\biocbuild\bbs-3.6-bioc\R\bin\R.exe CMD INSTALL --build --merge-multiarch --library=proFIA.buildbin-libdir proFIA_1.4.0.tar.gz >proFIA.Rcheck\00install.out 2>&1 && cp proFIA.Rcheck\00install.out proFIA-install.out && C:\Users\biocbuild\bbs-3.6-bioc\R\bin\R.exe CMD check --library=proFIA.buildbin-libdir --install="check:proFIA-install.out" --force-multiarch --no-vignettes --timings proFIA_1.4.0.tar.gz
###
##############################################################################
##############################################################################
* using log directory 'C:/Users/biocbuild/bbs-3.6-bioc/meat/proFIA.Rcheck'
* using R version 3.4.4 (2018-03-15)
* using platform: x86_64-w64-mingw32 (64-bit)
* using session charset: ISO8859-1
* using option '--no-vignettes'
* checking for file 'proFIA/DESCRIPTION' ... OK
* checking extension type ... Package
* this is package 'proFIA' version '1.4.0'
* checking package namespace information ... OK
* checking package dependencies ... OK
* checking if this is a source package ... OK
* checking if there is a namespace ... OK
* checking for hidden files and directories ... NOTE
Found the following hidden files and directories:
.BBSoptions
These were most likely included in error. See section 'Package
structure' in the 'Writing R Extensions' manual.
* checking for portable file names ... OK
* checking whether package 'proFIA' can be installed ... OK
* checking installed package size ... OK
* checking package directory ... OK
* checking 'build' directory ... OK
* checking DESCRIPTION meta-information ... OK
* checking top-level files ... OK
* checking for left-over files ... OK
* checking index information ... OK
* checking package subdirectories ... WARNING
Invalid citation information in 'inst/CITATION':
Error in tools:::.parse_CITATION_file(file, meta$Encoding): non-ASCII input in a CITATION file without a declared encoding
* checking R files for non-ASCII characters ... OK
* checking R files for syntax errors ... OK
* loading checks for arch 'i386'
** checking whether the package can be loaded ... OK
** checking whether the package can be loaded with stated dependencies ... OK
** checking whether the package can be unloaded cleanly ... OK
** checking whether the namespace can be loaded with stated dependencies ... OK
** checking whether the namespace can be unloaded cleanly ... OK
* loading checks for arch 'x64'
** checking whether the package can be loaded ... OK
** checking whether the package can be loaded with stated dependencies ... OK
** checking whether the package can be unloaded cleanly ... OK
** checking whether the namespace can be loaded with stated dependencies ... OK
** checking whether the namespace can be unloaded cleanly ... OK
* checking dependencies in R code ... OK
* checking S3 generic/method consistency ... OK
* checking replacement functions ... OK
* checking foreign function calls ... OK
* checking R code for possible problems ... OK
* checking Rd files ... OK
* checking Rd metadata ... OK
* checking Rd cross-references ... OK
* checking for missing documentation entries ... OK
* checking for code/documentation mismatches ... OK
* checking Rd \usage sections ... OK
* checking Rd contents ... OK
* checking for unstated dependencies in examples ... OK
* checking line endings in C/C++/Fortran sources/headers ... OK
* checking compiled code ... NOTE
Note: information on .o files for i386 is not available
Note: information on .o files for x64 is not available
File 'C:/Users/biocbuild/bbs-3.6-bioc/meat/proFIA.buildbin-libdir/proFIA/libs/i386/proFIA.dll':
Found 'abort', possibly from 'abort' (C), 'runtime' (Fortran)
Compiled code should not call entry points which might terminate R nor
write to stdout/stderr instead of to the console, nor use Fortran I/O
nor system RNGs. The detected symbols are linked into the code but
might come from libraries and not actually be called.
See 'Writing portable packages' in the 'Writing R Extensions' manual.
* checking installed files from 'inst/doc' ... OK
* checking files in 'vignettes' ... OK
* checking examples ...
** running examples for arch 'i386' ... OK
Examples with CPU or elapsed time > 5s
user system elapsed
proFIAset 73.99 1.94 75.92
impute.FIA-proFIAset-method 12.08 0.07 12.16
impute.randomForest-proFIAset-method 11.11 0.08 11.18
findFIAsignal 10.65 0.25 10.93
estimateNoiseMS 5.12 0.39 5.97
plotFlowgrams-proFIAset-method 4.00 0.11 8.42
** running examples for arch 'x64' ... OK
Examples with CPU or elapsed time > 5s
user system elapsed
proFIAset 89.64 2.09 91.73
impute.FIA-proFIAset-method 18.89 0.24 19.14
impute.randomForest-proFIAset-method 16.55 0.11 16.66
findFIAsignal 14.84 0.38 15.22
estimateNoiseMS 7.06 0.56 7.63
plotFlowgrams-proFIAset-method 6.28 0.06 6.35
* checking for unstated dependencies in 'tests' ... OK
* checking tests ...
** running tests for arch 'i386' ...
Running 'runTests.R'
OK
** running tests for arch 'x64' ...
Running 'runTests.R'
OK
* checking for unstated dependencies in vignettes ... OK
* checking package vignettes in 'inst/doc' ... OK
* checking running R code from vignettes ... SKIPPED
* checking re-building of vignette outputs ... SKIPPED
* checking PDF version of manual ... OK
* DONE
Status: 1 WARNING, 2 NOTEs
See
'C:/Users/biocbuild/bbs-3.6-bioc/meat/proFIA.Rcheck/00check.log'
for details.
proFIA.Rcheck/00install.out
install for i386
* installing *source* package 'proFIA' ...
** libs
C:/Rtools/mingw_32/bin/gcc -I"C:/Users/BIOCBU˜1/BBS-3˜1.6-B/R/include" -DNDEBUG -I"C:/local323/include" -O3 -Wall -std=gnu99 -mtune=generic -c FIABandsExtractionCentroid.c -o FIABandsExtractionCentroid.o
C:/Rtools/mingw_32/bin/gcc -I"C:/Users/BIOCBU˜1/BBS-3˜1.6-B/R/include" -DNDEBUG -I"C:/local323/include" -O3 -Wall -std=gnu99 -mtune=generic -c UtilFunc.c -o UtilFunc.o
C:/Rtools/mingw_32/bin/gcc -I"C:/Users/BIOCBU˜1/BBS-3˜1.6-B/R/include" -DNDEBUG -I"C:/local323/include" -O3 -Wall -std=gnu99 -mtune=generic -c fastMatchPpm.c -o fastMatchPpm.o
C:/Rtools/mingw_32/bin/g++ -shared -s -static-libgcc -o proFIA.dll tmp.def FIABandsExtractionCentroid.o UtilFunc.o fastMatchPpm.o -LC:/local323/lib/i386 -LC:/local323/lib -LC:/Users/BIOCBU˜1/BBS-3˜1.6-B/R/bin/i386 -lR
installing to C:/Users/biocbuild/bbs-3.6-bioc/meat/proFIA.buildbin-libdir/proFIA/libs/i386
** R
** inst
** preparing package for lazy loading
** help
*** installing help indices
converting help for package 'proFIA'
finding HTML links ... done
acquisitionDirectory html
analyzeAcquisitionFIA html
determiningInjectionZone html
determiningSizePeak.Geom html
estimateNoiseMS html
exportDataMatrix-proFIAset-method html
exportExpressionSet-proFIAset-method html
exportPeakTable-proFIAset-method html
exportSampleMetadata-proFIAset-method html
exportVariableMetadata-proFIAset-method
html
findBandsFIA html
findFIAsignal html
findMzGroup-proFIAset-method html
getInjectionPeak html
group.FIA-proFIAset-method html
impute.FIA-proFIAset-method html
impute.KNN_TN-proFIAset-method html
impute.randomForest-proFIAset-method html
makeDataMatrix-proFIAset-method html
noiseEstimation-class html
peaksGroup-proFIAset-method html
plot html
plotFlowgrams-proFIAset-method html
plotNoise html
plotRaw-proFIAset-method html
plotSamplePeaks-proFIAset-method html
proFIA-package html
proFIAset-class html
proFIAset html
** building package indices
** installing vignettes
** testing if installed package can be loaded
In R CMD INSTALL
install for x64
* installing *source* package 'proFIA' ...
** libs
C:/Rtools/mingw_64/bin/gcc -I"C:/Users/BIOCBU˜1/BBS-3˜1.6-B/R/include" -DNDEBUG -I"C:/local323/include" -O2 -Wall -std=gnu99 -mtune=generic -c FIABandsExtractionCentroid.c -o FIABandsExtractionCentroid.o
C:/Rtools/mingw_64/bin/gcc -I"C:/Users/BIOCBU˜1/BBS-3˜1.6-B/R/include" -DNDEBUG -I"C:/local323/include" -O2 -Wall -std=gnu99 -mtune=generic -c UtilFunc.c -o UtilFunc.o
C:/Rtools/mingw_64/bin/gcc -I"C:/Users/BIOCBU˜1/BBS-3˜1.6-B/R/include" -DNDEBUG -I"C:/local323/include" -O2 -Wall -std=gnu99 -mtune=generic -c fastMatchPpm.c -o fastMatchPpm.o
C:/Rtools/mingw_64/bin/g++ -shared -s -static-libgcc -o proFIA.dll tmp.def FIABandsExtractionCentroid.o UtilFunc.o fastMatchPpm.o -LC:/local323/lib/x64 -LC:/local323/lib -LC:/Users/BIOCBU˜1/BBS-3˜1.6-B/R/bin/x64 -lR
installing to C:/Users/biocbuild/bbs-3.6-bioc/meat/proFIA.buildbin-libdir/proFIA/libs/x64
** testing if installed package can be loaded
* MD5 sums
packaged installation of 'proFIA' as proFIA_1.4.0.zip
* DONE (proFIA)
In R CMD INSTALL
In R CMD INSTALL
|
proFIA.Rcheck/tests_i386/runTests.Rout
R version 3.4.4 (2018-03-15) -- "Someone to Lean On"
Copyright (C) 2018 The R Foundation for Statistical Computing
Platform: i386-w64-mingw32/i386 (32-bit)
R is free software and comes with ABSOLUTELY NO WARRANTY.
You are welcome to redistribute it under certain conditions.
Type 'license()' or 'licence()' for distribution details.
R is a collaborative project with many contributors.
Type 'contributors()' for more information and
'citation()' on how to cite R or R packages in publications.
Type 'demo()' for some demos, 'help()' for on-line help, or
'help.start()' for an HTML browser interface to help.
Type 'q()' to quit R.
> BiocGenerics:::testPackage("proFIA")
Attaching package: 'BiocGenerics'
The following objects are masked from 'package:parallel':
clusterApply, clusterApplyLB, clusterCall, clusterEvalQ,
clusterExport, clusterMap, parApply, parCapply, parLapply,
parLapplyLB, parRapply, parSapply, parSapplyLB
The following objects are masked from 'package:stats':
IQR, mad, sd, var, xtabs
The following objects are masked from 'package:base':
Filter, Find, Map, Position, Reduce, anyDuplicated, append,
as.data.frame, cbind, colMeans, colSums, colnames, do.call,
duplicated, eval, evalq, get, grep, grepl, intersect, is.unsorted,
lapply, lengths, mapply, match, mget, order, paste, pmax, pmax.int,
pmin, pmin.int, rank, rbind, rowMeans, rowSums, rownames, sapply,
setdiff, sort, table, tapply, union, unique, unsplit, which,
which.max, which.min
Welcome to Bioconductor
Vignettes contain introductory material; view with
'browseVignettes()'. To cite Bioconductor, see
'citation("Biobase")', and for packages 'citation("pkgname")'.
This is MSnbase version 2.4.2
Visit https://lgatto.github.io/MSnbase/ to get started.
Attaching package: 'MSnbase'
The following object is masked from 'package:stats':
smooth
The following object is masked from 'package:base':
trimws
This is xcms version 3.0.2
Attaching package: 'xcms'
The following object is masked from 'package:stats':
sigma
Loading required package: plasFIA
A mass interval of 0.0153m/z will be used for the density estimation.
0 :0 10 :29 20 :54 30 :78 30 :105 40 :141 50 :174 60 :196 70 :208 80 :215 90 :219
219 groups have been done .
RUNIT TEST PROTOCOL -- Thu Apr 12 02:25:38 2018
***********************************************
Number of test functions: 5
Number of errors: 0
Number of failures: 0
1 Test Suite :
proFIA RUnit Tests - 5 test functions, 0 errors, 0 failures
Number of test functions: 5
Number of errors: 0
Number of failures: 0
>
> proc.time()
user system elapsed
10.34 0.32 10.79
|
proFIA.Rcheck/tests_x64/runTests.Rout
R version 3.4.4 (2018-03-15) -- "Someone to Lean On"
Copyright (C) 2018 The R Foundation for Statistical Computing
Platform: x86_64-w64-mingw32/x64 (64-bit)
R is free software and comes with ABSOLUTELY NO WARRANTY.
You are welcome to redistribute it under certain conditions.
Type 'license()' or 'licence()' for distribution details.
R is a collaborative project with many contributors.
Type 'contributors()' for more information and
'citation()' on how to cite R or R packages in publications.
Type 'demo()' for some demos, 'help()' for on-line help, or
'help.start()' for an HTML browser interface to help.
Type 'q()' to quit R.
> BiocGenerics:::testPackage("proFIA")
Attaching package: 'BiocGenerics'
The following objects are masked from 'package:parallel':
clusterApply, clusterApplyLB, clusterCall, clusterEvalQ,
clusterExport, clusterMap, parApply, parCapply, parLapply,
parLapplyLB, parRapply, parSapply, parSapplyLB
The following objects are masked from 'package:stats':
IQR, mad, sd, var, xtabs
The following objects are masked from 'package:base':
Filter, Find, Map, Position, Reduce, anyDuplicated, append,
as.data.frame, cbind, colMeans, colSums, colnames, do.call,
duplicated, eval, evalq, get, grep, grepl, intersect, is.unsorted,
lapply, lengths, mapply, match, mget, order, paste, pmax, pmax.int,
pmin, pmin.int, rank, rbind, rowMeans, rowSums, rownames, sapply,
setdiff, sort, table, tapply, union, unique, unsplit, which,
which.max, which.min
Welcome to Bioconductor
Vignettes contain introductory material; view with
'browseVignettes()'. To cite Bioconductor, see
'citation("Biobase")', and for packages 'citation("pkgname")'.
This is MSnbase version 2.4.2
Visit https://lgatto.github.io/MSnbase/ to get started.
Attaching package: 'MSnbase'
The following object is masked from 'package:stats':
smooth
The following object is masked from 'package:base':
trimws
This is xcms version 3.0.2
Attaching package: 'xcms'
The following object is masked from 'package:stats':
sigma
Loading required package: plasFIA
A mass interval of 0.0153m/z will be used for the density estimation.
0 :0 10 :29 20 :54 30 :78 30 :105 40 :141 50 :174 60 :196 70 :208 80 :215 90 :219
219 groups have been done .
RUNIT TEST PROTOCOL -- Thu Apr 12 02:25:51 2018
***********************************************
Number of test functions: 5
Number of errors: 0
Number of failures: 0
1 Test Suite :
proFIA RUnit Tests - 5 test functions, 0 errors, 0 failures
Number of test functions: 5
Number of errors: 0
Number of failures: 0
>
> proc.time()
user system elapsed
12.09 0.25 12.48
|
|
proFIA.Rcheck/examples_i386/proFIA-Ex.timings
|
proFIA.Rcheck/examples_x64/proFIA-Ex.timings
|