| Back to Multiple platform build/check report for BioC 3.6 |
|
This page was generated on 2018-04-12 13:22:02 -0400 (Thu, 12 Apr 2018).
| Package 836/1472 | Hostname | OS / Arch | INSTALL | BUILD | CHECK | BUILD BIN | ||||||
| methyAnalysis 1.20.0 Pan Du
| malbec1 | Linux (Ubuntu 16.04.1 LTS) / x86_64 | OK | OK | WARNINGS | |||||||
| tokay1 | Windows Server 2012 R2 Standard / x64 | OK | OK | [ WARNINGS ] | OK | |||||||
| veracruz1 | OS X 10.11.6 El Capitan / x86_64 | OK | OK | WARNINGS | OK |
| Package: methyAnalysis |
| Version: 1.20.0 |
| Command: rm -rf methyAnalysis.buildbin-libdir methyAnalysis.Rcheck && mkdir methyAnalysis.buildbin-libdir methyAnalysis.Rcheck && C:\Users\biocbuild\bbs-3.6-bioc\R\bin\R.exe CMD INSTALL --build --merge-multiarch --library=methyAnalysis.buildbin-libdir methyAnalysis_1.20.0.tar.gz >methyAnalysis.Rcheck\00install.out 2>&1 && cp methyAnalysis.Rcheck\00install.out methyAnalysis-install.out && C:\Users\biocbuild\bbs-3.6-bioc\R\bin\R.exe CMD check --library=methyAnalysis.buildbin-libdir --install="check:methyAnalysis-install.out" --force-multiarch --no-vignettes --timings methyAnalysis_1.20.0.tar.gz |
| StartedAt: 2018-04-12 01:20:58 -0400 (Thu, 12 Apr 2018) |
| EndedAt: 2018-04-12 01:39:00 -0400 (Thu, 12 Apr 2018) |
| EllapsedTime: 1081.4 seconds |
| RetCode: 0 |
| Status: WARNINGS |
| CheckDir: methyAnalysis.Rcheck |
| Warnings: 3 |
##############################################################################
##############################################################################
###
### Running command:
###
### rm -rf methyAnalysis.buildbin-libdir methyAnalysis.Rcheck && mkdir methyAnalysis.buildbin-libdir methyAnalysis.Rcheck && C:\Users\biocbuild\bbs-3.6-bioc\R\bin\R.exe CMD INSTALL --build --merge-multiarch --library=methyAnalysis.buildbin-libdir methyAnalysis_1.20.0.tar.gz >methyAnalysis.Rcheck\00install.out 2>&1 && cp methyAnalysis.Rcheck\00install.out methyAnalysis-install.out && C:\Users\biocbuild\bbs-3.6-bioc\R\bin\R.exe CMD check --library=methyAnalysis.buildbin-libdir --install="check:methyAnalysis-install.out" --force-multiarch --no-vignettes --timings methyAnalysis_1.20.0.tar.gz
###
##############################################################################
##############################################################################
* using log directory 'C:/Users/biocbuild/bbs-3.6-bioc/meat/methyAnalysis.Rcheck'
* using R version 3.4.4 (2018-03-15)
* using platform: x86_64-w64-mingw32 (64-bit)
* using session charset: ISO8859-1
* using option '--no-vignettes'
* checking for file 'methyAnalysis/DESCRIPTION' ... OK
* checking extension type ... Package
* this is package 'methyAnalysis' version '1.20.0'
* checking package namespace information ... OK
* checking package dependencies ... NOTE
Depends: includes the non-default packages:
'grid' 'BiocGenerics' 'IRanges' 'GenomeInfoDb' 'GenomicRanges'
'Biobase' 'org.Hs.eg.db'
Adding so many packages to the search path is excessive and importing
selectively is preferable.
* checking if this is a source package ... OK
* checking if there is a namespace ... OK
* checking for hidden files and directories ... OK
* checking for portable file names ... OK
* checking whether package 'methyAnalysis' can be installed ... WARNING
Found the following significant warnings:
Rd warning: C:/Users/biocbuild/bbs-3.6-bioc/tmpdir/RtmpERUbPu/R.INSTALL220843631e89/methyAnalysis/man/MethyGenoSet-class.Rd:34: missing file link 'GenoSet'
Rd warning: C:/Users/biocbuild/bbs-3.6-bioc/tmpdir/RtmpERUbPu/R.INSTALL220843631e89/methyAnalysis/man/MethyGenoSet-class.Rd:36: missing file link 'GenoSet'
Rd warning: C:/Users/biocbuild/bbs-3.6-bioc/tmpdir/RtmpERUbPu/R.INSTALL220843631e89/methyAnalysis/man/MethyGenoSet-class.Rd:46: missing file link 'GenoSet'
Rd warning: C:/Users/biocbuild/bbs-3.6-bioc/tmpdir/RtmpERUbPu/R.INSTALL220843631e89/methyAnalysis/man/MethyGenoSet-class.Rd:51: missing file link 'SummarizedExperiment'
Rd warning: C:/Users/biocbuild/bbs-3.6-bioc/tmpdir/RtmpERUbPu/R.INSTALL220843631e89/methyAnalysis/man/MethyGenoSet-class.Rd:57: missing file link 'SummarizedExperiment'
Rd warning: C:/Users/biocbuild/bbs-3.6-bioc/tmpdir/RtmpERUbPu/R.INSTALL220843631e89/methyAnalysis/man/MethyGenoSet-class.Rd:58: missing file link 'colData'
Rd warning: C:/Users/biocbuild/bbs-3.6-bioc/tmpdir/RtmpERUbPu/R.INSTALL220843631e89/methyAnalysis/man/MethyGenoSet-class.Rd:86: missing file link 'GenoSet'
Rd warning: C:/Users/biocbuild/bbs-3.6-bioc/tmpdir/RtmpERUbPu/R.INSTALL220843631e89/methyAnalysis/man/MethyGenoSet-class.Rd:91: missing file link 'SummarizedExperiment'
Rd warning: C:/Users/biocbuild/bbs-3.6-bioc/tmpdir/RtmpERUbPu/R.INSTALL220843631e89/methyAnalysis/man/MethyGenoSet-class.Rd:92: missing file link 'GenoSet'
Rd warning: C:/Users/biocbuild/bbs-3.6-bioc/tmpdir/RtmpERUbPu/R.INSTALL220843631e89/methyAnalysis/man/MethyGenoSet-class.Rd:92: missing file link 'SummarizedExperiment'
Rd warning: C:/Users/biocbuild/bbs-3.6-bioc/tmpdir/RtmpERUbPu/R.INSTALL220843631e89/methyAnalysis/man/MethyGenoSet-class.Rd:100: missing file link 'GenoSet'
Rd warning: C:/Users/biocbuild/bbs-3.6-bioc/tmpdir/RtmpERUbPu/R.INSTALL220843631e89/methyAnalysis/man/MethyGenoSet-class.Rd:100: missing file link 'SummarizedExperiment'
Rd warning: C:/Users/biocbuild/bbs-3.6-bioc/tmpdir/RtmpERUbPu/R.INSTALL220843631e89/methyAnalysis/man/asBigMatrix-methods.Rd:15: missing file link 'GenoSet'
See 'C:/Users/biocbuild/bbs-3.6-bioc/meat/methyAnalysis.Rcheck/00install.out' for details.
* checking installed package size ... OK
* checking package directory ... OK
* checking 'build' directory ... OK
* checking DESCRIPTION meta-information ... NOTE
Packages listed in more than one of Depends, Imports, Suggests, Enhances:
'IRanges' 'GenomicRanges' 'Biobase'
A package should be listed in only one of these fields.
* checking top-level files ... OK
* checking for left-over files ... OK
* checking index information ... OK
* checking package subdirectories ... OK
* checking R files for non-ASCII characters ... OK
* checking R files for syntax errors ... OK
* loading checks for arch 'i386'
** checking whether the package can be loaded ... OK
** checking whether the package can be loaded with stated dependencies ... OK
** checking whether the package can be unloaded cleanly ... OK
** checking whether the namespace can be loaded with stated dependencies ... OK
** checking whether the namespace can be unloaded cleanly ... OK
* loading checks for arch 'x64'
** checking whether the package can be loaded ... OK
** checking whether the package can be loaded with stated dependencies ... OK
** checking whether the package can be unloaded cleanly ... OK
** checking whether the namespace can be loaded with stated dependencies ... OK
** checking whether the namespace can be unloaded cleanly ... OK
* checking dependencies in R code ... WARNING
'::' or ':::' import not declared from: 'bigmemoryExtras'
Packages in Depends field not imported from:
'grid' 'org.Hs.eg.db'
These packages need to be imported from (in the NAMESPACE file)
for when this namespace is loaded but not attached.
Missing or unexported object: 'GenomicRanges::overlapsAny'
Unexported objects imported by ':::' calls:
'Gviz:::.parMappings' 'Gviz:::.setupTextSize' 'Gviz:::.z2icol'
'Gviz:::setStacks'
See the note in ?`:::` about the use of this operator.
* checking S3 generic/method consistency ... OK
* checking replacement functions ... WARNING
'assayElement<-' '\S4method{assayElement<-}{SummarizedExperiment}'
The argument of a replacement function which corresponds to the right
hand side must be named 'value'.
* checking foreign function calls ... OK
* checking R code for possible problems ... NOTE
.estimateTrackHeight: no visible global function definition for
'convertY'
.estimateTrackHeight: no visible global function definition for 'unit'
.identifySigProbe: no visible global function definition for 'rowMax'
MethyLumiM2GenoSet: no visible global function definition for 'fData'
MethyLumiM2GenoSet: no visible global function definition for
'metadata'
MethyLumiM2GenoSet: no visible global function definition for 'mcols<-'
annotateDMRInfo: no visible global function definition for
'elementNROWS'
annotateDMRInfo: no visible global function definition for 'values'
annotateGRanges: no visible global function definition for
'elementNROWS'
annotateGRanges: no visible global function definition for 'values'
annotateGRanges: no visible global function definition for 'resize'
annotateGRanges: no visible global function definition for 'values<-'
annotateGRanges: no visible global function definition for 'flank'
annotateGRanges: no visible global function definition for 'nearest'
annotateGRanges: no visible global function definition for
'findOverlaps'
annotateGRanges: no visible global function definition for 'queryHits'
annotateGRanges: no visible global function definition for
'subjectHits'
buildAnnotationTracks: no visible global function definition for
'values<-'
buildAnnotationTracks: no visible global function definition for
'DataFrame'
buildAnnotationTracks: no visible global function definition for
'values'
checkChrName: no visible global function definition for 'ranges<-'
createTranscriptTrack: no visible global function definition for
'values'
detectDMR.slideWin: no visible global function definition for
'values<-'
estimateCMR.methylation: no visible global function definition for
'findOverlaps'
estimateCMR.methylation: no visible global function definition for
'mcols'
estimateCMR.methylation: no visible global function definition for
'values'
estimateMethySeq: no visible global function definition for 'slice'
estimateMethySeq: no visible global function definition for 'DataFrame'
estimateMethySeq: no visible global function definition for
'findOverlaps'
estimateMethySeq: no visible global function definition for 'values<-'
estimateMethySeq: no visible global function definition for 'values'
filterBisulfiteVariant: no visible global function definition for
'slice'
filterBisulfiteVariant: no visible global function definition for
'findOverlaps'
getContinuousRegion: no visible global function definition for
'values<-'
getContinuousRegion: no visible global function definition for 'values'
getContinuousRegion: no visible global function definition for 'reduce'
getCoverage: no visible global function definition for 'values<-'
getCoverage: no visible global function definition for 'DataFrame'
getCoverage: no visible global function definition for 'values'
getMethyProbeLocation: no visible global function definition for
'features'
getMethyProbeLocation: no visible global function definition for
'values<-'
getMethyProbeLocation: no visible global function definition for
'DataFrame'
getMethyProbeLocation: no visible global function definition for 'keys'
heatmapByChromosome: no visible global function definition for
'pushViewport'
heatmapByChromosome: no visible global function definition for
'viewport'
heatmapByChromosome: no visible global function definition for
'grid.layout'
heatmapByChromosome: no visible global function definition for
'popViewport'
heatmapByChromosome: no visible global function definition for
'convertX'
heatmapByChromosome: no visible global function definition for 'unit'
heatmapByChromosome: no visible global function definition for
'convertY'
heatmapByChromosome: no visible global function definition for
'grid.rect'
heatmapByChromosome: no visible global function definition for 'gpar'
heatmapByChromosome: no visible global function definition for
'grid.lines'
identifyCpG: no visible global function definition for 'matchPattern'
identifySigDMR: no visible global function definition for 'values'
identifySigDMR: no visible global function definition for 'values<-'
identifySigDMR: no visible global function definition for
'subsetByOverlaps'
plotHeatmapByGene: no visible global function definition for
'grid.newpage'
plotHeatmapByGene: no visible global function definition for
'pushViewport'
plotHeatmapByGene: no visible global function definition for 'viewport'
plotHeatmapByGene: no visible global function definition for
'grid.layout'
plotHeatmapByGene: no visible global function definition for
'popViewport'
plotHeatmapByGene: no visible global function definition for
'grid.rect'
plotHeatmapByGene: no visible global function definition for 'gpar'
plotHeatmapByGene: no visible global function definition for
'grid.segments'
plotHeatmapByGene: no visible global function definition for 'convertX'
plotHeatmapByGene: no visible global function definition for 'unit'
plotHeatmapByGene: no visible global function definition for
'grid.text'
plotHeatmapByGene: no visible global function definition for 'convertY'
plotMethylationHeatmapByGene : <anonymous>: no visible global function
definition for 'grid.newpage'
plotMethylationHeatmapByGene : <anonymous>: no visible global function
definition for 'pushViewport'
plotMethylationHeatmapByGene : <anonymous>: no visible global function
definition for 'viewport'
plotMethylationHeatmapByGene : <anonymous>: no visible global function
definition for 'grid.layout'
plotMethylationHeatmapByGene : <anonymous>: no visible global function
definition for 'popViewport'
plotMethylationHeatmapByGene : <anonymous>: no visible global function
definition for 'grid.rect'
plotMethylationHeatmapByGene : <anonymous>: no visible global function
definition for 'gpar'
plotMethylationHeatmapByGene : <anonymous>: no visible global function
definition for 'grid.segments'
plotMethylationHeatmapByGene : <anonymous>: no visible global function
definition for 'convertX'
plotMethylationHeatmapByGene : <anonymous>: no visible global function
definition for 'unit'
plotMethylationHeatmapByGene : <anonymous>: no visible global function
definition for 'grid.text'
plotMethylationHeatmapByGene : <anonymous>: no visible global function
definition for 'convertY'
plotTracksWithDataTrackInfo : <anonymous>: no visible global function
definition for 'values'
plotTracksWithDataTrackInfo: no visible global function definition for
'grid.newpage'
plotTracksWithDataTrackInfo: no visible global function definition for
'pushViewport'
plotTracksWithDataTrackInfo: no visible global function definition for
'viewport'
plotTracksWithDataTrackInfo: no visible global function definition for
'grid.layout'
plotTracksWithDataTrackInfo: no visible global function definition for
'convertX'
plotTracksWithDataTrackInfo: no visible global function definition for
'unit'
plotTracksWithDataTrackInfo : <anonymous>: no visible global function
definition for 'convertX'
plotTracksWithDataTrackInfo : <anonymous>: no visible global function
definition for 'unit'
plotTracksWithDataTrackInfo: no visible global function definition for
'popViewport'
plotTracksWithDataTrackInfo: no visible global function definition for
'convertY'
plotTracksWithDataTrackInfo: no visible global function definition for
'grid.text'
plotTracksWithDataTrackInfo: no visible global function definition for
'gpar'
plotTracksWithDataTrackInfo: no visible global function definition for
'grid.rect'
transcriptDb2GeneRegionTrackByGene: no visible global function
definition for 'values'
updateMethyGenoSet: no visible global function definition for 'mcols<-'
coerce,MethyGenoSet-MethyLumiM: no visible global function definition
for 'mcols'
coerce,MethyGenoSet-MethyLumiM: no visible global function definition
for 'fData<-'
Undefined global functions or variables:
DataFrame convertX convertY elementNROWS fData fData<- features
findOverlaps flank gpar grid.layout grid.lines grid.newpage grid.rect
grid.segments grid.text keys matchPattern mcols mcols<- metadata
nearest popViewport pushViewport queryHits ranges<- reduce resize
rowMax slice subjectHits subsetByOverlaps unit values values<-
viewport
* checking Rd files ... NOTE
prepare_Rd: estimateCMR.methylation.Rd:35-36: Dropping empty section \details
prepare_Rd: estimateCMR.methylation.Rd:45-47: Dropping empty section \examples
prepare_Rd: estimateMethySeq.Rd:33-35: Dropping empty section \details
prepare_Rd: estimateMethySeq.Rd:44-46: Dropping empty section \seealso
prepare_Rd: estimateMethySeq.Rd:47-49: Dropping empty section \examples
prepare_Rd: filterBisulfiteVariant.Rd:51-52: Dropping empty section \examples
prepare_Rd: getCoverage.Rd:35-36: Dropping empty section \examples
* checking Rd metadata ... OK
* checking Rd cross-references ... NOTE
Package unavailable to check Rd xrefs: 'bigmemoryExtras'
* checking for missing documentation entries ... OK
* checking for code/documentation mismatches ... OK
* checking Rd \usage sections ... OK
* checking Rd contents ... OK
* checking for unstated dependencies in examples ... OK
* checking contents of 'data' directory ... OK
* checking data for non-ASCII characters ... OK
* checking data for ASCII and uncompressed saves ... OK
* checking installed files from 'inst/doc' ... OK
* checking files in 'vignettes' ... OK
* checking examples ...
** running examples for arch 'i386' ... OK
Examples with CPU or elapsed time > 5s
user system elapsed
plotMethylationHeatmapByGene 39.25 0.47 88.05
heatmapByChromosome 23.94 0.37 24.47
buildAnnotationTracks 20.95 0.38 72.06
plotHeatmapByGene 20.39 0.34 43.92
MethyLumiM2GenoSet 17.54 1.22 37.22
plotTracksWithDataTrackInfo 17.00 0.24 17.39
createTranscriptTrack 14.80 0.22 15.02
annotateDMRInfo 8.08 1.10 9.19
** running examples for arch 'x64' ... OK
Examples with CPU or elapsed time > 5s
user system elapsed
plotMethylationHeatmapByGene 40.01 0.56 86.76
buildAnnotationTracks 22.11 0.60 72.68
MethyLumiM2GenoSet 22.05 0.39 22.44
plotHeatmapByGene 19.33 0.33 42.74
heatmapByChromosome 16.79 0.19 17.22
plotTracksWithDataTrackInfo 15.81 0.44 16.49
createTranscriptTrack 13.34 0.09 13.43
annotateDMRInfo 5.50 0.30 5.80
* checking for unstated dependencies in vignettes ... OK
* checking package vignettes in 'inst/doc' ... OK
* checking running R code from vignettes ... SKIPPED
* checking re-building of vignette outputs ... SKIPPED
* checking PDF version of manual ... OK
* DONE
Status: 3 WARNINGs, 5 NOTEs
See
'C:/Users/biocbuild/bbs-3.6-bioc/meat/methyAnalysis.Rcheck/00check.log'
for details.
methyAnalysis.Rcheck/00install.out
install for i386
* installing *source* package 'methyAnalysis' ...
** R
** data
** inst
** preparing package for lazy loading
No methods found in package 'genoset' for request: 'toGenomeOrder' when loading 'methyAnalysis'
** help
*** installing help indices
converting help for package 'methyAnalysis'
finding HTML links ... done
MethyGenoSet-class html
finding level-2 HTML links ... done
Rd warning: C:/Users/biocbuild/bbs-3.6-bioc/tmpdir/RtmpERUbPu/R.INSTALL220843631e89/methyAnalysis/man/MethyGenoSet-class.Rd:34: missing file link 'GenoSet'
Rd warning: C:/Users/biocbuild/bbs-3.6-bioc/tmpdir/RtmpERUbPu/R.INSTALL220843631e89/methyAnalysis/man/MethyGenoSet-class.Rd:36: missing file link 'GenoSet'
Rd warning: C:/Users/biocbuild/bbs-3.6-bioc/tmpdir/RtmpERUbPu/R.INSTALL220843631e89/methyAnalysis/man/MethyGenoSet-class.Rd:46: missing file link 'GenoSet'
Rd warning: C:/Users/biocbuild/bbs-3.6-bioc/tmpdir/RtmpERUbPu/R.INSTALL220843631e89/methyAnalysis/man/MethyGenoSet-class.Rd:51: missing file link 'SummarizedExperiment'
Rd warning: C:/Users/biocbuild/bbs-3.6-bioc/tmpdir/RtmpERUbPu/R.INSTALL220843631e89/methyAnalysis/man/MethyGenoSet-class.Rd:57: missing file link 'SummarizedExperiment'
Rd warning: C:/Users/biocbuild/bbs-3.6-bioc/tmpdir/RtmpERUbPu/R.INSTALL220843631e89/methyAnalysis/man/MethyGenoSet-class.Rd:58: missing file link 'colData'
Rd warning: C:/Users/biocbuild/bbs-3.6-bioc/tmpdir/RtmpERUbPu/R.INSTALL220843631e89/methyAnalysis/man/MethyGenoSet-class.Rd:86: missing file link 'GenoSet'
Rd warning: C:/Users/biocbuild/bbs-3.6-bioc/tmpdir/RtmpERUbPu/R.INSTALL220843631e89/methyAnalysis/man/MethyGenoSet-class.Rd:91: missing file link 'SummarizedExperiment'
Rd warning: C:/Users/biocbuild/bbs-3.6-bioc/tmpdir/RtmpERUbPu/R.INSTALL220843631e89/methyAnalysis/man/MethyGenoSet-class.Rd:92: missing file link 'GenoSet'
Rd warning: C:/Users/biocbuild/bbs-3.6-bioc/tmpdir/RtmpERUbPu/R.INSTALL220843631e89/methyAnalysis/man/MethyGenoSet-class.Rd:92: missing file link 'SummarizedExperiment'
Rd warning: C:/Users/biocbuild/bbs-3.6-bioc/tmpdir/RtmpERUbPu/R.INSTALL220843631e89/methyAnalysis/man/MethyGenoSet-class.Rd:100: missing file link 'GenoSet'
Rd warning: C:/Users/biocbuild/bbs-3.6-bioc/tmpdir/RtmpERUbPu/R.INSTALL220843631e89/methyAnalysis/man/MethyGenoSet-class.Rd:100: missing file link 'SummarizedExperiment'
MethyLumiM2GenoSet html
annotateDMRInfo html
annotateGRanges html
asBigMatrix-methods html
Rd warning: C:/Users/biocbuild/bbs-3.6-bioc/tmpdir/RtmpERUbPu/R.INSTALL220843631e89/methyAnalysis/man/asBigMatrix-methods.Rd:15: missing file link 'GenoSet'
buildAnnotationTracks html
checkChrName html
createTranscriptTrack html
detectDMR.slideWin html
estimateCMR.methylation html
estimateMethySeq html
exampleMethyGenoSet html
export.DMRInfo html
export.methyGenoSet html
filterBisulfiteVariant html
getContinuousRegion html
getCoverage html
heatmapByChromosome html
identifyCpG html
identifySigDMR html
plotHeatmapByGene html
plotMethylationHeatmapByGene html
plotTracksWithDataTrackInfo html
smoothMethyData html
updateMethyGenoSet html
** building package indices
** installing vignettes
** testing if installed package can be loaded
No methods found in package 'genoset' for request: 'toGenomeOrder' when loading 'methyAnalysis'
In R CMD INSTALL
install for x64
* installing *source* package 'methyAnalysis' ...
** testing if installed package can be loaded
No methods found in package 'genoset' for request: 'toGenomeOrder' when loading 'methyAnalysis'
* MD5 sums
packaged installation of 'methyAnalysis' as methyAnalysis_1.20.0.zip
* DONE (methyAnalysis)
In R CMD INSTALL
In R CMD INSTALL
|
methyAnalysis.Rcheck/examples_i386/methyAnalysis-Ex.timings
|
methyAnalysis.Rcheck/examples_x64/methyAnalysis-Ex.timings
|