| Back to Multiple platform build/check report for BioC 3.6 |
|
This page was generated on 2018-04-12 13:18:04 -0400 (Thu, 12 Apr 2018).
| Package 20/1472 | Hostname | OS / Arch | INSTALL | BUILD | CHECK | BUILD BIN | ||||||
| affycoretools 1.50.6 James W. MacDonald
| malbec1 | Linux (Ubuntu 16.04.1 LTS) / x86_64 | OK | OK | OK | |||||||
| tokay1 | Windows Server 2012 R2 Standard / x64 | OK | OK | [ WARNINGS ] | OK | |||||||
| veracruz1 | OS X 10.11.6 El Capitan / x86_64 | OK | OK | OK | OK |
| Package: affycoretools |
| Version: 1.50.6 |
| Command: rm -rf affycoretools.buildbin-libdir affycoretools.Rcheck && mkdir affycoretools.buildbin-libdir affycoretools.Rcheck && C:\Users\biocbuild\bbs-3.6-bioc\R\bin\R.exe CMD INSTALL --build --merge-multiarch --library=affycoretools.buildbin-libdir affycoretools_1.50.6.tar.gz >affycoretools.Rcheck\00install.out 2>&1 && cp affycoretools.Rcheck\00install.out affycoretools-install.out && C:\Users\biocbuild\bbs-3.6-bioc\R\bin\R.exe CMD check --library=affycoretools.buildbin-libdir --install="check:affycoretools-install.out" --force-multiarch --no-vignettes --timings affycoretools_1.50.6.tar.gz |
| StartedAt: 2018-04-11 22:04:49 -0400 (Wed, 11 Apr 2018) |
| EndedAt: 2018-04-11 22:13:33 -0400 (Wed, 11 Apr 2018) |
| EllapsedTime: 524.0 seconds |
| RetCode: 0 |
| Status: WARNINGS |
| CheckDir: affycoretools.Rcheck |
| Warnings: 1 |
##############################################################################
##############################################################################
###
### Running command:
###
### rm -rf affycoretools.buildbin-libdir affycoretools.Rcheck && mkdir affycoretools.buildbin-libdir affycoretools.Rcheck && C:\Users\biocbuild\bbs-3.6-bioc\R\bin\R.exe CMD INSTALL --build --merge-multiarch --library=affycoretools.buildbin-libdir affycoretools_1.50.6.tar.gz >affycoretools.Rcheck\00install.out 2>&1 && cp affycoretools.Rcheck\00install.out affycoretools-install.out && C:\Users\biocbuild\bbs-3.6-bioc\R\bin\R.exe CMD check --library=affycoretools.buildbin-libdir --install="check:affycoretools-install.out" --force-multiarch --no-vignettes --timings affycoretools_1.50.6.tar.gz
###
##############################################################################
##############################################################################
* using log directory 'C:/Users/biocbuild/bbs-3.6-bioc/meat/affycoretools.Rcheck'
* using R version 3.4.4 (2018-03-15)
* using platform: x86_64-w64-mingw32 (64-bit)
* using session charset: ISO8859-1
* using option '--no-vignettes'
* checking for file 'affycoretools/DESCRIPTION' ... OK
* this is package 'affycoretools' version '1.50.6'
* checking package namespace information ... OK
* checking package dependencies ... OK
* checking if this is a source package ... OK
* checking if there is a namespace ... OK
* checking for hidden files and directories ... OK
* checking for portable file names ... OK
* checking whether package 'affycoretools' can be installed ... WARNING
Found the following significant warnings:
Rd warning: C:/Users/biocbuild/bbs-3.6-bioc/tmpdir/RtmpwfILEc/R.INSTALL25cc218c3210/affycoretools/man/annotateEset.Rd:47: missing file link 'columns'
Rd warning: C:/Users/biocbuild/bbs-3.6-bioc/tmpdir/RtmpwfILEc/R.INSTALL25cc218c3210/affycoretools/man/annotateEset.Rd:50: missing file link 'mapIds'
Rd warning: C:/Users/biocbuild/bbs-3.6-bioc/tmpdir/RtmpwfILEc/R.INSTALL25cc218c3210/affycoretools/man/annotateEset.Rd:55: missing file link 'rma'
Rd warning: C:/Users/biocbuild/bbs-3.6-bioc/tmpdir/RtmpwfILEc/R.INSTALL25cc218c3210/affycoretools/man/makeVenn.Rd:72: missing file link 'glmQLFit'
Rd warning: C:/Users/biocbuild/bbs-3.6-bioc/tmpdir/RtmpwfILEc/R.INSTALL25cc218c3210/affycoretools/man/writeFit.Rd:35: missing file link 'write.fit'
See 'C:/Users/biocbuild/bbs-3.6-bioc/meat/affycoretools.Rcheck/00install.out' for details.
* checking installed package size ... OK
* checking package directory ... OK
* checking 'build' directory ... OK
* checking DESCRIPTION meta-information ... OK
* checking top-level files ... OK
* checking for left-over files ... OK
* checking index information ... OK
* checking package subdirectories ... OK
* checking R files for non-ASCII characters ... OK
* checking R files for syntax errors ... OK
* loading checks for arch 'i386'
** checking whether the package can be loaded ... OK
** checking whether the package can be loaded with stated dependencies ... OK
** checking whether the package can be unloaded cleanly ... OK
** checking whether the namespace can be loaded with stated dependencies ... OK
** checking whether the namespace can be unloaded cleanly ... OK
* loading checks for arch 'x64'
** checking whether the package can be loaded ... OK
** checking whether the package can be loaded with stated dependencies ... OK
** checking whether the package can be unloaded cleanly ... OK
** checking whether the namespace can be loaded with stated dependencies ... OK
** checking whether the namespace can be unloaded cleanly ... OK
* checking dependencies in R code ... OK
* checking S3 generic/method consistency ... OK
* checking replacement functions ... OK
* checking foreign function calls ... OK
* checking R code for possible problems ... OK
* checking Rd files ... OK
* checking Rd metadata ... OK
* checking Rd cross-references ... OK
* checking for missing documentation entries ... OK
* checking for code/documentation mismatches ... OK
* checking Rd \usage sections ... OK
* checking Rd contents ... OK
* checking for unstated dependencies in examples ... OK
* checking installed files from 'inst/doc' ... OK
* checking files in 'vignettes' ... OK
* checking examples ...
** running examples for arch 'i386' ... OK
Examples with CPU or elapsed time > 5s
user system elapsed
plotDeg 5.46 0.2 5.68
** running examples for arch 'x64' ... OK
Examples with CPU or elapsed time > 5s
user system elapsed
plotDeg 5.61 0.15 5.77
* checking for unstated dependencies in vignettes ... OK
* checking package vignettes in 'inst/doc' ... OK
* checking running R code from vignettes ... SKIPPED
* checking re-building of vignette outputs ... SKIPPED
* checking PDF version of manual ... OK
* DONE
Status: 1 WARNING
See
'C:/Users/biocbuild/bbs-3.6-bioc/meat/affycoretools.Rcheck/00check.log'
for details.
affycoretools.Rcheck/00install.out
install for i386
* installing *source* package 'affycoretools' ...
** R
** inst
** preparing package for lazy loading
** help
*** installing help indices
converting help for package 'affycoretools'
finding HTML links ... done
affycoretools-defunct html
affycoretools html
affystart html
annotateEset html
Rd warning: C:/Users/biocbuild/bbs-3.6-bioc/tmpdir/RtmpwfILEc/R.INSTALL25cc218c3210/affycoretools/man/annotateEset.Rd:47: missing file link 'columns'
Rd warning: C:/Users/biocbuild/bbs-3.6-bioc/tmpdir/RtmpwfILEc/R.INSTALL25cc218c3210/affycoretools/man/annotateEset.Rd:50: missing file link 'mapIds'
Rd warning: C:/Users/biocbuild/bbs-3.6-bioc/tmpdir/RtmpwfILEc/R.INSTALL25cc218c3210/affycoretools/man/annotateEset.Rd:55: missing file link 'rma'
dataAndHeatmapPage html
entrezLinks html
fixHeaderAndGo html
geneSetPage html
finding level-2 HTML links ... done
getCols html
getMainProbes html
gsHeatmap html
intNames html
make.cl html
makeGoGeneTable html
makeGoTable html
makeHmap html
makeImages html
makeIndices html
makeVenn html
Rd warning: C:/Users/biocbuild/bbs-3.6-bioc/tmpdir/RtmpwfILEc/R.INSTALL25cc218c3210/affycoretools/man/makeVenn.Rd:72: missing file link 'glmQLFit'
maplot html
mirna2mrna html
outputRomer html
pca.legend html
plotDeg html
plotPCA html
runRomer html
tableFilt html
venn4Way html
vennCounts2 html
vennPage html
vennSelect2 html
writeFit html
Rd warning: C:/Users/biocbuild/bbs-3.6-bioc/tmpdir/RtmpwfILEc/R.INSTALL25cc218c3210/affycoretools/man/writeFit.Rd:35: missing file link 'write.fit'
** building package indices
** installing vignettes
** testing if installed package can be loaded
In R CMD INSTALL
install for x64
* installing *source* package 'affycoretools' ...
** testing if installed package can be loaded
* MD5 sums
packaged installation of 'affycoretools' as affycoretools_1.50.6.zip
* DONE (affycoretools)
In R CMD INSTALL
In R CMD INSTALL
|
affycoretools.Rcheck/examples_i386/affycoretools-Ex.timings
|
affycoretools.Rcheck/examples_x64/affycoretools-Ex.timings
|