| Back to Multiple platform build/check report for BioC 3.6 |
|
This page was generated on 2018-04-12 13:38:17 -0400 (Thu, 12 Apr 2018).
| Package 1095/1472 | Hostname | OS / Arch | INSTALL | BUILD | CHECK | BUILD BIN | ||||||
| QDNAseq 1.14.0 Daoud Sie
| malbec1 | Linux (Ubuntu 16.04.1 LTS) / x86_64 | OK | OK | WARNINGS | |||||||
| tokay1 | Windows Server 2012 R2 Standard / x64 | OK | OK | WARNINGS | OK | |||||||
| veracruz1 | OS X 10.11.6 El Capitan / x86_64 | OK | OK | [ WARNINGS ] | OK |
| Package: QDNAseq |
| Version: 1.14.0 |
| Command: /Library/Frameworks/R.framework/Versions/Current/Resources/bin/R CMD check --no-vignettes --timings QDNAseq_1.14.0.tar.gz |
| StartedAt: 2018-04-12 08:04:35 -0400 (Thu, 12 Apr 2018) |
| EndedAt: 2018-04-12 08:07:49 -0400 (Thu, 12 Apr 2018) |
| EllapsedTime: 193.5 seconds |
| RetCode: 0 |
| Status: WARNINGS |
| CheckDir: QDNAseq.Rcheck |
| Warnings: 1 |
##############################################################################
##############################################################################
###
### Running command:
###
### /Library/Frameworks/R.framework/Versions/Current/Resources/bin/R CMD check --no-vignettes --timings QDNAseq_1.14.0.tar.gz
###
##############################################################################
##############################################################################
* using log directory ‘/Users/biocbuild/bbs-3.6-bioc/meat/QDNAseq.Rcheck’
* using R version 3.4.4 (2018-03-15)
* using platform: x86_64-apple-darwin15.6.0 (64-bit)
* using session charset: UTF-8
* using option ‘--no-vignettes’
* checking for file ‘QDNAseq/DESCRIPTION’ ... OK
* this is package ‘QDNAseq’ version ‘1.14.0’
* checking package namespace information ... OK
* checking package dependencies ... OK
* checking if this is a source package ... OK
* checking if there is a namespace ... OK
* checking for hidden files and directories ... OK
* checking for portable file names ... OK
* checking for sufficient/correct file permissions ... OK
* checking whether package ‘QDNAseq’ can be installed ... OK
* checking installed package size ... OK
* checking package directory ... OK
* checking ‘build’ directory ... OK
* checking DESCRIPTION meta-information ... OK
* checking top-level files ... OK
* checking for left-over files ... OK
* checking index information ... OK
* checking package subdirectories ... OK
* checking R files for non-ASCII characters ... OK
* checking R files for syntax errors ... OK
* checking whether the package can be loaded ... OK
* checking whether the package can be loaded with stated dependencies ... OK
* checking whether the package can be unloaded cleanly ... OK
* checking whether the namespace can be loaded with stated dependencies ... OK
* checking whether the namespace can be unloaded cleanly ... OK
* checking dependencies in R code ... OK
* checking S3 generic/method consistency ... OK
* checking replacement functions ... OK
* checking foreign function calls ... OK
* checking R code for possible problems ... OK
* checking Rd files ... OK
* checking Rd metadata ... OK
* checking Rd cross-references ... OK
* checking for missing documentation entries ... WARNING
Undocumented code objects:
‘exportVCF’
All user-level objects in a package should have documentation entries.
See chapter ‘Writing R documentation files’ in the ‘Writing R
Extensions’ manual.
* checking for code/documentation mismatches ... OK
* checking Rd \usage sections ... OK
* checking Rd contents ... OK
* checking for unstated dependencies in examples ... OK
* checking contents of ‘data’ directory ... OK
* checking data for non-ASCII characters ... OK
* checking data for ASCII and uncompressed saves ... OK
* checking sizes of PDF files under ‘inst/doc’ ... OK
* checking installed files from ‘inst/doc’ ... OK
* checking files in ‘vignettes’ ... OK
* checking examples ... OK
Examples with CPU or elapsed time > 5s
user system elapsed
frequencyPlot 13.680 0.229 14.110
callBins 13.523 0.225 13.985
normalizeSegmentedBins 5.123 0.109 5.302
* checking for unstated dependencies in ‘tests’ ... OK
* checking tests ...
Running ‘QDNAseq,reproducibility.R’
Running ‘QDNAseq.R’
OK
* checking for unstated dependencies in vignettes ... OK
* checking package vignettes in ‘inst/doc’ ... OK
* checking running R code from vignettes ... SKIPPED
* checking re-building of vignette outputs ... SKIPPED
* checking PDF version of manual ... OK
* DONE
Status: 1 WARNING
See
‘/Users/biocbuild/bbs-3.6-bioc/meat/QDNAseq.Rcheck/00check.log’
for details.
QDNAseq.Rcheck/00install.out
* installing *source* package ‘QDNAseq’ ... ** R ** data ** inst ** preparing package for lazy loading ** help *** installing help indices ** building package indices ** installing vignettes ** testing if installed package can be loaded * DONE (QDNAseq)
QDNAseq.Rcheck/tests/QDNAseq,reproducibility.Rout
R version 3.4.4 (2018-03-15) -- "Someone to Lean On"
Copyright (C) 2018 The R Foundation for Statistical Computing
Platform: x86_64-apple-darwin15.6.0 (64-bit)
R is free software and comes with ABSOLUTELY NO WARRANTY.
You are welcome to redistribute it under certain conditions.
Type 'license()' or 'licence()' for distribution details.
R is a collaborative project with many contributors.
Type 'contributors()' for more information and
'citation()' on how to cite R or R packages in publications.
Type 'demo()' for some demos, 'help()' for on-line help, or
'help.start()' for an HTML browser interface to help.
Type 'q()' to quit R.
> ######################################################################
> # This scripts asserts that for each processing step of QDNAseq
> # the output/results are reproducible (numerically equal).
> ######################################################################
> library("QDNAseq")
>
> # Load data
> data(LGG150)
> data <- LGG150
>
> # Filter out "bad" bins
> dataF <- applyFilters(data, residual=TRUE, blacklist=TRUE)
38,819 total bins
38,819 of which in selected chromosomes
36,722 of which with reference sequence
33,347 final bins
> dataFr <- applyFilters(data, residual=TRUE, blacklist=TRUE)
38,819 total bins
38,819 of which in selected chromosomes
36,722 of which with reference sequence
33,347 final bins
> stopifnot(all.equal(dataFr, dataF))
>
> # Correct read counts as a function of GC content and mappability
> dataC <- correctBins(dataF)
Calculating correction for GC content and mappability
Calculating fit for sample LGG150 (1 of 1) ...
Done.
> dataCr <- correctBins(dataF)
Calculating correction for GC content and mappability
Calculating fit for sample LGG150 (1 of 1) ...
Done.
> stopifnot(all.equal(dataCr, dataC))
>
> # Normalize binned read counts to have diploid normal copy number
> dataN <- normalizeBins(dataC)
Applying median normalization ...
> dataNr <- normalizeBins(dataC)
Applying median normalization ...
> stopifnot(all.equal(dataNr, dataN))
>
> proc.time()
user system elapsed
6.955 0.278 7.335
QDNAseq.Rcheck/tests/QDNAseq.Rout
R version 3.4.4 (2018-03-15) -- "Someone to Lean On"
Copyright (C) 2018 The R Foundation for Statistical Computing
Platform: x86_64-apple-darwin15.6.0 (64-bit)
R is free software and comes with ABSOLUTELY NO WARRANTY.
You are welcome to redistribute it under certain conditions.
Type 'license()' or 'licence()' for distribution details.
R is a collaborative project with many contributors.
Type 'contributors()' for more information and
'citation()' on how to cite R or R packages in publications.
Type 'demo()' for some demos, 'help()' for on-line help, or
'help.start()' for an HTML browser interface to help.
Type 'q()' to quit R.
> library("QDNAseq")
>
> # Load data
> data(LGG150)
> data <- LGG150
> print(data)
QDNAseqReadCounts (storageMode: lockedEnvironment)
assayData: 38819 features, 1 samples
element names: counts
protocolData: none
phenoData
sampleNames: LGG150
varLabels: name reads used.reads expected.variance
varMetadata: labelDescription
featureData
featureNames: 7:1-15000 7:15001-30000 ... 10:135525001-135534747
(38819 total)
fvarLabels: chromosome start ... use (9 total)
fvarMetadata: labelDescription
experimentData: use 'experimentData(object)'
Annotation:
> stopifnot(inherits(data, "QDNAseqReadCounts"))
>
> # Plot isobars of read counts
> isobarPlot(data)
Plotting sample LGG150 median read counts
>
> # Plot copy number profile
> plot(data, ylim=c(-100, 200))
Plotting sample LGG150 (1 of 1) ...
> highlightFilters(data, residual=TRUE, blacklist=TRUE)
Highlighted 3,375 bins.
>
> # Filter out "bad" bins
> dataF <- applyFilters(data, residual=TRUE, blacklist=TRUE)
38,819 total bins
38,819 of which in selected chromosomes
36,722 of which with reference sequence
33,347 final bins
> print(dataF)
QDNAseqReadCounts (storageMode: lockedEnvironment)
assayData: 38819 features, 1 samples
element names: counts
protocolData: none
phenoData
sampleNames: LGG150
varLabels: name reads used.reads expected.variance
varMetadata: labelDescription
featureData
featureNames: 7:1-15000 7:15001-30000 ... 10:135525001-135534747
(38819 total)
fvarLabels: chromosome start ... use (9 total)
fvarMetadata: labelDescription
experimentData: use 'experimentData(object)'
Annotation:
> plot(dataF, ylim=c(-100, 200))
Plotting sample LGG150 (1 of 1) ...
> stopifnot(inherits(dataF, "QDNAseqReadCounts"))
>
> # Correct read counts as a function of GC content and mappability
> dataC <- correctBins(dataF)
Calculating correction for GC content and mappability
Calculating fit for sample LGG150 (1 of 1) ...
Done.
> print(dataC)
QDNAseqCopyNumbers (storageMode: lockedEnvironment)
assayData: 38819 features, 1 samples
element names: copynumber
protocolData: none
phenoData
sampleNames: LGG150
varLabels: name reads ... loess.family (6 total)
varMetadata: labelDescription
featureData
featureNames: 7:1-15000 7:15001-30000 ... 10:135525001-135534747
(38819 total)
fvarLabels: chromosome start ... use (9 total)
fvarMetadata: labelDescription
experimentData: use 'experimentData(object)'
Annotation:
> plot(dataC, ylim=c(-100, 200))
Plotting sample LGG150 (1 of 1) ...
> stopifnot(inherits(dataC, "QDNAseqCopyNumbers"))
>
> # Normalize binned read counts to have diploid normal copy number
> dataN <- normalizeBins(dataC)
Applying median normalization ...
> print(dataN)
QDNAseqCopyNumbers (storageMode: lockedEnvironment)
assayData: 38819 features, 1 samples
element names: copynumber
protocolData: none
phenoData
sampleNames: LGG150
varLabels: name reads ... loess.family (6 total)
varMetadata: labelDescription
featureData
featureNames: 7:1-15000 7:15001-30000 ... 10:135525001-135534747
(38819 total)
fvarLabels: chromosome start ... use (9 total)
fvarMetadata: labelDescription
experimentData: use 'experimentData(object)'
Annotation:
> plot(dataN)
Plotting sample LGG150 (1 of 1) ...
> stopifnot(inherits(dataN, "QDNAseqCopyNumbers"))
>
> # Plot noise
> noisePlot(dataF)
Calculating correction for GC content and mappability
Calculating fit for sample LGG150 (1 of 1) ...
Done.
>
> # Segment copy numbers
> fit <- segmentBins(dataN)
Performing segmentation:
Segmenting: LGG150 (1 of 1) ...
> print(fit)
QDNAseqCopyNumbers (storageMode: lockedEnvironment)
assayData: 38819 features, 1 samples
element names: copynumber, segmented
protocolData: none
phenoData
sampleNames: LGG150
varLabels: name reads ... loess.family (6 total)
varMetadata: labelDescription
featureData
featureNames: 7:1-15000 7:15001-30000 ... 10:135525001-135534747
(38819 total)
fvarLabels: chromosome start ... use (9 total)
fvarMetadata: labelDescription
experimentData: use 'experimentData(object)'
Annotation:
> plot(fit)
Plotting sample LGG150 (1 of 1) ...
> stopifnot(inherits(fit, "QDNAseqCopyNumbers"))
>
> # Call copy-number segments
> #fitC <- callBins(fit)
> #print(fitC)
> #plot(fitC)
>
> proc.time()
user system elapsed
11.814 0.447 12.460
QDNAseq.Rcheck/QDNAseq-Ex.timings
| name | user | system | elapsed | |
| addPhenodata | 0.160 | 0.010 | 0.175 | |
| applyFilters | 0.605 | 0.012 | 0.622 | |
| binReadCounts | 0.001 | 0.000 | 0.001 | |
| callBins | 13.523 | 0.225 | 13.985 | |
| compareToReference | 1.006 | 0.050 | 1.068 | |
| correctBins | 0.905 | 0.041 | 0.965 | |
| createBins | 0.001 | 0.000 | 0.001 | |
| estimateCorrection | 0.638 | 0.034 | 0.674 | |
| exportBins | 0.000 | 0.000 | 0.001 | |
| frequencyPlot | 13.680 | 0.229 | 14.110 | |
| getBinAnnotations | 0.000 | 0.000 | 0.001 | |
| highlightFilters | 0.626 | 0.054 | 0.691 | |
| isobarPlot | 0.592 | 0.025 | 0.622 | |
| makeCgh | 0.852 | 0.062 | 0.920 | |
| noisePlot | 0.611 | 0.035 | 0.657 | |
| normalizeBins | 0.897 | 0.046 | 0.951 | |
| normalizeSegmentedBins | 5.123 | 0.109 | 5.302 | |
| plot | 1.068 | 0.062 | 1.155 | |
| poolRuns | 0.191 | 0.009 | 0.217 | |
| segmentBins | 4.718 | 0.075 | 4.869 | |
| smoothOutlierBins | 0.969 | 0.049 | 1.042 | |