| Back to Multiple platform build/check report for BioC 3.6 |
|
This page was generated on 2018-04-12 13:25:01 -0400 (Thu, 12 Apr 2018).
| Package 566/1472 | Hostname | OS / Arch | INSTALL | BUILD | CHECK | BUILD BIN | ||||||
| GenomicInteractions 1.12.0 Malcolm Perry
| malbec1 | Linux (Ubuntu 16.04.1 LTS) / x86_64 | OK | OK | OK | |||||||
| tokay1 | Windows Server 2012 R2 Standard / x64 | OK | OK | [ WARNINGS ] | OK | |||||||
| veracruz1 | OS X 10.11.6 El Capitan / x86_64 | OK | OK | OK | OK |
| Package: GenomicInteractions |
| Version: 1.12.0 |
| Command: rm -rf GenomicInteractions.buildbin-libdir GenomicInteractions.Rcheck && mkdir GenomicInteractions.buildbin-libdir GenomicInteractions.Rcheck && C:\Users\biocbuild\bbs-3.6-bioc\R\bin\R.exe CMD INSTALL --build --merge-multiarch --library=GenomicInteractions.buildbin-libdir GenomicInteractions_1.12.0.tar.gz >GenomicInteractions.Rcheck\00install.out 2>&1 && cp GenomicInteractions.Rcheck\00install.out GenomicInteractions-install.out && C:\Users\biocbuild\bbs-3.6-bioc\R\bin\R.exe CMD check --library=GenomicInteractions.buildbin-libdir --install="check:GenomicInteractions-install.out" --force-multiarch --no-vignettes --timings GenomicInteractions_1.12.0.tar.gz |
| StartedAt: 2018-04-12 00:17:58 -0400 (Thu, 12 Apr 2018) |
| EndedAt: 2018-04-12 00:26:40 -0400 (Thu, 12 Apr 2018) |
| EllapsedTime: 521.7 seconds |
| RetCode: 0 |
| Status: WARNINGS |
| CheckDir: GenomicInteractions.Rcheck |
| Warnings: 1 |
##############################################################################
##############################################################################
###
### Running command:
###
### rm -rf GenomicInteractions.buildbin-libdir GenomicInteractions.Rcheck && mkdir GenomicInteractions.buildbin-libdir GenomicInteractions.Rcheck && C:\Users\biocbuild\bbs-3.6-bioc\R\bin\R.exe CMD INSTALL --build --merge-multiarch --library=GenomicInteractions.buildbin-libdir GenomicInteractions_1.12.0.tar.gz >GenomicInteractions.Rcheck\00install.out 2>&1 && cp GenomicInteractions.Rcheck\00install.out GenomicInteractions-install.out && C:\Users\biocbuild\bbs-3.6-bioc\R\bin\R.exe CMD check --library=GenomicInteractions.buildbin-libdir --install="check:GenomicInteractions-install.out" --force-multiarch --no-vignettes --timings GenomicInteractions_1.12.0.tar.gz
###
##############################################################################
##############################################################################
* using log directory 'C:/Users/biocbuild/bbs-3.6-bioc/meat/GenomicInteractions.Rcheck'
* using R version 3.4.4 (2018-03-15)
* using platform: x86_64-w64-mingw32 (64-bit)
* using session charset: ISO8859-1
* using option '--no-vignettes'
* checking for file 'GenomicInteractions/DESCRIPTION' ... OK
* checking extension type ... Package
* this is package 'GenomicInteractions' version '1.12.0'
* checking package namespace information ... OK
* checking package dependencies ... OK
* checking if this is a source package ... OK
* checking if there is a namespace ... OK
* checking for hidden files and directories ... OK
* checking for portable file names ... OK
* checking whether package 'GenomicInteractions' can be installed ... WARNING
Found the following significant warnings:
Warning: replacing previous import 'BiocGenerics::Position' by 'ggplot2::Position' when loading 'GenomicInteractions'
Warning: replacing previous import 'BiocGenerics::sd' by 'stats::sd' when loading 'GenomicInteractions'
See 'C:/Users/biocbuild/bbs-3.6-bioc/meat/GenomicInteractions.Rcheck/00install.out' for details.
* checking installed package size ... NOTE
installed size is 10.6Mb
sub-directories of 1Mb or more:
doc 1.5Mb
extdata 7.9Mb
* checking package directory ... OK
* checking 'build' directory ... OK
* checking DESCRIPTION meta-information ... OK
* checking top-level files ... OK
* checking for left-over files ... OK
* checking index information ... OK
* checking package subdirectories ... OK
* checking R files for non-ASCII characters ... OK
* checking R files for syntax errors ... OK
* loading checks for arch 'i386'
** checking whether the package can be loaded ... OK
** checking whether the package can be loaded with stated dependencies ... OK
** checking whether the package can be unloaded cleanly ... OK
** checking whether the namespace can be loaded with stated dependencies ... OK
** checking whether the namespace can be unloaded cleanly ... OK
* loading checks for arch 'x64'
** checking whether the package can be loaded ... OK
** checking whether the package can be loaded with stated dependencies ... OK
** checking whether the package can be unloaded cleanly ... OK
** checking whether the namespace can be loaded with stated dependencies ... OK
** checking whether the namespace can be unloaded cleanly ... OK
* checking dependencies in R code ... OK
* checking S3 generic/method consistency ... OK
* checking replacement functions ... OK
* checking foreign function calls ... OK
* checking R code for possible problems ... OK
* checking Rd files ... OK
* checking Rd metadata ... OK
* checking Rd cross-references ... OK
* checking for missing documentation entries ... OK
* checking for code/documentation mismatches ... OK
* checking Rd \usage sections ... OK
* checking Rd contents ... OK
* checking for unstated dependencies in examples ... OK
* checking contents of 'data' directory ... OK
* checking data for non-ASCII characters ... OK
* checking data for ASCII and uncompressed saves ... OK
* checking installed files from 'inst/doc' ... OK
* checking files in 'vignettes' ... OK
* checking examples ...
** running examples for arch 'i386' ... OK
** running examples for arch 'x64' ... OK
* checking for unstated dependencies in 'tests' ... OK
* checking tests ...
** running tests for arch 'i386' ...
Running 'testthat.R'
OK
** running tests for arch 'x64' ...
Running 'testthat.R'
OK
* checking for unstated dependencies in vignettes ... OK
* checking package vignettes in 'inst/doc' ... OK
* checking running R code from vignettes ... SKIPPED
* checking re-building of vignette outputs ... SKIPPED
* checking PDF version of manual ... OK
* DONE
Status: 1 WARNING, 1 NOTE
See
'C:/Users/biocbuild/bbs-3.6-bioc/meat/GenomicInteractions.Rcheck/00check.log'
for details.
GenomicInteractions.Rcheck/00install.out
install for i386
* installing *source* package 'GenomicInteractions' ...
** R
** data
** inst
** preparing package for lazy loading
Warning: replacing previous import 'BiocGenerics::Position' by 'ggplot2::Position' when loading 'GenomicInteractions'
Warning: replacing previous import 'BiocGenerics::sd' by 'stats::sd' when loading 'GenomicInteractions'
** help
*** installing help indices
converting help for package 'GenomicInteractions'
finding HTML links ... done
GInteractions-subsetByFeatures-methods
html
GenomicInteractions-class html
GenomicInteractions-package html
GenomicInteractions html
InteractionHelpers html
InteractionTrack-class html
InteractionTrack html
annotateAnchors html
annotateInteractions html
annotateRegions html
asBED-GInteractions-method html
availableDisplayPars html
calculateDistances html
categoriseInteractions html
countsBetweenAnchors-methods html
export.bed12 html
export.bedpe html
export.chiasig html
export.igraph html
get_binom_ligation_threshold html
get_self_ligation_threshold html
getters html
finding level-2 HTML links ... done
hg19.refseq.transcripts html
hic_example_data html
makeGenomicInteractionsFromFile html
mm9_refseq_promoters html
plotAvgViewpoint html
plotCisTrans html
plotCounts html
plotDists html
plotInteractionAnnotations html
plotSummaryStats html
plotViewpoint html
removeDups html
resetAnnotations html
sameStrand html
setters html
sum-GInteractions-method html
summariseByFeaturePairs html
summariseByFeatures html
thymus_enh html
updateObject-GenomicInteractions-method
html
viewPoint html
** building package indices
** installing vignettes
** testing if installed package can be loaded
Warning: replacing previous import 'BiocGenerics::Position' by 'ggplot2::Position' when loading 'GenomicInteractions'
Warning: replacing previous import 'BiocGenerics::sd' by 'stats::sd' when loading 'GenomicInteractions'
In R CMD INSTALL
install for x64
* installing *source* package 'GenomicInteractions' ...
** testing if installed package can be loaded
Warning: replacing previous import 'BiocGenerics::Position' by 'ggplot2::Position' when loading 'GenomicInteractions'
Warning: replacing previous import 'BiocGenerics::sd' by 'stats::sd' when loading 'GenomicInteractions'
* MD5 sums
packaged installation of 'GenomicInteractions' as GenomicInteractions_1.12.0.zip
* DONE (GenomicInteractions)
In R CMD INSTALL
In R CMD INSTALL
|
GenomicInteractions.Rcheck/tests_i386/testthat.Rout
R version 3.4.4 (2018-03-15) -- "Someone to Lean On"
Copyright (C) 2018 The R Foundation for Statistical Computing
Platform: i386-w64-mingw32/i386 (32-bit)
R is free software and comes with ABSOLUTELY NO WARRANTY.
You are welcome to redistribute it under certain conditions.
Type 'license()' or 'licence()' for distribution details.
R is a collaborative project with many contributors.
Type 'contributors()' for more information and
'citation()' on how to cite R or R packages in publications.
Type 'demo()' for some demos, 'help()' for on-line help, or
'help.start()' for an HTML browser interface to help.
Type 'q()' to quit R.
> library(testthat)
> library(GenomicInteractions)
Loading required package: InteractionSet
Loading required package: GenomicRanges
Loading required package: stats4
Loading required package: BiocGenerics
Loading required package: parallel
Attaching package: 'BiocGenerics'
The following objects are masked from 'package:parallel':
clusterApply, clusterApplyLB, clusterCall, clusterEvalQ,
clusterExport, clusterMap, parApply, parCapply, parLapply,
parLapplyLB, parRapply, parSapply, parSapplyLB
The following objects are masked from 'package:stats':
IQR, mad, sd, var, xtabs
The following objects are masked from 'package:base':
Filter, Find, Map, Position, Reduce, anyDuplicated, append,
as.data.frame, cbind, colMeans, colSums, colnames, do.call,
duplicated, eval, evalq, get, grep, grepl, intersect, is.unsorted,
lapply, lengths, mapply, match, mget, order, paste, pmax, pmax.int,
pmin, pmin.int, rank, rbind, rowMeans, rowSums, rownames, sapply,
setdiff, sort, table, tapply, union, unique, unsplit, which,
which.max, which.min
Loading required package: S4Vectors
Attaching package: 'S4Vectors'
The following object is masked from 'package:base':
expand.grid
Loading required package: IRanges
Loading required package: GenomeInfoDb
Loading required package: SummarizedExperiment
Loading required package: Biobase
Welcome to Bioconductor
Vignettes contain introductory material; view with
'browseVignettes()'. To cite Bioconductor, see
'citation("Biobase")', and for packages 'citation("pkgname")'.
Loading required package: DelayedArray
Loading required package: matrixStats
Attaching package: 'matrixStats'
The following objects are masked from 'package:Biobase':
anyMissing, rowMedians
Attaching package: 'DelayedArray'
The following objects are masked from 'package:matrixStats':
colMaxs, colMins, colRanges, rowMaxs, rowMins, rowRanges
The following object is masked from 'package:base':
apply
Warning messages:
1: replacing previous import 'BiocGenerics::Position' by 'ggplot2::Position' when loading 'GenomicInteractions'
2: replacing previous import 'BiocGenerics::sd' by 'stats::sd' when loading 'GenomicInteractions'
>
> test_check("GenomicInteractions")
== testthat results ===========================================================
OK: 48 SKIPPED: 0 FAILED: 0
>
> proc.time()
user system elapsed
25.00 0.90 32.61
|
GenomicInteractions.Rcheck/tests_x64/testthat.Rout
R version 3.4.4 (2018-03-15) -- "Someone to Lean On"
Copyright (C) 2018 The R Foundation for Statistical Computing
Platform: x86_64-w64-mingw32/x64 (64-bit)
R is free software and comes with ABSOLUTELY NO WARRANTY.
You are welcome to redistribute it under certain conditions.
Type 'license()' or 'licence()' for distribution details.
R is a collaborative project with many contributors.
Type 'contributors()' for more information and
'citation()' on how to cite R or R packages in publications.
Type 'demo()' for some demos, 'help()' for on-line help, or
'help.start()' for an HTML browser interface to help.
Type 'q()' to quit R.
> library(testthat)
> library(GenomicInteractions)
Loading required package: InteractionSet
Loading required package: GenomicRanges
Loading required package: stats4
Loading required package: BiocGenerics
Loading required package: parallel
Attaching package: 'BiocGenerics'
The following objects are masked from 'package:parallel':
clusterApply, clusterApplyLB, clusterCall, clusterEvalQ,
clusterExport, clusterMap, parApply, parCapply, parLapply,
parLapplyLB, parRapply, parSapply, parSapplyLB
The following objects are masked from 'package:stats':
IQR, mad, sd, var, xtabs
The following objects are masked from 'package:base':
Filter, Find, Map, Position, Reduce, anyDuplicated, append,
as.data.frame, cbind, colMeans, colSums, colnames, do.call,
duplicated, eval, evalq, get, grep, grepl, intersect, is.unsorted,
lapply, lengths, mapply, match, mget, order, paste, pmax, pmax.int,
pmin, pmin.int, rank, rbind, rowMeans, rowSums, rownames, sapply,
setdiff, sort, table, tapply, union, unique, unsplit, which,
which.max, which.min
Loading required package: S4Vectors
Attaching package: 'S4Vectors'
The following object is masked from 'package:base':
expand.grid
Loading required package: IRanges
Loading required package: GenomeInfoDb
Loading required package: SummarizedExperiment
Loading required package: Biobase
Welcome to Bioconductor
Vignettes contain introductory material; view with
'browseVignettes()'. To cite Bioconductor, see
'citation("Biobase")', and for packages 'citation("pkgname")'.
Loading required package: DelayedArray
Loading required package: matrixStats
Attaching package: 'matrixStats'
The following objects are masked from 'package:Biobase':
anyMissing, rowMedians
Attaching package: 'DelayedArray'
The following objects are masked from 'package:matrixStats':
colMaxs, colMins, colRanges, rowMaxs, rowMins, rowRanges
The following object is masked from 'package:base':
apply
Warning messages:
1: replacing previous import 'BiocGenerics::Position' by 'ggplot2::Position' when loading 'GenomicInteractions'
2: replacing previous import 'BiocGenerics::sd' by 'stats::sd' when loading 'GenomicInteractions'
>
> test_check("GenomicInteractions")
== testthat results ===========================================================
OK: 48 SKIPPED: 0 FAILED: 0
>
> proc.time()
user system elapsed
35.56 0.71 36.46
|
|
GenomicInteractions.Rcheck/examples_i386/GenomicInteractions-Ex.timings
|
GenomicInteractions.Rcheck/examples_x64/GenomicInteractions-Ex.timings
|