| Back to Build/check report for BioC 3.23: simplified long |
|
This page was generated on 2025-11-13 11:32 -0500 (Thu, 13 Nov 2025).
| Hostname | OS | Arch (*) | R version | Installed pkgs |
|---|---|---|---|---|
| kjohnson3 | macOS 13.7.7 Ventura | arm64 | R Under development (unstable) (2025-11-04 r88984) -- "Unsuffered Consequences" | 4013 |
| Click on any hostname to see more info about the system (e.g. compilers) (*) as reported by 'uname -p', except on Windows and Mac OS X | ||||
| Package 1774/2325 | Hostname | OS / Arch | INSTALL | BUILD | CHECK | BUILD BIN | ||||||||
| rifi 1.15.0 (landing page) Jens Georg
| kjohnson3 | macOS 13.7.7 Ventura / arm64 | OK | OK | WARNINGS | OK | ||||||||
|
To the developers/maintainers of the rifi package: - Allow up to 24 hours (and sometimes 48 hours) for your latest push to git@git.bioconductor.org:packages/rifi.git to reflect on this report. See Troubleshooting Build Report for more information. - Use the following Renviron settings to reproduce errors and warnings. - If 'R CMD check' started to fail recently on the Linux builder(s) over a missing dependency, add the missing dependency to 'Suggests:' in your DESCRIPTION file. See Renviron.bioc for more information. |
| Package: rifi |
| Version: 1.15.0 |
| Command: /Library/Frameworks/R.framework/Resources/bin/R CMD check --install=check:rifi.install-out.txt --library=/Library/Frameworks/R.framework/Resources/library --no-vignettes --timings rifi_1.15.0.tar.gz |
| StartedAt: 2025-11-12 20:08:15 -0500 (Wed, 12 Nov 2025) |
| EndedAt: 2025-11-12 20:12:34 -0500 (Wed, 12 Nov 2025) |
| EllapsedTime: 258.8 seconds |
| RetCode: 0 |
| Status: WARNINGS |
| CheckDir: rifi.Rcheck |
| Warnings: 2 |
##############################################################################
##############################################################################
###
### Running command:
###
### /Library/Frameworks/R.framework/Resources/bin/R CMD check --install=check:rifi.install-out.txt --library=/Library/Frameworks/R.framework/Resources/library --no-vignettes --timings rifi_1.15.0.tar.gz
###
##############################################################################
##############################################################################
* using log directory ‘/Users/biocbuild/bbs-3.23-bioc/meat/rifi.Rcheck’
* using R Under development (unstable) (2025-11-04 r88984)
* using platform: aarch64-apple-darwin20
* R was compiled by
Apple clang version 16.0.0 (clang-1600.0.26.6)
GNU Fortran (GCC) 14.2.0
* running under: macOS Ventura 13.7.8
* using session charset: UTF-8
* using option ‘--no-vignettes’
* checking for file ‘rifi/DESCRIPTION’ ... OK
* this is package ‘rifi’ version ‘1.15.0’
* package encoding: UTF-8
* checking package namespace information ... OK
* checking package dependencies ... OK
* checking if this is a source package ... OK
* checking if there is a namespace ... OK
* checking for hidden files and directories ... NOTE
Found the following hidden files and directories:
.BBSoptions
R/.ipynb_checkpoints
vignettes/.ipynb_checkpoints
These were most likely included in error. See section ‘Package
structure’ in the ‘Writing R Extensions’ manual.
* checking for portable file names ... OK
* checking for sufficient/correct file permissions ... OK
* checking whether package ‘rifi’ can be installed ... WARNING
Found the following significant warnings:
Note: next used in wrong context: no loop is visible
Warning: /Users/biocbuild/bbs-3.23-bioc/meat/rifi/man/apply_Ttest_delay.Rd:55: unexpected '}'
Warning: /Users/biocbuild/bbs-3.23-bioc/meat/rifi/man/predict_ps_itss.Rd:57: unexpected '}'
See ‘/Users/biocbuild/bbs-3.23-bioc/meat/rifi.Rcheck/00install.out’ for details.
Information on the location(s) of code generating the ‘Note’s can be
obtained by re-running with environment variable R_KEEP_PKG_SOURCE set
to ‘yes’.
* checking installed package size ... OK
* checking package directory ... OK
* checking ‘build’ directory ... OK
* checking DESCRIPTION meta-information ...Warning: /Users/biocbuild/bbs-3.23-bioc/meat/rifi.Rcheck/00_pkg_src/rifi/man/apply_Ttest_delay.Rd:55: unexpected '}'
Warning: /Users/biocbuild/bbs-3.23-bioc/meat/rifi.Rcheck/00_pkg_src/rifi/man/predict_ps_itss.Rd:57: unexpected '}'
OK
* checking top-level files ... OK
* checking for left-over files ... OK
* checking index information ... OK
* checking package subdirectories ... OK
* checking code files for non-ASCII characters ... OK
* checking R files for syntax errors ... OK
* checking whether the package can be loaded ... OK
* checking whether the package can be loaded with stated dependencies ... OK
* checking whether the package can be unloaded cleanly ... OK
* checking whether the namespace can be loaded with stated dependencies ... OK
* checking whether the namespace can be unloaded cleanly ... OK
* checking dependencies in R code ... OK
* checking S3 generic/method consistency ... OK
* checking replacement functions ... OK
* checking foreign function calls ... OK
* checking R code for possible problems ... OK
* checking Rd files ... WARNING
prepare_Rd: ./man/apply_Ttest_delay.Rd:55: unexpected '}'
prepare_Rd: ./man/predict_ps_itss.Rd:57: unexpected '}'
* checking Rd metadata ... OK
* checking Rd cross-references ...Warning: /Users/biocbuild/bbs-3.23-bioc/meat/rifi.Rcheck/00_pkg_src/rifi/man/apply_Ttest_delay.Rd:55: unexpected '}'
Warning: /Users/biocbuild/bbs-3.23-bioc/meat/rifi.Rcheck/00_pkg_src/rifi/man/predict_ps_itss.Rd:57: unexpected '}'
OK
* checking for missing documentation entries ... OK
* checking for code/documentation mismatches ... OK
* checking Rd \usage sections ... OK
* checking Rd contents ... OK
* checking for unstated dependencies in examples ... OK
* checking contents of ‘data’ directory ... OK
* checking data for non-ASCII characters ... OK
* checking data for ASCII and uncompressed saves ... OK
* checking files in ‘vignettes’ ... OK
* checking examples ... OK
Examples with CPU (user + system) or elapsed time > 5s
user system elapsed
rifi_wrapper 40.796 19.652 59.570
rifi_penalties 16.594 16.170 34.290
nls2_fit 12.385 0.855 9.120
rifi_visualization 11.521 0.973 13.511
rifi_fit 7.582 0.198 8.709
make_pen 2.893 2.702 5.981
TI_fit 4.284 0.889 3.297
* checking for unstated dependencies in vignettes ... OK
* checking package vignettes ... OK
* checking running R code from vignettes ... SKIPPED
* checking re-building of vignette outputs ... SKIPPED
* checking PDF version of manual ... OK
* DONE
Status: 2 WARNINGs, 1 NOTE
See
‘/Users/biocbuild/bbs-3.23-bioc/meat/rifi.Rcheck/00check.log’
for details.
rifi.Rcheck/00install.out
############################################################################## ############################################################################## ### ### Running command: ### ### /Library/Frameworks/R.framework/Resources/bin/R CMD INSTALL rifi ### ############################################################################## ############################################################################## * installing to library ‘/Library/Frameworks/R.framework/Versions/4.6-arm64/Resources/library’ * installing *source* package ‘rifi’ ... ** this is package ‘rifi’ version ‘1.15.0’ ** using staged installation ** R ** data ** inst ** byte-compile and prepare package for lazy loading Note: next used in wrong context: no loop is visible ** help Warning: /Users/biocbuild/bbs-3.23-bioc/meat/rifi/man/apply_Ttest_delay.Rd:55: unexpected '}' Warning: /Users/biocbuild/bbs-3.23-bioc/meat/rifi/man/predict_ps_itss.Rd:57: unexpected '}' *** installing help indices ** building package indices ** installing vignettes ** testing if installed package can be loaded from temporary location ** testing if installed package can be loaded from final location ** testing if installed package keeps a record of temporary installation path * DONE (rifi)
rifi.Rcheck/rifi-Ex.timings
| name | user | system | elapsed | |
| TI_fit | 4.284 | 0.889 | 3.297 | |
| TUgether | 0.133 | 0.074 | 0.224 | |
| apply_Ttest_delay | 0.037 | 0.011 | 0.047 | |
| apply_ancova | 0.101 | 0.020 | 0.143 | |
| apply_event_position | 0.474 | 0.135 | 0.660 | |
| apply_manova | 0.172 | 0.001 | 0.194 | |
| apply_t_test | 0.211 | 0.012 | 0.237 | |
| apply_t_test_ti | 0.051 | 0.000 | 0.054 | |
| check_input | 0.103 | 0.001 | 0.104 | |
| dataframe_summary | 0.029 | 0.003 | 0.033 | |
| dataframe_summary_TI | 0.017 | 0.001 | 0.023 | |
| dataframe_summary_events | 0.247 | 0.009 | 0.264 | |
| dataframe_summary_events_HL_int | 0.188 | 0.007 | 0.216 | |
| dataframe_summary_events_ps_itss | 0.090 | 0.005 | 0.101 | |
| dataframe_summary_events_velocity | 0.078 | 0.005 | 0.084 | |
| event_dataframe | 0.217 | 0.007 | 0.238 | |
| finding_PDD | 0.078 | 0.044 | 0.119 | |
| finding_TI | 0.107 | 0.074 | 0.197 | |
| fold_change | 0.869 | 0.070 | 0.970 | |
| fragment_HL | 0.176 | 0.074 | 0.244 | |
| fragment_TI | 0.119 | 0.030 | 0.153 | |
| fragment_delay | 0.299 | 0.152 | 0.454 | |
| fragment_inty | 0.182 | 0.101 | 0.299 | |
| gff3_preprocess | 0.223 | 0.040 | 0.280 | |
| make_df | 0.305 | 0.170 | 0.345 | |
| make_pen | 2.893 | 2.702 | 5.981 | |
| nls2_fit | 12.385 | 0.855 | 9.120 | |
| predict_ps_itss | 0.078 | 0.027 | 0.105 | |
| rifi_fit | 7.582 | 0.198 | 8.709 | |
| rifi_fragmentation | 0.940 | 0.487 | 1.494 | |
| rifi_penalties | 16.594 | 16.170 | 34.290 | |
| rifi_preprocess | 0.570 | 0.305 | 0.797 | |
| rifi_stats | 0.948 | 0.080 | 1.091 | |
| rifi_summary | 0.604 | 0.018 | 0.670 | |
| rifi_visualization | 11.521 | 0.973 | 13.511 | |
| rifi_wrapper | 40.796 | 19.652 | 59.570 | |
| segment_pos | 0.092 | 0.001 | 0.103 | |
| viz_pen_obj | 0.004 | 0.001 | 0.005 | |