| Back to Multiple platform build/check report for BioC 3.23: simplified long |
|
This page was generated on 2025-11-14 11:36 -0500 (Fri, 14 Nov 2025).
| Hostname | OS | Arch (*) | R version | Installed pkgs |
|---|---|---|---|---|
| nebbiolo1 | Linux (Ubuntu 24.04.3 LTS) | x86_64 | R Under development (unstable) (2025-10-20 r88955) -- "Unsuffered Consequences" | 4825 |
| kjohnson3 | macOS 13.7.7 Ventura | arm64 | R Under development (unstable) (2025-11-04 r88984) -- "Unsuffered Consequences" | 4547 |
| Click on any hostname to see more info about the system (e.g. compilers) (*) as reported by 'uname -p', except on Windows and Mac OS X | ||||
| Package 1774/2325 | Hostname | OS / Arch | INSTALL | BUILD | CHECK | BUILD BIN | ||||||||
| rifi 1.15.0 (landing page) Jens Georg
| nebbiolo1 | Linux (Ubuntu 24.04.3 LTS) / x86_64 | OK | OK | WARNINGS | |||||||||
| kjohnson3 | macOS 13.7.7 Ventura / arm64 | OK | OK | WARNINGS | OK | |||||||||
|
To the developers/maintainers of the rifi package: - Allow up to 24 hours (and sometimes 48 hours) for your latest push to git@git.bioconductor.org:packages/rifi.git to reflect on this report. See Troubleshooting Build Report for more information. - Use the following Renviron settings to reproduce errors and warnings. - If 'R CMD check' started to fail recently on the Linux builder(s) over a missing dependency, add the missing dependency to 'Suggests:' in your DESCRIPTION file. See Renviron.bioc for more information. |
| Package: rifi |
| Version: 1.15.0 |
| Command: /home/biocbuild/bbs-3.23-bioc/R/bin/R CMD check --install=check:rifi.install-out.txt --library=/home/biocbuild/bbs-3.23-bioc/R/site-library --timings rifi_1.15.0.tar.gz |
| StartedAt: 2025-11-14 03:15:36 -0500 (Fri, 14 Nov 2025) |
| EndedAt: 2025-11-14 03:25:48 -0500 (Fri, 14 Nov 2025) |
| EllapsedTime: 612.2 seconds |
| RetCode: 0 |
| Status: WARNINGS |
| CheckDir: rifi.Rcheck |
| Warnings: 2 |
##############################################################################
##############################################################################
###
### Running command:
###
### /home/biocbuild/bbs-3.23-bioc/R/bin/R CMD check --install=check:rifi.install-out.txt --library=/home/biocbuild/bbs-3.23-bioc/R/site-library --timings rifi_1.15.0.tar.gz
###
##############################################################################
##############################################################################
* using log directory ‘/home/biocbuild/bbs-3.23-bioc/meat/rifi.Rcheck’
* using R Under development (unstable) (2025-10-20 r88955)
* using platform: x86_64-pc-linux-gnu
* R was compiled by
gcc (Ubuntu 13.3.0-6ubuntu2~24.04) 13.3.0
GNU Fortran (Ubuntu 13.3.0-6ubuntu2~24.04) 13.3.0
* running under: Ubuntu 24.04.3 LTS
* using session charset: UTF-8
* checking for file ‘rifi/DESCRIPTION’ ... OK
* this is package ‘rifi’ version ‘1.15.0’
* package encoding: UTF-8
* checking package namespace information ... OK
* checking package dependencies ... OK
* checking if this is a source package ... OK
* checking if there is a namespace ... OK
* checking for hidden files and directories ... NOTE
Found the following hidden files and directories:
.BBSoptions
R/.ipynb_checkpoints
vignettes/.ipynb_checkpoints
These were most likely included in error. See section ‘Package
structure’ in the ‘Writing R Extensions’ manual.
* checking for portable file names ... OK
* checking for sufficient/correct file permissions ... OK
* checking whether package ‘rifi’ can be installed ... WARNING
Found the following significant warnings:
Note: next used in wrong context: no loop is visible
Warning: /home/biocbuild/bbs-3.23-bioc/meat/rifi/man/apply_Ttest_delay.Rd:55: unexpected '}'
Warning: /home/biocbuild/bbs-3.23-bioc/meat/rifi/man/predict_ps_itss.Rd:57: unexpected '}'
See ‘/home/biocbuild/bbs-3.23-bioc/meat/rifi.Rcheck/00install.out’ for details.
Information on the location(s) of code generating the ‘Note’s can be
obtained by re-running with environment variable R_KEEP_PKG_SOURCE set
to ‘yes’.
* checking installed package size ... OK
* checking package directory ... OK
* checking ‘build’ directory ... OK
* checking DESCRIPTION meta-information ...Warning: /home/biocbuild/bbs-3.23-bioc/meat/rifi.Rcheck/00_pkg_src/rifi/man/apply_Ttest_delay.Rd:55: unexpected '}'
Warning: /home/biocbuild/bbs-3.23-bioc/meat/rifi.Rcheck/00_pkg_src/rifi/man/predict_ps_itss.Rd:57: unexpected '}'
OK
* checking top-level files ... OK
* checking for left-over files ... OK
* checking index information ... OK
* checking package subdirectories ... OK
* checking code files for non-ASCII characters ... OK
* checking R files for syntax errors ... OK
* checking whether the package can be loaded ... OK
* checking whether the package can be loaded with stated dependencies ... OK
* checking whether the package can be unloaded cleanly ... OK
* checking whether the namespace can be loaded with stated dependencies ... OK
* checking whether the namespace can be unloaded cleanly ... OK
* checking loading without being on the library search path ... OK
* checking dependencies in R code ... OK
* checking S3 generic/method consistency ... OK
* checking replacement functions ... OK
* checking foreign function calls ... OK
* checking R code for possible problems ... OK
* checking Rd files ... WARNING
prepare_Rd: ./man/apply_Ttest_delay.Rd:55: unexpected '}'
prepare_Rd: ./man/predict_ps_itss.Rd:57: unexpected '}'
* checking Rd metadata ... OK
* checking Rd cross-references ...Warning: /home/biocbuild/bbs-3.23-bioc/meat/rifi.Rcheck/00_pkg_src/rifi/man/apply_Ttest_delay.Rd:55: unexpected '}'
Warning: /home/biocbuild/bbs-3.23-bioc/meat/rifi.Rcheck/00_pkg_src/rifi/man/predict_ps_itss.Rd:57: unexpected '}'
OK
* checking for missing documentation entries ... OK
* checking for code/documentation mismatches ... OK
* checking Rd \usage sections ... OK
* checking Rd contents ... OK
* checking for unstated dependencies in examples ... OK
* checking contents of ‘data’ directory ... OK
* checking data for non-ASCII characters ... OK
* checking data for ASCII and uncompressed saves ... OK
* checking files in ‘vignettes’ ... OK
* checking examples ... OK
Examples with CPU (user + system) or elapsed time > 5s
user system elapsed
rifi_wrapper 97.304 79.618 129.520
rifi_penalties 46.592 42.106 69.233
nls2_fit 36.051 1.584 23.542
rifi_visualization 27.524 1.771 29.298
rifi_fit 22.777 0.659 23.442
make_pen 8.698 7.839 12.939
TI_fit 11.109 1.931 7.411
* checking for unstated dependencies in vignettes ... OK
* checking package vignettes ... OK
* checking re-building of vignette outputs ... OK
* checking PDF version of manual ... OK
* DONE
Status: 2 WARNINGs, 1 NOTE
See
‘/home/biocbuild/bbs-3.23-bioc/meat/rifi.Rcheck/00check.log’
for details.
rifi.Rcheck/00install.out
############################################################################## ############################################################################## ### ### Running command: ### ### /home/biocbuild/bbs-3.23-bioc/R/bin/R CMD INSTALL rifi ### ############################################################################## ############################################################################## * installing to library ‘/home/biocbuild/bbs-3.23-bioc/R/site-library’ * installing *source* package ‘rifi’ ... ** this is package ‘rifi’ version ‘1.15.0’ ** using staged installation ** R ** data ** inst ** byte-compile and prepare package for lazy loading Note: next used in wrong context: no loop is visible ** help Warning: /home/biocbuild/bbs-3.23-bioc/meat/rifi/man/apply_Ttest_delay.Rd:55: unexpected '}' Warning: /home/biocbuild/bbs-3.23-bioc/meat/rifi/man/predict_ps_itss.Rd:57: unexpected '}' *** installing help indices ** building package indices ** installing vignettes ** testing if installed package can be loaded from temporary location ** testing if installed package can be loaded from final location ** testing if installed package keeps a record of temporary installation path * DONE (rifi)
rifi.Rcheck/rifi-Ex.timings
| name | user | system | elapsed | |
| TI_fit | 11.109 | 1.931 | 7.411 | |
| TUgether | 0.423 | 0.180 | 0.539 | |
| apply_Ttest_delay | 0.105 | 0.018 | 0.123 | |
| apply_ancova | 0.305 | 0.046 | 0.352 | |
| apply_event_position | 0.094 | 0.023 | 0.117 | |
| apply_manova | 0.667 | 0.063 | 0.729 | |
| apply_t_test | 1.650 | 0.228 | 1.883 | |
| apply_t_test_ti | 0.153 | 0.001 | 0.154 | |
| check_input | 0.316 | 0.000 | 0.317 | |
| dataframe_summary | 0.093 | 0.002 | 0.096 | |
| dataframe_summary_TI | 0.050 | 0.001 | 0.051 | |
| dataframe_summary_events | 0.673 | 0.016 | 0.690 | |
| dataframe_summary_events_HL_int | 0.529 | 0.026 | 0.556 | |
| dataframe_summary_events_ps_itss | 0.208 | 0.006 | 0.213 | |
| dataframe_summary_events_velocity | 0.219 | 0.018 | 0.237 | |
| event_dataframe | 0.675 | 0.046 | 0.720 | |
| finding_PDD | 0.207 | 0.150 | 0.282 | |
| finding_TI | 0.324 | 0.162 | 0.432 | |
| fold_change | 2.726 | 0.114 | 2.841 | |
| fragment_HL | 0.531 | 0.199 | 0.626 | |
| fragment_TI | 0.382 | 0.026 | 0.408 | |
| fragment_delay | 0.904 | 0.253 | 1.058 | |
| fragment_inty | 0.559 | 0.202 | 0.707 | |
| gff3_preprocess | 0.511 | 0.067 | 0.585 | |
| make_df | 0.801 | 0.458 | 0.788 | |
| make_pen | 8.698 | 7.839 | 12.939 | |
| nls2_fit | 36.051 | 1.584 | 23.542 | |
| predict_ps_itss | 0.247 | 0.043 | 0.290 | |
| rifi_fit | 22.777 | 0.659 | 23.442 | |
| rifi_fragmentation | 2.775 | 0.881 | 3.337 | |
| rifi_penalties | 46.592 | 42.106 | 69.233 | |
| rifi_preprocess | 1.616 | 0.667 | 1.751 | |
| rifi_stats | 2.901 | 0.150 | 3.051 | |
| rifi_summary | 1.815 | 0.073 | 1.888 | |
| rifi_visualization | 27.524 | 1.771 | 29.298 | |
| rifi_wrapper | 97.304 | 79.618 | 129.520 | |
| segment_pos | 0.164 | 0.002 | 0.165 | |
| viz_pen_obj | 0.010 | 0.000 | 0.009 | |