Back to Multiple platform build/check report for BioC 3.23:   simplified   long
ABCDEFGHIJKL[M]NOPQRSTUVWXYZ

This page was generated on 2025-11-14 11:36 -0500 (Fri, 14 Nov 2025).

HostnameOSArch (*)R versionInstalled pkgs
nebbiolo1Linux (Ubuntu 24.04.3 LTS)x86_64R Under development (unstable) (2025-10-20 r88955) -- "Unsuffered Consequences" 4825
kjohnson3macOS 13.7.7 Venturaarm64R Under development (unstable) (2025-11-04 r88984) -- "Unsuffered Consequences" 4547
Click on any hostname to see more info about the system (e.g. compilers)      (*) as reported by 'uname -p', except on Windows and Mac OS X

Package 1211/2325HostnameOS / ArchINSTALLBUILDCHECKBUILD BIN
memes 1.19.0  (landing page)
Spencer Nystrom
Snapshot Date: 2025-11-13 13:40 -0500 (Thu, 13 Nov 2025)
git_url: https://git.bioconductor.org/packages/memes
git_branch: devel
git_last_commit: 7e64767
git_last_commit_date: 2025-10-29 11:07:17 -0500 (Wed, 29 Oct 2025)
nebbiolo1Linux (Ubuntu 24.04.3 LTS) / x86_64  OK    OK    WARNINGS  UNNEEDED, same version is already published
kjohnson3macOS 13.7.7 Ventura / arm64  OK    OK    WARNINGS    OK  NO, package depends on 'GenomicRanges' which is only available as a source package that needs compilation


CHECK results for memes on kjohnson3

To the developers/maintainers of the memes package:
- Allow up to 24 hours (and sometimes 48 hours) for your latest push to git@git.bioconductor.org:packages/memes.git to reflect on this report. See Troubleshooting Build Report for more information.
- Use the following Renviron settings to reproduce errors and warnings.
- If 'R CMD check' started to fail recently on the Linux builder(s) over a missing dependency, add the missing dependency to 'Suggests:' in your DESCRIPTION file. See Renviron.bioc for more information.

raw results


Summary

Package: memes
Version: 1.19.0
Command: /Library/Frameworks/R.framework/Resources/bin/R CMD check --install=check:memes.install-out.txt --library=/Library/Frameworks/R.framework/Resources/library --no-vignettes --timings memes_1.19.0.tar.gz
StartedAt: 2025-11-13 20:52:11 -0500 (Thu, 13 Nov 2025)
EndedAt: 2025-11-13 20:53:10 -0500 (Thu, 13 Nov 2025)
EllapsedTime: 58.7 seconds
RetCode: 0
Status:   WARNINGS  
CheckDir: memes.Rcheck
Warnings: 2

Command output

##############################################################################
##############################################################################
###
### Running command:
###
###   /Library/Frameworks/R.framework/Resources/bin/R CMD check --install=check:memes.install-out.txt --library=/Library/Frameworks/R.framework/Resources/library --no-vignettes --timings memes_1.19.0.tar.gz
###
##############################################################################
##############################################################################


* using log directory ‘/Users/biocbuild/bbs-3.23-bioc/meat/memes.Rcheck’
* using R Under development (unstable) (2025-11-04 r88984)
* using platform: aarch64-apple-darwin20
* R was compiled by
    Apple clang version 16.0.0 (clang-1600.0.26.6)
    GNU Fortran (GCC) 14.2.0
* running under: macOS Ventura 13.7.8
* using session charset: UTF-8
* using option ‘--no-vignettes’
* checking for file ‘memes/DESCRIPTION’ ... OK
* checking extension type ... Package
* this is package ‘memes’ version ‘1.19.0’
* package encoding: UTF-8
* checking package namespace information ... OK
* checking package dependencies ... OK
* checking if this is a source package ... OK
* checking if there is a namespace ... OK
* checking for hidden files and directories ... OK
* checking for portable file names ... OK
* checking for sufficient/correct file permissions ... OK
* checking whether package ‘memes’ can be installed ... OK
* checking installed package size ... OK
* checking package directory ... OK
* checking ‘build’ directory ... OK
* checking DESCRIPTION meta-information ... OK
* checking top-level files ... OK
* checking for left-over files ... OK
* checking index information ... OK
* checking package subdirectories ... OK
* checking code files for non-ASCII characters ... OK
* checking R files for syntax errors ... OK
* checking whether the package can be loaded ... OK
* checking whether the package can be loaded with stated dependencies ... OK
* checking whether the package can be unloaded cleanly ... OK
* checking whether the namespace can be loaded with stated dependencies ... OK
* checking whether the namespace can be unloaded cleanly ... OK
* checking dependencies in R code ... WARNING
Missing or unexported objects:
  ‘plyranges::mutate’ ‘plyranges::select’
* checking S3 generic/method consistency ... WARNING
motif_input:
  function(x, ...)
motif_input.universalmotif_df:
  function(input, path)

motif_input:
  function(x, ...)
motif_input.universalmotif:
  function(input, path)

motif_input:
  function(x, ...)
motif_input.list:
  function(input, path)

motif_input:
  function(x, ...)
motif_input.character:
  function(input, path)

motif_input:
  function(x, ...)
motif_input.data.frame:
  function(input, path)

sequence_input:
  function(x)
sequence_input.DNAStringSet:
  function(input)

sequence_input:
  function(x)
sequence_input.character:
  function(input)

sequence_input:
  function(x)
sequence_input.BStringSet:
  function(input)

sequence_input:
  function(x)
sequence_input.AAStringSet:
  function(input)
See section ‘Generic functions and methods’ in the ‘Writing R
Extensions’ manual.
* checking replacement functions ... OK
* checking foreign function calls ... OK
* checking R code for possible problems ... OK
* checking Rd files ... NOTE
checkRd: (-1) runTomTom.Rd:51: Lost braces; missing escapes or markup?
    51 | \item{...}{additional flags passed to tomtom using {cmdfun} formating (see table below for details)}
       |                                                    ^
* checking Rd metadata ... OK
* checking Rd cross-references ... OK
* checking for missing documentation entries ... OK
* checking for code/documentation mismatches ... OK
* checking Rd \usage sections ... OK
* checking Rd contents ... OK
* checking for unstated dependencies in examples ... OK
* checking contents of ‘data’ directory ... OK
* checking data for non-ASCII characters ... OK
* checking LazyData ... OK
* checking data for ASCII and uncompressed saves ... OK
* checking files in ‘vignettes’ ... OK
* checking examples ... OK
* checking for unstated dependencies in vignettes ... OK
* checking package vignettes ... OK
* checking running R code from vignettes ... SKIPPED
* checking re-building of vignette outputs ... SKIPPED
* checking PDF version of manual ... OK
* DONE

Status: 2 WARNINGs, 1 NOTE
See
  ‘/Users/biocbuild/bbs-3.23-bioc/meat/memes.Rcheck/00check.log’
for details.


Installation output

memes.Rcheck/00install.out

##############################################################################
##############################################################################
###
### Running command:
###
###   /Library/Frameworks/R.framework/Resources/bin/R CMD INSTALL memes
###
##############################################################################
##############################################################################


* installing to library ‘/Library/Frameworks/R.framework/Versions/4.6-arm64/Resources/library’
* installing *source* package ‘memes’ ...
** this is package ‘memes’ version ‘1.19.0’
** using staged installation
** R
** data
*** moving datasets to lazyload DB
** inst
** byte-compile and prepare package for lazy loading
** help
*** installing help indices
*** copying figures
** building package indices
** installing vignettes
** testing if installed package can be loaded from temporary location
** testing if installed package can be loaded from final location
** testing if installed package keeps a record of temporary installation path
* DONE (memes)

Tests output


Example timings

memes.Rcheck/memes-Ex.timings

nameusersystemelapsed
add_sequence3.3530.0863.669
ame_compare_heatmap_methods0.5350.0190.611
check_meme_install0.1950.0050.214
drop_best_match0.0020.0010.003
example_ame0.0220.0010.022
example_ame_large0.0130.0000.013
force_best_match0.0160.0010.017
get_sequence0.1230.0150.157
has_duplicate_motifs0.0780.0050.095
importAme0.0790.0230.121
importDremeXML0.0870.0030.089
importFimo0.0120.0060.018
importMeme0.0340.0010.038
importStremeXML0.0710.0010.076
importTomTomXML0.1550.0010.173
meme_is_installed0.0160.0010.017
nest_tomtom0.0150.0000.015
plot_ame_heatmap0.6990.0080.773
plot_sequence_heatmap1.2590.0321.443
remove_duplicate_motifs0.0010.0000.001
runAme0.0240.0010.072
runDreme0.0150.0000.015
runFimo0.0220.0000.052
runMeme0.0150.0000.014
runTomTom0.0150.0000.015
update_best_match0.0210.0010.022
view_tomtom_hits0.4070.0020.429
write_fasta0.0010.0000.001