| Back to Multiple platform build/check report for BioC 3.22: simplified long |
|
This page was generated on 2025-11-20 12:05 -0500 (Thu, 20 Nov 2025).
| Hostname | OS | Arch (*) | R version | Installed pkgs |
|---|---|---|---|---|
| nebbiolo2 | Linux (Ubuntu 24.04.3 LTS) | x86_64 | 4.5.2 (2025-10-31) -- "[Not] Part in a Rumble" | 4615 |
| merida1 | macOS 12.7.6 Monterey | x86_64 | 4.5.2 Patched (2025-11-05 r88990) -- "[Not] Part in a Rumble" | 4610 |
| kjohnson1 | macOS 13.7.5 Ventura | arm64 | 4.5.2 Patched (2025-11-04 r88984) -- "[Not] Part in a Rumble" | 4598 |
| taishan | Linux (openEuler 24.03 LTS) | aarch64 | 4.5.0 (2025-04-11) -- "How About a Twenty-Six" | 4668 |
| Click on any hostname to see more info about the system (e.g. compilers) (*) as reported by 'uname -p', except on Windows and Mac OS X | ||||
| Package 2248/2361 | Hostname | OS / Arch | INSTALL | BUILD | CHECK | BUILD BIN | ||||||||
| transcriptR 1.38.0 (landing page) Armen R. Karapetyan
| nebbiolo2 | Linux (Ubuntu 24.04.3 LTS) / x86_64 | OK | OK | ERROR | |||||||||
| merida1 | macOS 12.7.6 Monterey / x86_64 | OK | OK | ERROR | OK | |||||||||
| kjohnson1 | macOS 13.7.5 Ventura / arm64 | OK | OK | ERROR | OK | |||||||||
| taishan | Linux (openEuler 24.03 LTS) / aarch64 | OK | OK | ERROR | ||||||||||
|
To the developers/maintainers of the transcriptR package: - Allow up to 24 hours (and sometimes 48 hours) for your latest push to git@git.bioconductor.org:packages/transcriptR.git to reflect on this report. See Troubleshooting Build Report for more information. - Use the following Renviron settings to reproduce errors and warnings. - If 'R CMD check' started to fail recently on the Linux builder(s) over a missing dependency, add the missing dependency to 'Suggests:' in your DESCRIPTION file. See Renviron.bioc for more information. |
| Package: transcriptR |
| Version: 1.38.0 |
| Command: /Library/Frameworks/R.framework/Resources/bin/R CMD check --install=check:transcriptR.install-out.txt --library=/Library/Frameworks/R.framework/Resources/library --no-vignettes --timings transcriptR_1.38.0.tar.gz |
| StartedAt: 2025-11-18 16:05:06 -0500 (Tue, 18 Nov 2025) |
| EndedAt: 2025-11-18 16:19:47 -0500 (Tue, 18 Nov 2025) |
| EllapsedTime: 880.7 seconds |
| RetCode: 1 |
| Status: ERROR |
| CheckDir: transcriptR.Rcheck |
| Warnings: NA |
##############################################################################
##############################################################################
###
### Running command:
###
### /Library/Frameworks/R.framework/Resources/bin/R CMD check --install=check:transcriptR.install-out.txt --library=/Library/Frameworks/R.framework/Resources/library --no-vignettes --timings transcriptR_1.38.0.tar.gz
###
##############################################################################
##############################################################################
* using log directory ‘/Users/biocbuild/bbs-3.22-bioc/meat/transcriptR.Rcheck’
* using R version 4.5.2 Patched (2025-11-05 r88990)
* using platform: x86_64-apple-darwin20
* R was compiled by
Apple clang version 14.0.0 (clang-1400.0.29.202)
GNU Fortran (GCC) 14.2.0
* running under: macOS Monterey 12.7.6
* using session charset: UTF-8
* using option ‘--no-vignettes’
* checking for file ‘transcriptR/DESCRIPTION’ ... OK
* checking extension type ... Package
* this is package ‘transcriptR’ version ‘1.38.0’
* checking package namespace information ... OK
* checking package dependencies ... OK
* checking if this is a source package ... OK
* checking if there is a namespace ... OK
* checking for hidden files and directories ... OK
* checking for portable file names ... OK
* checking for sufficient/correct file permissions ... OK
* checking whether package ‘transcriptR’ can be installed ... WARNING
Found the following significant warnings:
Warning: replacing previous import ‘e1071::element’ by ‘ggplot2::element’ when loading ‘transcriptR’
See ‘/Users/biocbuild/bbs-3.22-bioc/meat/transcriptR.Rcheck/00install.out’ for details.
* checking installed package size ... OK
* checking package directory ... OK
* checking ‘build’ directory ... OK
* checking DESCRIPTION meta-information ... OK
* checking top-level files ... OK
* checking for left-over files ... OK
* checking index information ... OK
* checking package subdirectories ... OK
* checking code files for non-ASCII characters ... OK
* checking R files for syntax errors ... OK
* checking whether the package can be loaded ... OK
* checking whether the package can be loaded with stated dependencies ... OK
* checking whether the package can be unloaded cleanly ... OK
* checking whether the namespace can be loaded with stated dependencies ... OK
* checking whether the namespace can be unloaded cleanly ... OK
* checking dependencies in R code ... OK
* checking S3 generic/method consistency ... OK
* checking replacement functions ... OK
* checking foreign function calls ... OK
* checking R code for possible problems ... OK
* checking Rd files ... OK
* checking Rd metadata ... OK
* checking Rd cross-references ... NOTE
Found the following Rd file(s) with Rd \link{} targets missing package
anchors:
annot.Rd: GRanges
plotROC-methods.Rd: pROC
transcriptsToBed-methods.Rd: GRanges
Please provide package anchors for all Rd \link{} targets not in the
package itself and the base packages.
* checking for missing documentation entries ... OK
* checking for code/documentation mismatches ... OK
* checking Rd \usage sections ... OK
* checking Rd contents ... OK
* checking for unstated dependencies in examples ... OK
* checking contents of ‘data’ directory ... OK
* checking data for non-ASCII characters ... OK
* checking data for ASCII and uncompressed saves ... OK
* checking files in ‘vignettes’ ... OK
* checking examples ... OK
Examples with CPU (user + system) or elapsed time > 5s
user system elapsed
breakTranscriptsByPeaks-methods 14.751 0.574 16.021
predictStrand-methods 8.705 0.241 9.442
peaksToBed-methods 7.716 0.267 8.313
plotFeatures-methods 6.973 0.071 7.230
* checking for unstated dependencies in ‘tests’ ... OK
* checking tests ...
Running ‘testthat.R’
ERROR
Running the tests in ‘tests/testthat.R’ failed.
Last 13 lines of output:
── Failure ('test-TranscriptionDataSet-methods.R:25:9'): estimateGapDistance works ──
Expected `gd.min` to equal 6900.
Differences:
1/1 mismatches
[1] 7000 - 6900 == 100
── Failure ('test-TranscriptionDataSet-methods.R:51:9'): detectTranscripts works ──
Expected `length(getTranscripts(tds))` to equal 274.
Differences:
1/1 mismatches
[1] 262 - 274 == -12
[ FAIL 2 | WARN 0 | SKIP 0 | PASS 85 ]
Error:
! Test failures.
Execution halted
* checking for unstated dependencies in vignettes ... OK
* checking package vignettes ... OK
* checking running R code from vignettes ... SKIPPED
* checking re-building of vignette outputs ... SKIPPED
* checking PDF version of manual ... OK
* DONE
Status: 1 ERROR, 1 WARNING, 1 NOTE
See
‘/Users/biocbuild/bbs-3.22-bioc/meat/transcriptR.Rcheck/00check.log’
for details.
transcriptR.Rcheck/00install.out
############################################################################## ############################################################################## ### ### Running command: ### ### /Library/Frameworks/R.framework/Resources/bin/R CMD INSTALL transcriptR ### ############################################################################## ############################################################################## * installing to library ‘/Library/Frameworks/R.framework/Versions/4.5-x86_64/Resources/library’ * installing *source* package ‘transcriptR’ ... ** this is package ‘transcriptR’ version ‘1.38.0’ ** using staged installation ** R ** data ** inst ** byte-compile and prepare package for lazy loading Warning: replacing previous import ‘e1071::element’ by ‘ggplot2::element’ when loading ‘transcriptR’ ** help *** installing help indices ** building package indices ** installing vignettes ** testing if installed package can be loaded from temporary location Warning: replacing previous import ‘e1071::element’ by ‘ggplot2::element’ when loading ‘transcriptR’ ** testing if installed package can be loaded from final location Warning: replacing previous import ‘e1071::element’ by ‘ggplot2::element’ when loading ‘transcriptR’ ** testing if installed package keeps a record of temporary installation path * DONE (transcriptR)
transcriptR.Rcheck/tests/testthat.Rout.fail
R version 4.5.2 Patched (2025-11-05 r88990) -- "[Not] Part in a Rumble"
Copyright (C) 2025 The R Foundation for Statistical Computing
Platform: x86_64-apple-darwin20
R is free software and comes with ABSOLUTELY NO WARRANTY.
You are welcome to redistribute it under certain conditions.
Type 'license()' or 'licence()' for distribution details.
R is a collaborative project with many contributors.
Type 'contributors()' for more information and
'citation()' on how to cite R or R packages in publications.
Type 'demo()' for some demos, 'help()' for on-line help, or
'help.start()' for an HTML browser interface to help.
Type 'q()' to quit R.
> library(testthat)
> library(transcriptR)
Warning message:
replacing previous import 'e1071::element' by 'ggplot2::element' when loading 'transcriptR'
>
> test_check("transcriptR")
Saving _problems/test-TranscriptionDataSet-methods-25.R
Saving _problems/test-TranscriptionDataSet-methods-51.R
[ FAIL 2 | WARN 0 | SKIP 0 | PASS 85 ]
══ Failed tests ════════════════════════════════════════════════════════════════
── Failure ('test-TranscriptionDataSet-methods.R:25:9'): estimateGapDistance works ──
Expected `gd.min` to equal 6900.
Differences:
1/1 mismatches
[1] 7000 - 6900 == 100
── Failure ('test-TranscriptionDataSet-methods.R:51:9'): detectTranscripts works ──
Expected `length(getTranscripts(tds))` to equal 274.
Differences:
1/1 mismatches
[1] 262 - 274 == -12
[ FAIL 2 | WARN 0 | SKIP 0 | PASS 85 ]
Error:
! Test failures.
Execution halted
transcriptR.Rcheck/transcriptR-Ex.timings
| name | user | system | elapsed | |
| addFeature-methods | 0.180 | 0.010 | 0.192 | |
| annotateTranscripts-methods | 4.267 | 0.116 | 4.486 | |
| breakTranscriptsByPeaks-methods | 14.751 | 0.574 | 16.021 | |
| constructCDS | 0.005 | 0.007 | 0.012 | |
| constructTDS | 0.268 | 0.012 | 0.283 | |
| detectTranscripts-methods | 2.267 | 0.069 | 2.403 | |
| estimateBackground-methods | 0.462 | 0.031 | 0.520 | |
| estimateGapDistance-methods | 1.785 | 0.056 | 1.881 | |
| exportCoverage-methods | 0.268 | 0.014 | 0.300 | |
| getConfusionMatrix-methods | 0.004 | 0.006 | 0.010 | |
| getGenomicAnnot-methods | 0.006 | 0.006 | 0.012 | |
| getPeaks-methods | 0.046 | 0.009 | 0.060 | |
| getPredictorSignificance-methods | 0.004 | 0.006 | 0.011 | |
| getProbTreshold-methods | 0.004 | 0.006 | 0.010 | |
| getQuadProb-methods | 0.266 | 0.019 | 0.321 | |
| getTestedGapDistances-methods | 0.279 | 0.015 | 0.319 | |
| getTranscripts-methods | 0.274 | 0.015 | 0.335 | |
| peaksToBed-methods | 7.716 | 0.267 | 8.313 | |
| plotErrorRate-methods | 1.773 | 0.030 | 1.897 | |
| plotFeatures-methods | 6.973 | 0.071 | 7.230 | |
| plotGenomicAnnot-methods | 1.777 | 0.016 | 1.902 | |
| plotROC-methods | 1.349 | 0.028 | 1.406 | |
| predictStrand-methods | 8.705 | 0.241 | 9.442 | |
| predictTssOverlap-methods | 1.375 | 0.057 | 1.466 | |
| show | 0.270 | 0.012 | 0.284 | |
| transcriptsToBed-methods | 2.255 | 0.072 | 2.388 | |