| Back to Multiple platform build/check report for BioC 3.22: simplified long |
|
This page was generated on 2025-10-21 12:08 -0400 (Tue, 21 Oct 2025).
| Hostname | OS | Arch (*) | R version | Installed pkgs |
|---|---|---|---|---|
| nebbiolo2 | Linux (Ubuntu 24.04.3 LTS) | x86_64 | 4.5.1 Patched (2025-08-23 r88802) -- "Great Square Root" | 4887 |
| lconway | macOS 12.7.6 Monterey | x86_64 | 4.5.1 Patched (2025-09-10 r88807) -- "Great Square Root" | 4677 |
| kjohnson3 | macOS 13.7.7 Ventura | arm64 | 4.5.1 Patched (2025-09-10 r88807) -- "Great Square Root" | 4622 |
| taishan | Linux (openEuler 24.03 LTS) | aarch64 | 4.5.0 (2025-04-11) -- "How About a Twenty-Six" | 4642 |
| Click on any hostname to see more info about the system (e.g. compilers) (*) as reported by 'uname -p', except on Windows and Mac OS X | ||||
| Package 2240/2353 | Hostname | OS / Arch | INSTALL | BUILD | CHECK | BUILD BIN | ||||||||
| transcriptR 1.37.0 (landing page) Armen R. Karapetyan
| nebbiolo2 | Linux (Ubuntu 24.04.3 LTS) / x86_64 | OK | OK | ERROR | |||||||||
| lconway | macOS 12.7.6 Monterey / x86_64 | OK | OK | ERROR | OK | |||||||||
| kjohnson3 | macOS 13.7.7 Ventura / arm64 | OK | OK | ERROR | OK | |||||||||
| taishan | Linux (openEuler 24.03 LTS) / aarch64 | OK | OK | ERROR | ||||||||||
|
To the developers/maintainers of the transcriptR package: - Allow up to 24 hours (and sometimes 48 hours) for your latest push to git@git.bioconductor.org:packages/transcriptR.git to reflect on this report. See Troubleshooting Build Report for more information. - Use the following Renviron settings to reproduce errors and warnings. - If 'R CMD check' started to fail recently on the Linux builder(s) over a missing dependency, add the missing dependency to 'Suggests:' in your DESCRIPTION file. See Renviron.bioc for more information. - See Martin Grigorov's blog post for how to debug Linux ARM64 related issues on a x86_64 host. |
| Package: transcriptR |
| Version: 1.37.0 |
| Command: /home/biocbuild/R/R/bin/R CMD check --install=check:transcriptR.install-out.txt --library=/home/biocbuild/R/R/site-library --no-vignettes --timings transcriptR_1.37.0.tar.gz |
| StartedAt: 2025-10-17 14:36:31 -0000 (Fri, 17 Oct 2025) |
| EndedAt: 2025-10-17 14:46:29 -0000 (Fri, 17 Oct 2025) |
| EllapsedTime: 598.4 seconds |
| RetCode: 1 |
| Status: ERROR |
| CheckDir: transcriptR.Rcheck |
| Warnings: NA |
##############################################################################
##############################################################################
###
### Running command:
###
### /home/biocbuild/R/R/bin/R CMD check --install=check:transcriptR.install-out.txt --library=/home/biocbuild/R/R/site-library --no-vignettes --timings transcriptR_1.37.0.tar.gz
###
##############################################################################
##############################################################################
* using log directory ‘/home/biocbuild/bbs-3.22-bioc/meat/transcriptR.Rcheck’
* using R version 4.5.0 (2025-04-11)
* using platform: aarch64-unknown-linux-gnu
* R was compiled by
aarch64-unknown-linux-gnu-gcc (GCC) 14.2.0
GNU Fortran (GCC) 14.2.0
* running under: openEuler 24.03 (LTS)
* using session charset: UTF-8
* using option ‘--no-vignettes’
* checking for file ‘transcriptR/DESCRIPTION’ ... OK
* checking extension type ... Package
* this is package ‘transcriptR’ version ‘1.37.0’
* checking package namespace information ... OK
* checking package dependencies ... OK
* checking if this is a source package ... OK
* checking if there is a namespace ... OK
* checking for hidden files and directories ... OK
* checking for portable file names ... OK
* checking for sufficient/correct file permissions ... OK
* checking whether package ‘transcriptR’ can be installed ... WARNING
Found the following significant warnings:
Warning: replacing previous import ‘e1071::element’ by ‘ggplot2::element’ when loading ‘transcriptR’
See ‘/home/biocbuild/bbs-3.22-bioc/meat/transcriptR.Rcheck/00install.out’ for details.
* checking installed package size ... OK
* checking package directory ... OK
* checking ‘build’ directory ... OK
* checking DESCRIPTION meta-information ... OK
* checking top-level files ... OK
* checking for left-over files ... OK
* checking index information ... OK
* checking package subdirectories ... OK
* checking code files for non-ASCII characters ... OK
* checking R files for syntax errors ... OK
* checking whether the package can be loaded ... OK
* checking whether the package can be loaded with stated dependencies ... OK
* checking whether the package can be unloaded cleanly ... OK
* checking whether the namespace can be loaded with stated dependencies ... OK
* checking whether the namespace can be unloaded cleanly ... OK
* checking loading without being on the library search path ... OK
* checking dependencies in R code ... OK
* checking S3 generic/method consistency ... OK
* checking replacement functions ... OK
* checking foreign function calls ... OK
* checking R code for possible problems ... OK
* checking Rd files ... OK
* checking Rd metadata ... OK
* checking Rd cross-references ... NOTE
Found the following Rd file(s) with Rd \link{} targets missing package
anchors:
annot.Rd: GRanges
plotROC-methods.Rd: pROC
transcriptsToBed-methods.Rd: GRanges
Please provide package anchors for all Rd \link{} targets not in the
package itself and the base packages.
* checking for missing documentation entries ... OK
* checking for code/documentation mismatches ... OK
* checking Rd \usage sections ... OK
* checking Rd contents ... OK
* checking for unstated dependencies in examples ... OK
* checking contents of ‘data’ directory ... OK
* checking data for non-ASCII characters ... OK
* checking data for ASCII and uncompressed saves ... OK
* checking files in ‘vignettes’ ... OK
* checking examples ... OK
Examples with CPU (user + system) or elapsed time > 5s
user system elapsed
breakTranscriptsByPeaks-methods 9.589 0.323 9.943
predictStrand-methods 5.033 0.144 5.202
peaksToBed-methods 4.980 0.135 5.130
* checking for unstated dependencies in ‘tests’ ... OK
* checking tests ...
Running ‘testthat.R’
ERROR
Running the tests in ‘tests/testthat.R’ failed.
Last 13 lines of output:
[ FAIL 2 | WARN 0 | SKIP 0 | PASS 85 ]
══ Failed tests ════════════════════════════════════════════════════════════════
── Failure ('test-TranscriptionDataSet-methods.R:25:9'): estimateGapDistance works ──
`gd.min` not equal to 6900.
1/1 mismatches
[1] 7000 - 6900 == 100
── Failure ('test-TranscriptionDataSet-methods.R:51:9'): detectTranscripts works ──
length(getTranscripts(tds)) not equal to 274.
1/1 mismatches
[1] 262 - 274 == -12
[ FAIL 2 | WARN 0 | SKIP 0 | PASS 85 ]
Error: Test failures
Execution halted
* checking for unstated dependencies in vignettes ... OK
* checking package vignettes ... OK
* checking running R code from vignettes ... SKIPPED
* checking re-building of vignette outputs ... SKIPPED
* checking PDF version of manual ... OK
* DONE
Status: 1 ERROR, 1 WARNING, 1 NOTE
See
‘/home/biocbuild/bbs-3.22-bioc/meat/transcriptR.Rcheck/00check.log’
for details.
transcriptR.Rcheck/00install.out
############################################################################## ############################################################################## ### ### Running command: ### ### /home/biocbuild/R/R/bin/R CMD INSTALL transcriptR ### ############################################################################## ############################################################################## * installing to library ‘/home/biocbuild/R/R-4.5.0/site-library’ * installing *source* package ‘transcriptR’ ... ** this is package ‘transcriptR’ version ‘1.37.0’ ** using staged installation ** R ** data ** inst ** byte-compile and prepare package for lazy loading Warning: replacing previous import ‘e1071::element’ by ‘ggplot2::element’ when loading ‘transcriptR’ ** help *** installing help indices ** building package indices ** installing vignettes ** testing if installed package can be loaded from temporary location Warning: replacing previous import ‘e1071::element’ by ‘ggplot2::element’ when loading ‘transcriptR’ ** testing if installed package can be loaded from final location Warning: replacing previous import ‘e1071::element’ by ‘ggplot2::element’ when loading ‘transcriptR’ ** testing if installed package keeps a record of temporary installation path * DONE (transcriptR)
transcriptR.Rcheck/tests/testthat.Rout.fail
R version 4.5.0 (2025-04-11) -- "How About a Twenty-Six"
Copyright (C) 2025 The R Foundation for Statistical Computing
Platform: aarch64-unknown-linux-gnu
R is free software and comes with ABSOLUTELY NO WARRANTY.
You are welcome to redistribute it under certain conditions.
Type 'license()' or 'licence()' for distribution details.
R is a collaborative project with many contributors.
Type 'contributors()' for more information and
'citation()' on how to cite R or R packages in publications.
Type 'demo()' for some demos, 'help()' for on-line help, or
'help.start()' for an HTML browser interface to help.
Type 'q()' to quit R.
> library(testthat)
> library(transcriptR)
Warning message:
replacing previous import 'e1071::element' by 'ggplot2::element' when loading 'transcriptR'
>
> test_check("transcriptR")
[ FAIL 2 | WARN 0 | SKIP 0 | PASS 85 ]
══ Failed tests ════════════════════════════════════════════════════════════════
── Failure ('test-TranscriptionDataSet-methods.R:25:9'): estimateGapDistance works ──
`gd.min` not equal to 6900.
1/1 mismatches
[1] 7000 - 6900 == 100
── Failure ('test-TranscriptionDataSet-methods.R:51:9'): detectTranscripts works ──
length(getTranscripts(tds)) not equal to 274.
1/1 mismatches
[1] 262 - 274 == -12
[ FAIL 2 | WARN 0 | SKIP 0 | PASS 85 ]
Error: Test failures
Execution halted
transcriptR.Rcheck/transcriptR-Ex.timings
| name | user | system | elapsed | |
| addFeature-methods | 0.116 | 0.016 | 0.133 | |
| annotateTranscripts-methods | 3.053 | 0.176 | 3.238 | |
| breakTranscriptsByPeaks-methods | 9.589 | 0.323 | 9.943 | |
| constructCDS | 0.000 | 0.004 | 0.004 | |
| constructTDS | 0.181 | 0.004 | 0.186 | |
| detectTranscripts-methods | 1.607 | 0.012 | 1.624 | |
| estimateBackground-methods | 0.394 | 0.008 | 0.403 | |
| estimateGapDistance-methods | 1.200 | 0.036 | 1.240 | |
| exportCoverage-methods | 0.178 | 0.004 | 0.183 | |
| getConfusionMatrix-methods | 0.002 | 0.000 | 0.003 | |
| getGenomicAnnot-methods | 0.005 | 0.000 | 0.005 | |
| getPeaks-methods | 0.032 | 0.000 | 0.032 | |
| getPredictorSignificance-methods | 0.003 | 0.000 | 0.002 | |
| getProbTreshold-methods | 0.002 | 0.000 | 0.003 | |
| getQuadProb-methods | 0.177 | 0.004 | 0.182 | |
| getTestedGapDistances-methods | 0.200 | 0.016 | 0.218 | |
| getTranscripts-methods | 0.183 | 0.000 | 0.183 | |
| peaksToBed-methods | 4.980 | 0.135 | 5.130 | |
| plotErrorRate-methods | 1.251 | 0.008 | 1.265 | |
| plotFeatures-methods | 4.349 | 0.028 | 4.395 | |
| plotGenomicAnnot-methods | 1.076 | 0.004 | 1.084 | |
| plotROC-methods | 0.857 | 0.016 | 0.875 | |
| predictStrand-methods | 5.033 | 0.144 | 5.202 | |
| predictTssOverlap-methods | 0.921 | 0.036 | 0.963 | |
| show | 0.175 | 0.008 | 0.183 | |
| transcriptsToBed-methods | 1.673 | 0.035 | 1.715 | |