Back to Multiple platform build/check report for BioC 3.22:   simplified   long
ABCDEFGHIJKLMNOPQR[S]TUVWXYZ

This page was generated on 2025-10-24 12:07 -0400 (Fri, 24 Oct 2025).

HostnameOSArch (*)R versionInstalled pkgs
nebbiolo2Linux (Ubuntu 24.04.3 LTS)x86_644.5.1 Patched (2025-08-23 r88802) -- "Great Square Root" 4898
lconwaymacOS 12.7.6 Montereyx86_644.5.1 Patched (2025-09-10 r88807) -- "Great Square Root" 4688
kjohnson3macOS 13.7.7 Venturaarm644.5.1 Patched (2025-09-10 r88807) -- "Great Square Root" 4634
taishanLinux (openEuler 24.03 LTS)aarch644.5.0 (2025-04-11) -- "How About a Twenty-Six" 4658
Click on any hostname to see more info about the system (e.g. compilers)      (*) as reported by 'uname -p', except on Windows and Mac OS X

Package 1930/2359HostnameOS / ArchINSTALLBUILDCHECKBUILD BIN
scLANE 0.99.999999  (landing page)
Jack R. Leary
Snapshot Date: 2025-10-23 14:17 -0400 (Thu, 23 Oct 2025)
git_url: https://git.bioconductor.org/packages/scLANE
git_branch: devel
git_last_commit: e17c8c7
git_last_commit_date: 2025-10-14 13:35:55 -0400 (Tue, 14 Oct 2025)
nebbiolo2Linux (Ubuntu 24.04.3 LTS) / x86_64  OK    ERROR  skipped
lconwaymacOS 12.7.6 Monterey / x86_64  OK    ERROR  skippedskipped
kjohnson3macOS 13.7.7 Ventura / arm64  OK    ERROR  skippedskipped
taishanLinux (openEuler 24.03 LTS) / aarch64  OK    OK    NA  


BUILD results for scLANE on kjohnson3

To the developers/maintainers of the scLANE package:
- Allow up to 24 hours (and sometimes 48 hours) for your latest push to git@git.bioconductor.org:packages/scLANE.git to reflect on this report. See Troubleshooting Build Report for more information.
- Use the following Renviron settings to reproduce errors and warnings.
- If 'R CMD check' started to fail recently on the Linux builder(s) over a missing dependency, add the missing dependency to 'Suggests:' in your DESCRIPTION file. See Renviron.bioc for more information.

raw results


Summary

Package: scLANE
Version: 0.99.999999
Command: /Library/Frameworks/R.framework/Resources/bin/R CMD build --keep-empty-dirs --no-resave-data scLANE
StartedAt: 2025-10-23 17:43:23 -0400 (Thu, 23 Oct 2025)
EndedAt: 2025-10-23 17:43:55 -0400 (Thu, 23 Oct 2025)
EllapsedTime: 32.4 seconds
RetCode: 1
Status:   ERROR  
PackageFile: None
PackageFileSize: NA

Command output

##############################################################################
##############################################################################
###
### Running command:
###
###   /Library/Frameworks/R.framework/Resources/bin/R CMD build --keep-empty-dirs --no-resave-data scLANE
###
##############################################################################
##############################################################################


* checking for file ‘scLANE/DESCRIPTION’ ... OK
* preparing ‘scLANE’:
* checking DESCRIPTION meta-information ... OK
* cleaning src
* installing the package to build vignettes
* creating vignettes ... ERROR
--- re-building ‘scLANE.Rmd’ using rmarkdown
2025-10-23 17:43:43.399 R[97954:532538986] XType: Using static font registry.

Quitting from scLANE.Rmd:303-313 [unnamed-chunk-17]
~~~~~~~~~~~~~~~~~~~~~~~~~~~~~~~~~~~~~~~~~~~~~~~~~~~~~~~~~~~~~~~~~~~~~~~~~~~~~~~~
<error/rlang_error>
Error in `gprofiler_request()`:
! There's an issue with your request to g:Profiler.
Error code: 503.
Please double check your input. If this doesn't help, then check your internet connection or contact us with a reproducible example on biit.support@ut.ee
---
Backtrace:
    ▆
 1. └─scLANE::enrichDynamicGenes(scLANE_de_res, species = "hsapiens")
 2.   └─gprofiler2::gost(...)
 3.     └─gprofiler2::get_version_info(organism = organism)
 4.       └─gprofiler2:::gprofiler_request(url, body)
~~~~~~~~~~~~~~~~~~~~~~~~~~~~~~~~~~~~~~~~~~~~~~~~~~~~~~~~~~~~~~~~~~~~~~~~~~~~~~~~

Error: processing vignette 'scLANE.Rmd' failed with diagnostics:
There's an issue with your request to g:Profiler.
Error code: 503.
Please double check your input. If this doesn't help, then check your internet connection or contact us with a reproducible example on biit.support@ut.ee
--- failed re-building ‘scLANE.Rmd’

SUMMARY: processing the following file failed:
  ‘scLANE.Rmd’

Error: Vignette re-building failed.
Execution halted