| Back to Multiple platform build/check report for BioC 3.22: simplified long |
|
This page was generated on 2025-10-24 12:06 -0400 (Fri, 24 Oct 2025).
| Hostname | OS | Arch (*) | R version | Installed pkgs |
|---|---|---|---|---|
| nebbiolo2 | Linux (Ubuntu 24.04.3 LTS) | x86_64 | 4.5.1 Patched (2025-08-23 r88802) -- "Great Square Root" | 4898 |
| lconway | macOS 12.7.6 Monterey | x86_64 | 4.5.1 Patched (2025-09-10 r88807) -- "Great Square Root" | 4688 |
| kjohnson3 | macOS 13.7.7 Ventura | arm64 | 4.5.1 Patched (2025-09-10 r88807) -- "Great Square Root" | 4634 |
| taishan | Linux (openEuler 24.03 LTS) | aarch64 | 4.5.0 (2025-04-11) -- "How About a Twenty-Six" | 4658 |
| Click on any hostname to see more info about the system (e.g. compilers) (*) as reported by 'uname -p', except on Windows and Mac OS X | ||||
| Package 1799/2359 | Hostname | OS / Arch | INSTALL | BUILD | CHECK | BUILD BIN | ||||||||
| rifi 1.13.1 (landing page) Jens Georg
| nebbiolo2 | Linux (Ubuntu 24.04.3 LTS) / x86_64 | OK | OK | WARNINGS | |||||||||
| lconway | macOS 12.7.6 Monterey / x86_64 | OK | OK | WARNINGS | OK | |||||||||
| kjohnson3 | macOS 13.7.7 Ventura / arm64 | OK | OK | WARNINGS | OK | |||||||||
| taishan | Linux (openEuler 24.03 LTS) / aarch64 | OK | OK | NA | ||||||||||
|
To the developers/maintainers of the rifi package: - Allow up to 24 hours (and sometimes 48 hours) for your latest push to git@git.bioconductor.org:packages/rifi.git to reflect on this report. See Troubleshooting Build Report for more information. - Use the following Renviron settings to reproduce errors and warnings. - If 'R CMD check' started to fail recently on the Linux builder(s) over a missing dependency, add the missing dependency to 'Suggests:' in your DESCRIPTION file. See Renviron.bioc for more information. |
| Package: rifi |
| Version: 1.13.1 |
| Command: /Library/Frameworks/R.framework/Resources/bin/R CMD check --install=check:rifi.install-out.txt --library=/Library/Frameworks/R.framework/Resources/library --no-vignettes --timings rifi_1.13.1.tar.gz |
| StartedAt: 2025-10-23 21:47:31 -0400 (Thu, 23 Oct 2025) |
| EndedAt: 2025-10-23 21:51:10 -0400 (Thu, 23 Oct 2025) |
| EllapsedTime: 218.7 seconds |
| RetCode: 0 |
| Status: WARNINGS |
| CheckDir: rifi.Rcheck |
| Warnings: 2 |
##############################################################################
##############################################################################
###
### Running command:
###
### /Library/Frameworks/R.framework/Resources/bin/R CMD check --install=check:rifi.install-out.txt --library=/Library/Frameworks/R.framework/Resources/library --no-vignettes --timings rifi_1.13.1.tar.gz
###
##############################################################################
##############################################################################
* using log directory ‘/Users/biocbuild/bbs-3.22-bioc/meat/rifi.Rcheck’
* using R version 4.5.1 Patched (2025-09-10 r88807)
* using platform: aarch64-apple-darwin20
* R was compiled by
Apple clang version 16.0.0 (clang-1600.0.26.6)
GNU Fortran (GCC) 14.2.0
* running under: macOS Ventura 13.7.7
* using session charset: UTF-8
* using option ‘--no-vignettes’
* checking for file ‘rifi/DESCRIPTION’ ... OK
* this is package ‘rifi’ version ‘1.13.1’
* package encoding: UTF-8
* checking package namespace information ... OK
* checking package dependencies ... OK
* checking if this is a source package ... OK
* checking if there is a namespace ... OK
* checking for hidden files and directories ... NOTE
Found the following hidden files and directories:
.BBSoptions
R/.ipynb_checkpoints
vignettes/.ipynb_checkpoints
These were most likely included in error. See section ‘Package
structure’ in the ‘Writing R Extensions’ manual.
* checking for portable file names ... OK
* checking for sufficient/correct file permissions ... OK
* checking whether package ‘rifi’ can be installed ... WARNING
Found the following significant warnings:
Note: next used in wrong context: no loop is visible
Warning: /Users/biocbuild/bbs-3.22-bioc/meat/rifi/man/apply_Ttest_delay.Rd:55: unexpected '}'
Warning: /Users/biocbuild/bbs-3.22-bioc/meat/rifi/man/predict_ps_itss.Rd:57: unexpected '}'
See ‘/Users/biocbuild/bbs-3.22-bioc/meat/rifi.Rcheck/00install.out’ for details.
Information on the location(s) of code generating the ‘Note’s can be
obtained by re-running with environment variable R_KEEP_PKG_SOURCE set
to ‘yes’.
* checking installed package size ... OK
* checking package directory ... OK
* checking ‘build’ directory ... OK
* checking DESCRIPTION meta-information ...Warning: /Users/biocbuild/bbs-3.22-bioc/meat/rifi.Rcheck/00_pkg_src/rifi/man/apply_Ttest_delay.Rd:55: unexpected '}'
Warning: /Users/biocbuild/bbs-3.22-bioc/meat/rifi.Rcheck/00_pkg_src/rifi/man/predict_ps_itss.Rd:57: unexpected '}'
OK
* checking top-level files ... OK
* checking for left-over files ... OK
* checking index information ... OK
* checking package subdirectories ... OK
* checking code files for non-ASCII characters ... OK
* checking R files for syntax errors ... OK
* checking whether the package can be loaded ... OK
* checking whether the package can be loaded with stated dependencies ... OK
* checking whether the package can be unloaded cleanly ... OK
* checking whether the namespace can be loaded with stated dependencies ... OK
* checking whether the namespace can be unloaded cleanly ... OK
* checking dependencies in R code ... OK
* checking S3 generic/method consistency ... OK
* checking replacement functions ... OK
* checking foreign function calls ... OK
* checking R code for possible problems ... OK
* checking Rd files ... WARNING
prepare_Rd: ./man/apply_Ttest_delay.Rd:55: unexpected '}'
prepare_Rd: ./man/predict_ps_itss.Rd:57: unexpected '}'
* checking Rd metadata ... OK
* checking Rd cross-references ...Warning: /Users/biocbuild/bbs-3.22-bioc/meat/rifi.Rcheck/00_pkg_src/rifi/man/apply_Ttest_delay.Rd:55: unexpected '}'
Warning: /Users/biocbuild/bbs-3.22-bioc/meat/rifi.Rcheck/00_pkg_src/rifi/man/predict_ps_itss.Rd:57: unexpected '}'
OK
* checking for missing documentation entries ... OK
* checking for code/documentation mismatches ... OK
* checking Rd \usage sections ... OK
* checking Rd contents ... OK
* checking for unstated dependencies in examples ... OK
* checking contents of ‘data’ directory ... OK
* checking data for non-ASCII characters ... OK
* checking data for ASCII and uncompressed saves ... OK
* checking files in ‘vignettes’ ... OK
* checking examples ... OK
Examples with CPU (user + system) or elapsed time > 5s
user system elapsed
rifi_wrapper 33.409 18.995 48.277
rifi_penalties 14.499 13.837 28.627
rifi_visualization 11.585 0.845 12.559
nls2_fit 11.618 0.730 7.822
rifi_fit 7.445 0.285 7.827
make_pen 2.666 2.426 4.893
* checking for unstated dependencies in vignettes ... OK
* checking package vignettes ... OK
* checking running R code from vignettes ... SKIPPED
* checking re-building of vignette outputs ... SKIPPED
* checking PDF version of manual ... OK
* DONE
Status: 2 WARNINGs, 1 NOTE
See
‘/Users/biocbuild/bbs-3.22-bioc/meat/rifi.Rcheck/00check.log’
for details.
rifi.Rcheck/00install.out
############################################################################## ############################################################################## ### ### Running command: ### ### /Library/Frameworks/R.framework/Resources/bin/R CMD INSTALL rifi ### ############################################################################## ############################################################################## * installing to library ‘/Library/Frameworks/R.framework/Versions/4.5-arm64/Resources/library’ * installing *source* package ‘rifi’ ... ** this is package ‘rifi’ version ‘1.13.1’ ** using staged installation ** R ** data ** inst ** byte-compile and prepare package for lazy loading Note: next used in wrong context: no loop is visible ** help Warning: /Users/biocbuild/bbs-3.22-bioc/meat/rifi/man/apply_Ttest_delay.Rd:55: unexpected '}' Warning: /Users/biocbuild/bbs-3.22-bioc/meat/rifi/man/predict_ps_itss.Rd:57: unexpected '}' *** installing help indices ** building package indices ** installing vignettes ** testing if installed package can be loaded from temporary location ** testing if installed package can be loaded from final location ** testing if installed package keeps a record of temporary installation path * DONE (rifi)
rifi.Rcheck/rifi-Ex.timings
| name | user | system | elapsed | |
| TI_fit | 4.048 | 0.780 | 2.876 | |
| TUgether | 0.124 | 0.060 | 0.185 | |
| apply_Ttest_delay | 0.037 | 0.021 | 0.059 | |
| apply_ancova | 0.448 | 0.112 | 0.564 | |
| apply_event_position | 0.029 | 0.001 | 0.030 | |
| apply_manova | 0.160 | 0.005 | 0.165 | |
| apply_t_test | 0.185 | 0.001 | 0.186 | |
| apply_t_test_ti | 0.050 | 0.001 | 0.050 | |
| check_input | 0.089 | 0.001 | 0.089 | |
| dataframe_summary | 0.032 | 0.002 | 0.035 | |
| dataframe_summary_TI | 0.015 | 0.001 | 0.016 | |
| dataframe_summary_events | 0.212 | 0.007 | 0.219 | |
| dataframe_summary_events_HL_int | 0.171 | 0.007 | 0.178 | |
| dataframe_summary_events_ps_itss | 0.075 | 0.004 | 0.078 | |
| dataframe_summary_events_velocity | 0.080 | 0.005 | 0.085 | |
| event_dataframe | 0.204 | 0.007 | 0.210 | |
| finding_PDD | 0.066 | 0.027 | 0.088 | |
| finding_TI | 0.100 | 0.051 | 0.145 | |
| fold_change | 0.815 | 0.042 | 0.863 | |
| fragment_HL | 0.160 | 0.082 | 0.234 | |
| fragment_TI | 0.119 | 0.033 | 0.152 | |
| fragment_delay | 0.261 | 0.115 | 0.368 | |
| fragment_inty | 0.173 | 0.101 | 0.264 | |
| gff3_preprocess | 0.204 | 0.034 | 0.238 | |
| make_df | 0.230 | 0.225 | 0.302 | |
| make_pen | 2.666 | 2.426 | 4.893 | |
| nls2_fit | 11.618 | 0.730 | 7.822 | |
| predict_ps_itss | 0.071 | 0.021 | 0.092 | |
| rifi_fit | 7.445 | 0.285 | 7.827 | |
| rifi_fragmentation | 0.821 | 0.409 | 1.190 | |
| rifi_penalties | 14.499 | 13.837 | 28.627 | |
| rifi_preprocess | 0.504 | 0.360 | 0.746 | |
| rifi_stats | 0.908 | 0.110 | 1.041 | |
| rifi_summary | 0.553 | 0.018 | 0.578 | |
| rifi_visualization | 11.585 | 0.845 | 12.559 | |
| rifi_wrapper | 33.409 | 18.995 | 48.277 | |
| segment_pos | 0.051 | 0.001 | 0.052 | |
| viz_pen_obj | 0.004 | 0.000 | 0.005 | |