| Back to Multiple platform build/check report for BioC 3.22: simplified long |
|
This page was generated on 2025-10-24 12:04 -0400 (Fri, 24 Oct 2025).
| Hostname | OS | Arch (*) | R version | Installed pkgs |
|---|---|---|---|---|
| nebbiolo2 | Linux (Ubuntu 24.04.3 LTS) | x86_64 | 4.5.1 Patched (2025-08-23 r88802) -- "Great Square Root" | 4898 |
| lconway | macOS 12.7.6 Monterey | x86_64 | 4.5.1 Patched (2025-09-10 r88807) -- "Great Square Root" | 4688 |
| kjohnson3 | macOS 13.7.7 Ventura | arm64 | 4.5.1 Patched (2025-09-10 r88807) -- "Great Square Root" | 4634 |
| taishan | Linux (openEuler 24.03 LTS) | aarch64 | 4.5.0 (2025-04-11) -- "How About a Twenty-Six" | 4658 |
| Click on any hostname to see more info about the system (e.g. compilers) (*) as reported by 'uname -p', except on Windows and Mac OS X | ||||
| Package 1631/2359 | Hostname | OS / Arch | INSTALL | BUILD | CHECK | BUILD BIN | ||||||||
| pqsfinder 2.25.0 (landing page) Jiri Hon
| nebbiolo2 | Linux (Ubuntu 24.04.3 LTS) / x86_64 | OK | OK | WARNINGS | |||||||||
| lconway | macOS 12.7.6 Monterey / x86_64 | OK | OK | WARNINGS | OK | |||||||||
| kjohnson3 | macOS 13.7.7 Ventura / arm64 | OK | OK | WARNINGS | OK | |||||||||
| taishan | Linux (openEuler 24.03 LTS) / aarch64 | ERROR | ERROR | skipped | ||||||||||
|
To the developers/maintainers of the pqsfinder package: - Allow up to 24 hours (and sometimes 48 hours) for your latest push to git@git.bioconductor.org:packages/pqsfinder.git to reflect on this report. See Troubleshooting Build Report for more information. - Use the following Renviron settings to reproduce errors and warnings. - If 'R CMD check' started to fail recently on the Linux builder(s) over a missing dependency, add the missing dependency to 'Suggests:' in your DESCRIPTION file. See Renviron.bioc for more information. |
| Package: pqsfinder |
| Version: 2.25.0 |
| Command: /home/biocbuild/bbs-3.22-bioc/R/bin/R CMD check --install=check:pqsfinder.install-out.txt --library=/home/biocbuild/bbs-3.22-bioc/R/site-library --timings pqsfinder_2.25.0.tar.gz |
| StartedAt: 2025-10-24 02:43:27 -0400 (Fri, 24 Oct 2025) |
| EndedAt: 2025-10-24 02:47:28 -0400 (Fri, 24 Oct 2025) |
| EllapsedTime: 241.2 seconds |
| RetCode: 0 |
| Status: WARNINGS |
| CheckDir: pqsfinder.Rcheck |
| Warnings: 1 |
##############################################################################
##############################################################################
###
### Running command:
###
### /home/biocbuild/bbs-3.22-bioc/R/bin/R CMD check --install=check:pqsfinder.install-out.txt --library=/home/biocbuild/bbs-3.22-bioc/R/site-library --timings pqsfinder_2.25.0.tar.gz
###
##############################################################################
##############################################################################
* using log directory ‘/home/biocbuild/bbs-3.22-bioc/meat/pqsfinder.Rcheck’
* using R version 4.5.1 Patched (2025-08-23 r88802)
* using platform: x86_64-pc-linux-gnu
* R was compiled by
gcc (Ubuntu 13.3.0-6ubuntu2~24.04) 13.3.0
GNU Fortran (Ubuntu 13.3.0-6ubuntu2~24.04) 13.3.0
* running under: Ubuntu 24.04.3 LTS
* using session charset: UTF-8
* checking for file ‘pqsfinder/DESCRIPTION’ ... OK
* checking extension type ... Package
* this is package ‘pqsfinder’ version ‘2.25.0’
* package encoding: UTF-8
* checking package namespace information ... OK
* checking package dependencies ... OK
* checking if this is a source package ... OK
* checking if there is a namespace ... OK
* checking for hidden files and directories ... OK
* checking for portable file names ... OK
* checking for sufficient/correct file permissions ... OK
* checking whether package ‘pqsfinder’ can be installed ... OK
* used C++ compiler: ‘g++ (Ubuntu 13.3.0-6ubuntu2~24.04) 13.3.0’
* checking C++ specification ... NOTE
Specified C++11: please drop specification unless essential
* checking installed package size ... INFO
installed size is 11.4Mb
sub-directories of 1Mb or more:
lib 6.9Mb
libs 4.0Mb
* checking package directory ... OK
* checking ‘build’ directory ... OK
* checking DESCRIPTION meta-information ... OK
* checking top-level files ... OK
* checking for left-over files ... OK
* checking index information ... OK
* checking package subdirectories ... OK
* checking code files for non-ASCII characters ... OK
* checking R files for syntax errors ... OK
* checking whether the package can be loaded ... OK
* checking whether the package can be loaded with stated dependencies ... OK
* checking whether the package can be unloaded cleanly ... OK
* checking whether the namespace can be loaded with stated dependencies ... OK
* checking whether the namespace can be unloaded cleanly ... OK
* checking loading without being on the library search path ... OK
* checking dependencies in R code ... OK
* checking S3 generic/method consistency ... OK
* checking replacement functions ... OK
* checking foreign function calls ... OK
* checking R code for possible problems ... OK
* checking Rd files ... OK
* checking Rd metadata ... OK
* checking Rd cross-references ... NOTE
Found the following Rd file(s) with Rd \link{} targets missing package
anchors:
PQSViews-class.Rd: XStringViews-class
PQSViews.Rd: XStringViews, elementMetadata
pqsfinder.Rd: elementMetadata
Please provide package anchors for all Rd \link{} targets not in the
package itself and the base packages.
* checking for missing documentation entries ... OK
* checking for code/documentation mismatches ... OK
* checking Rd \usage sections ... OK
* checking Rd contents ... OK
* checking for unstated dependencies in examples ... OK
* checking line endings in shell scripts ... OK
* checking line endings in C/C++/Fortran sources/headers ... OK
* checking line endings in Makefiles ... OK
* checking compilation flags in Makevars ... OK
* checking for GNU extensions in Makefiles ... INFO
GNU make is a SystemRequirements.
* checking for portable use of $(BLAS_LIBS) and $(LAPACK_LIBS) ... OK
* checking use of PKG_*FLAGS in Makefiles ... OK
* checking compiled code ... WARNING
Note: information on .o files is not available
File ‘/home/biocbuild/bbs-3.22-bioc/R/site-library/pqsfinder/libs/pqsfinder.so’:
Found ‘__sprintf_chk’, possibly from ‘sprintf’ (C)
Compiled code should not call entry points which might terminate R nor
write to stdout/stderr instead of to the console, nor use Fortran I/O
nor system RNGs nor [v]sprintf. The detected symbols are linked into
the code but might come from libraries and not actually be called.
See ‘Writing portable packages’ in the ‘Writing R Extensions’ manual.
* checking files in ‘vignettes’ ... OK
* checking examples ... OK
* checking for unstated dependencies in ‘tests’ ... OK
* checking tests ...
Running ‘testthat.R’
OK
* checking for unstated dependencies in vignettes ... OK
* checking package vignettes ... OK
* checking re-building of vignette outputs ... OK
* checking PDF version of manual ... OK
* DONE
Status: 1 WARNING, 2 NOTEs
See
‘/home/biocbuild/bbs-3.22-bioc/meat/pqsfinder.Rcheck/00check.log’
for details.
pqsfinder.Rcheck/00install.out
##############################################################################
##############################################################################
###
### Running command:
###
### /home/biocbuild/bbs-3.22-bioc/R/bin/R CMD INSTALL pqsfinder
###
##############################################################################
##############################################################################
* installing to library ‘/home/biocbuild/bbs-3.22-bioc/R/site-library’
* installing *source* package ‘pqsfinder’ ...
** this is package ‘pqsfinder’ version ‘2.25.0’
** using staged installation
** libs
using C++ compiler: ‘g++ (Ubuntu 13.3.0-6ubuntu2~24.04) 13.3.0’
using C++11
g++ -std=gnu++11 -I"/home/biocbuild/bbs-3.22-bioc/R/include" -DNDEBUG -I'/home/biocbuild/bbs-3.22-bioc/R/site-library/Rcpp/include' -I'/home/biocbuild/bbs-3.22-bioc/R/site-library/BH/include' -I/usr/local/include -fpic -g -O2 -Wall -Werror=format-security -c RcppExports.cpp -o RcppExports.o
g++ -std=gnu++11 -I"/home/biocbuild/bbs-3.22-bioc/R/include" -DNDEBUG -I'/home/biocbuild/bbs-3.22-bioc/R/site-library/Rcpp/include' -I'/home/biocbuild/bbs-3.22-bioc/R/site-library/BH/include' -I/usr/local/include -fpic -g -O2 -Wall -Werror=format-security -c pqsfinder.cpp -o pqsfinder.o
pqsfinder.cpp: In function ‘void find_all_runs(SEXP, int, std::__cxx11::basic_string<char>::const_iterator, std::__cxx11::basic_string<char>::const_iterator, run_match*, const boost::regex&, const opts_t&, const scoring&, const std::__cxx11::basic_string<char>::const_iterator&, size_t, storage&, int&, results&, bool, std::chrono::_V2::system_clock::time_point, int, int, int, int&, bool)’:
pqsfinder.cpp:584:53: warning: ‘loop_len’ may be used uninitialized [-Wmaybe-uninitialized]
584 | pqs_storage, int_cnt, res, (loop_len == 0 ? true : zero_loop),
| ~~~~~~~~~~~~~~~^~~~~~~~~~~~~~~~~~~
pqsfinder.cpp:489:14: note: ‘loop_len’ was declared here
489 | int score, loop_len;
| ^~~~~~~~
g++ -std=gnu++11 -I"/home/biocbuild/bbs-3.22-bioc/R/include" -DNDEBUG -I'/home/biocbuild/bbs-3.22-bioc/R/site-library/Rcpp/include' -I'/home/biocbuild/bbs-3.22-bioc/R/site-library/BH/include' -I/usr/local/include -fpic -g -O2 -Wall -Werror=format-security -c boost_regex/posix_api.cpp -o boost_regex/posix_api.o
g++ -std=gnu++11 -I"/home/biocbuild/bbs-3.22-bioc/R/include" -DNDEBUG -I'/home/biocbuild/bbs-3.22-bioc/R/site-library/Rcpp/include' -I'/home/biocbuild/bbs-3.22-bioc/R/site-library/BH/include' -I/usr/local/include -fpic -g -O2 -Wall -Werror=format-security -c boost_regex/regex.cpp -o boost_regex/regex.o
g++ -std=gnu++11 -I"/home/biocbuild/bbs-3.22-bioc/R/include" -DNDEBUG -I'/home/biocbuild/bbs-3.22-bioc/R/site-library/Rcpp/include' -I'/home/biocbuild/bbs-3.22-bioc/R/site-library/BH/include' -I/usr/local/include -fpic -g -O2 -Wall -Werror=format-security -c boost_regex/regex_debug.cpp -o boost_regex/regex_debug.o
g++ -std=gnu++11 -I"/home/biocbuild/bbs-3.22-bioc/R/include" -DNDEBUG -I'/home/biocbuild/bbs-3.22-bioc/R/site-library/Rcpp/include' -I'/home/biocbuild/bbs-3.22-bioc/R/site-library/BH/include' -I/usr/local/include -fpic -g -O2 -Wall -Werror=format-security -c boost_regex/static_mutex.cpp -o boost_regex/static_mutex.o
g++ -std=gnu++11 -I"/home/biocbuild/bbs-3.22-bioc/R/include" -DNDEBUG -I'/home/biocbuild/bbs-3.22-bioc/R/site-library/Rcpp/include' -I'/home/biocbuild/bbs-3.22-bioc/R/site-library/BH/include' -I/usr/local/include -fpic -g -O2 -Wall -Werror=format-security -c boost_regex/wide_posix_api.cpp -o boost_regex/wide_posix_api.o
mkdir -p "/home/biocbuild/bbs-3.22-bioc/R/site-library/00LOCK-pqsfinder/00new/pqsfinder/lib"
ar rs "/home/biocbuild/bbs-3.22-bioc/R/site-library/00LOCK-pqsfinder/00new/pqsfinder/lib/libboost_regex.a" boost_regex/posix_api.o boost_regex/regex.o boost_regex/regex_debug.o boost_regex/static_mutex.o boost_regex/wide_posix_api.o
ar: creating /home/biocbuild/bbs-3.22-bioc/R/site-library/00LOCK-pqsfinder/00new/pqsfinder/lib/libboost_regex.a
g++ -std=gnu++11 -shared -L/home/biocbuild/bbs-3.22-bioc/R/lib -L/usr/local/lib -o pqsfinder.so RcppExports.o pqsfinder.o /home/biocbuild/bbs-3.22-bioc/R/site-library/00LOCK-pqsfinder/00new/pqsfinder/lib/libboost_regex.a -L/home/biocbuild/bbs-3.22-bioc/R/lib -lR
installing to /home/biocbuild/bbs-3.22-bioc/R/site-library/00LOCK-pqsfinder/00new/pqsfinder/libs
** R
** inst
** byte-compile and prepare package for lazy loading
** help
*** installing help indices
** building package indices
** installing vignettes
** testing if installed package can be loaded from temporary location
** checking absolute paths in shared objects and dynamic libraries
** testing if installed package can be loaded from final location
** testing if installed package keeps a record of temporary installation path
* DONE (pqsfinder)
pqsfinder.Rcheck/tests/testthat.Rout
R version 4.5.1 Patched (2025-08-23 r88802) -- "Great Square Root"
Copyright (C) 2025 The R Foundation for Statistical Computing
Platform: x86_64-pc-linux-gnu
R is free software and comes with ABSOLUTELY NO WARRANTY.
You are welcome to redistribute it under certain conditions.
Type 'license()' or 'licence()' for distribution details.
R is a collaborative project with many contributors.
Type 'contributors()' for more information and
'citation()' on how to cite R or R packages in publications.
Type 'demo()' for some demos, 'help()' for on-line help, or
'help.start()' for an HTML browser interface to help.
Type 'q()' to quit R.
> library(testthat)
> library(pqsfinder)
Loading required package: Biostrings
Loading required package: BiocGenerics
Loading required package: generics
Attaching package: 'generics'
The following objects are masked from 'package:base':
as.difftime, as.factor, as.ordered, intersect, is.element, setdiff,
setequal, union
Attaching package: 'BiocGenerics'
The following objects are masked from 'package:stats':
IQR, mad, sd, var, xtabs
The following objects are masked from 'package:base':
Filter, Find, Map, Position, Reduce, anyDuplicated, aperm, append,
as.data.frame, basename, cbind, colnames, dirname, do.call,
duplicated, eval, evalq, get, grep, grepl, is.unsorted, lapply,
mapply, match, mget, order, paste, pmax, pmax.int, pmin, pmin.int,
rank, rbind, rownames, sapply, saveRDS, table, tapply, unique,
unsplit, which.max, which.min
Loading required package: S4Vectors
Loading required package: stats4
Attaching package: 'S4Vectors'
The following object is masked from 'package:utils':
findMatches
The following objects are masked from 'package:base':
I, expand.grid, unname
Loading required package: IRanges
Loading required package: XVector
Loading required package: Seqinfo
Attaching package: 'Biostrings'
The following object is masked from 'package:base':
strsplit
>
> test_check("pqsfinder")
Searching on sense strand...
Search status: finished
Searching on antisense strand...
Search status: finished
Searching on sense strand...
Search status: finished
Searching on antisense strand...
Search status: finished
Searching on sense strand...
Search status: finished
Searching on antisense strand...
Search status: finished
compare pqsfinder_1_4_4_d, pqsfinder_1_4_4_r
run default pqsfinder
Searching on sense strand...
Search status: finished
run pqsfinder using boost regex engine
Searching on sense strand...
Search status: finished
compare pv_d, pv_r
compare pv_d, pqsfinder_1_4_4_d
Searching on sense strand...
Search status: finished
Searching on antisense strand...
Search status: finished
Searching on sense strand...
Search status: 30% ETTC 00:00:00
Search status: 43% ETTC 00:00:00
Search status: 46% ETTC 00:00:01
Search status: 47% ETTC 00:00:02
Search status: 48% ETTC 00:00:02
Search status: 49% ETTC 00:00:03
Search status: 55% ETTC 00:00:02
Search status: 59% ETTC 00:00:02
Search status: 78% ETTC 00:00:01
Search status: 99% ETTC 00:00:00
Search status: finished
Searching on antisense strand...
Search status: 23% ETTC 00:00:00
Search status: 42% ETTC 00:00:00
Search status: 46% ETTC 00:00:01
Search status: 51% ETTC 00:00:00
Search status: 57% ETTC 00:00:01
Search status: 83% ETTC 00:00:00
Search status: finished
Searching on sense strand...
Search status: finished
Searching on antisense strand...
Search status: finished
Searching on sense strand...
Search status: finished
Searching on antisense strand...
Search status: finished
Searching on sense strand...
Search status: 40% ETTC 00:00:00
Search status: 100% ETTC 00:00:00
Search status: finished
Searching on antisense strand...
Search status: 55% ETTC 00:00:00
Search status: 94% ETTC 00:00:00
Search status: finished
Searching on sense strand...
Search status: 40% ETTC 00:00:00
Search status: 100% ETTC 00:00:00
Search status: finished
Searching on antisense strand...
Search status: 55% ETTC 00:00:00
Search status: 94% ETTC 00:00:00
Search status: finished
Searching on sense strand...
Search status: 29% ETTC 00:00:00
Search status: 74% ETTC 00:00:00
Search status: finished
Searching on antisense strand...
Search status: 49% ETTC 00:00:00
Search status: 84% ETTC 00:00:00
Search status: finished
Searching on sense strand...
Search status: 29% ETTC 00:00:00
Search status: 74% ETTC 00:00:00
Search status: finished
Searching on antisense strand...
Search status: 49% ETTC 00:00:00
Search status: 84% ETTC 00:00:00
Search status: finished
Searching on sense strand...
Search status: finished
Searching on antisense strand...
Search status: finished
Searching on sense strand...
Search status: 6% ETTC 00:00:00
Search status: 9% ETTC 00:00:10
Search status: 10% ETTC 00:00:18
Search status: 13% ETTC 00:00:20
Search status: 15% ETTC 00:00:28
Search status: 16% ETTC 00:00:31
Search status: 19% ETTC 00:00:29
Search status: 20% ETTC 00:00:32
Search status: 23% ETTC 00:00:26
Search status: 25% ETTC 00:00:30
Search status: 28% ETTC 00:00:28
Search status: 30% ETTC 00:00:25
Search status: 31% ETTC 00:00:28
Search status: 31% ETTC 00:00:31
Search status: 34% ETTC 00:00:29
Search status: 35% ETTC 00:00:29
Search status: 38% ETTC 00:00:27
Search status: 40% ETTC 00:00:28
Search status: 40% ETTC 00:00:30
Search status: 42% ETTC 00:00:29
Search status: 45% ETTC 00:00:26
Search status: 50% ETTC 00:00:23
Search status: 50% ETTC 00:00:24
Search status: 52% ETTC 00:00:23
Search status: 55% ETTC 00:00:21
Search status: 56% ETTC 00:00:21
Search status: 58% ETTC 00:00:20
Search status: 60% ETTC 00:00:19
Search status: 62% ETTC 00:00:18
Search status: 63% ETTC 00:00:18
Search status: 65% ETTC 00:00:17
Search status: 69% ETTC 00:00:14
Search status: 72% ETTC 00:00:13
Search status: 74% ETTC 00:00:11
Search status: 76% ETTC 00:00:11
Search status: 77% ETTC 00:00:10
Search status: 80% ETTC 00:00:09
Search status: 80% ETTC 00:00:09
Search status: 83% ETTC 00:00:08
Search status: 85% ETTC 00:00:07
Search status: 88% ETTC 00:00:05
Search status: 89% ETTC 00:00:05
Search status: 92% ETTC 00:00:03
Search status: 93% ETTC 00:00:03
Search status: 97% ETTC 00:00:01
Search status: 98% ETTC 00:00:00
Search status: 99% ETTC 00:00:00
Search status: 100% ETTC 00:00:00
Search status: finished
Searching on antisense strand...
Search status: finished
Searching on sense strand...
Search status: finished
Searching on antisense strand...
Search status: finished
Searching on sense strand...
Search status: finished
Searching on antisense strand...
Search status: finished
Searching on sense strand...
Search status: finished
Searching on antisense strand...
Search status: finished
Searching on sense strand...
Search status: finished
Searching on antisense strand...
Search status: finished
Searching on sense strand...
Search status: finished
Searching on antisense strand...
Search status: finished
Searching on sense strand...
Search status: finished
Searching on antisense strand...
Search status: finished
Searching on sense strand...
Search status: finished
Searching on antisense strand...
Search status: finished
Searching on sense strand...
Search status: 92% ETTC 00:00:00
Search status: finished
Searching on antisense strand...
Search status: finished
Searching on sense strand...
Search status: finished
Searching on antisense strand...
Search status: finished
Searching on sense strand...
Search status: 49% ETTC 00:00:01
Search status: 93% ETTC 00:00:00
Search status: finished
Searching on antisense strand...
Search status: finished
Searching on sense strand...
Search status: finished
Searching on antisense strand...
Search status: finished
Searching on sense strand...
Search status: 74% ETTC 00:00:00
Search status: finished
Searching on antisense strand...
Search status: finished
Searching on sense strand...
Search status: finished
Searching on antisense strand...
Search status: finished
Searching on sense strand...
Search status: finished
Searching on antisense strand...
Search status: finished
Searching on sense strand...
Search status: finished
Searching on antisense strand...
Search status: finished
Searching on sense strand...
Search status: finished
Searching on antisense strand...
Search status: finished
Searching on sense strand...
Search status: finished
Searching on antisense strand...
Search status: finished
Searching on sense strand...
Search status: 98% ETTC 00:00:00
Search status: finished
Searching on antisense strand...
Search status: finished
Searching on sense strand...
Search status: finished
Searching on antisense strand...
Search status: finished
Searching on sense strand...
Search status: finished
Searching on antisense strand...
Search status: finished
Searching on sense strand...
Search status: finished
Searching on sense strand...
Search status: finished
Searching on antisense strand...
Search status: finished
Searching on sense strand...
Search status: finished
Searching on antisense strand...
Search status: finished
Searching on sense strand...
Search status: finished
Searching on antisense strand...
Search status: finished
Searching on sense strand...
Search status: finished
Searching on antisense strand...
Search status: finished
Searching on sense strand...
Search status: finished
Searching on antisense strand...
Search status: finished
Searching on sense strand...
Search status: finished
Searching on antisense strand...
Search status: finished
[ FAIL 0 | WARN 0 | SKIP 0 | PASS 83 ]
>
> proc.time()
user system elapsed
81.570 0.469 82.051
pqsfinder.Rcheck/pqsfinder-Ex.timings
| name | user | system | elapsed | |
| PQSViews | 0.070 | 0.001 | 0.070 | |
| density-PQSViews-method | 0.022 | 0.000 | 0.021 | |
| maxScores-PQSViews-method | 0.014 | 0.000 | 0.014 | |
| maxScores | 0.001 | 0.000 | 0.001 | |
| pqsfinder | 0.031 | 0.004 | 0.035 | |
| score-PQSViews-method | 0.015 | 0.002 | 0.018 | |
| strand-PQSViews-method | 0.014 | 0.004 | 0.017 | |