| Back to Multiple platform build/check report for BioC 3.22: simplified long |
|
This page was generated on 2025-10-24 12:06 -0400 (Fri, 24 Oct 2025).
| Hostname | OS | Arch (*) | R version | Installed pkgs |
|---|---|---|---|---|
| nebbiolo2 | Linux (Ubuntu 24.04.3 LTS) | x86_64 | 4.5.1 Patched (2025-08-23 r88802) -- "Great Square Root" | 4898 |
| lconway | macOS 12.7.6 Monterey | x86_64 | 4.5.1 Patched (2025-09-10 r88807) -- "Great Square Root" | 4688 |
| kjohnson3 | macOS 13.7.7 Ventura | arm64 | 4.5.1 Patched (2025-09-10 r88807) -- "Great Square Root" | 4634 |
| taishan | Linux (openEuler 24.03 LTS) | aarch64 | 4.5.0 (2025-04-11) -- "How About a Twenty-Six" | 4658 |
| Click on any hostname to see more info about the system (e.g. compilers) (*) as reported by 'uname -p', except on Windows and Mac OS X | ||||
| Package 1142/2359 | Hostname | OS / Arch | INSTALL | BUILD | CHECK | BUILD BIN | ||||||||
| linkSet 0.99.19 (landing page) Gilbert Han
| nebbiolo2 | Linux (Ubuntu 24.04.3 LTS) / x86_64 | OK | OK | WARNINGS | |||||||||
| lconway | macOS 12.7.6 Monterey / x86_64 | OK | ERROR | skipped | skipped | |||||||||
| kjohnson3 | macOS 13.7.7 Ventura / arm64 | OK | ERROR | skipped | skipped | |||||||||
| taishan | Linux (openEuler 24.03 LTS) / aarch64 | OK | OK | NA | ||||||||||
|
To the developers/maintainers of the linkSet package: - Allow up to 24 hours (and sometimes 48 hours) for your latest push to git@git.bioconductor.org:packages/linkSet.git to reflect on this report. See Troubleshooting Build Report for more information. - Use the following Renviron settings to reproduce errors and warnings. - If 'R CMD check' started to fail recently on the Linux builder(s) over a missing dependency, add the missing dependency to 'Suggests:' in your DESCRIPTION file. See Renviron.bioc for more information. |
| Package: linkSet |
| Version: 0.99.19 |
| Command: /Library/Frameworks/R.framework/Resources/bin/R CMD build --keep-empty-dirs --no-resave-data linkSet |
| StartedAt: 2025-10-23 16:52:48 -0400 (Thu, 23 Oct 2025) |
| EndedAt: 2025-10-23 16:53:16 -0400 (Thu, 23 Oct 2025) |
| EllapsedTime: 28.3 seconds |
| RetCode: 1 |
| Status: ERROR |
| PackageFile: None |
| PackageFileSize: NA |
##############################################################################
##############################################################################
###
### Running command:
###
### /Library/Frameworks/R.framework/Resources/bin/R CMD build --keep-empty-dirs --no-resave-data linkSet
###
##############################################################################
##############################################################################
* checking for file ‘linkSet/DESCRIPTION’ ... OK
* preparing ‘linkSet’:
* checking DESCRIPTION meta-information ... OK
* installing the package to build vignettes
* creating vignettes ... ERROR
--- re-building ‘hic_workthrough.Rmd’ using rmarkdown
zcat: can't stat: /private/var/folders/r0/l4fjk6cj5xj0j3brt4bplpl40000gt/T/Rtmpk7QbK0/Rinste2f52e6bcbef/linkSet/extdata/toyExample.pair.gz (/private/var/folders/r0/l4fjk6cj5xj0j3brt4bplpl40000gt/T/Rtmpk7QbK0/Rinste2f52e6bcbef/linkSet/extdata/toyExample.pair.gz.Z): No such file or directory
zcat: can't stat: /private/var/folders/r0/l4fjk6cj5xj0j3brt4bplpl40000gt/T/Rtmpk7QbK0/Rinste2f52e6bcbef/linkSet/extdata/toyExample.pair.gz (/private/var/folders/r0/l4fjk6cj5xj0j3brt4bplpl40000gt/T/Rtmpk7QbK0/Rinste2f52e6bcbef/linkSet/extdata/toyExample.pair.gz.Z): No such file or directory
Quitting from hic_workthrough.Rmd:94-132 [setup-data]
~~~~~~~~~~~~~~~~~~~~~~~~~~~~~~~~~~~~~~~~~~~~~~~~~~~~~~~~~~~~~~~~~~~~~~~~~~~~~~~~
<error/rlang_error>
Error in `readvalidPairs()`:
! File has fewer columns than expected minimum
---
Backtrace:
▆
1. └─linkSet::readvalidPairs(hic_file, format = "pair")
~~~~~~~~~~~~~~~~~~~~~~~~~~~~~~~~~~~~~~~~~~~~~~~~~~~~~~~~~~~~~~~~~~~~~~~~~~~~~~~~
Error: processing vignette 'hic_workthrough.Rmd' failed with diagnostics:
File has fewer columns than expected minimum
--- failed re-building ‘hic_workthrough.Rmd’
--- re-building ‘linkSet.Rmd’ using rmarkdown
2025-10-23 16:53:13.815 R[60321:531648419] XType: Using static font registry.
--- finished re-building ‘linkSet.Rmd’
SUMMARY: processing the following file failed:
‘hic_workthrough.Rmd’
Error: Vignette re-building failed.
Execution halted