| Back to Multiple platform build/check report for BioC 3.22: simplified long |
|
This page was generated on 2025-10-24 12:06 -0400 (Fri, 24 Oct 2025).
| Hostname | OS | Arch (*) | R version | Installed pkgs |
|---|---|---|---|---|
| nebbiolo2 | Linux (Ubuntu 24.04.3 LTS) | x86_64 | 4.5.1 Patched (2025-08-23 r88802) -- "Great Square Root" | 4898 |
| lconway | macOS 12.7.6 Monterey | x86_64 | 4.5.1 Patched (2025-09-10 r88807) -- "Great Square Root" | 4688 |
| kjohnson3 | macOS 13.7.7 Ventura | arm64 | 4.5.1 Patched (2025-09-10 r88807) -- "Great Square Root" | 4634 |
| taishan | Linux (openEuler 24.03 LTS) | aarch64 | 4.5.0 (2025-04-11) -- "How About a Twenty-Six" | 4658 |
| Click on any hostname to see more info about the system (e.g. compilers) (*) as reported by 'uname -p', except on Windows and Mac OS X | ||||
| Package 917/2359 | Hostname | OS / Arch | INSTALL | BUILD | CHECK | BUILD BIN | ||||||||
Jiefei Wang
| nebbiolo2 | Linux (Ubuntu 24.04.3 LTS) / x86_64 | ERROR | ERROR | skipped | |||||||||
| lconway | macOS 12.7.6 Monterey / x86_64 | OK | OK | WARNINGS | OK | |||||||||
| kjohnson3 | macOS 13.7.7 Ventura / arm64 | OK | ERROR | skipped | skipped | |||||||||
| taishan | Linux (openEuler 24.03 LTS) / aarch64 | ERROR | ERROR | skipped | ||||||||||
|
To the developers/maintainers of the gpuMagic package: - Allow up to 24 hours (and sometimes 48 hours) for your latest push to git@git.bioconductor.org:packages/gpuMagic.git to reflect on this report. See Troubleshooting Build Report for more information. - Use the following Renviron settings to reproduce errors and warnings. - If 'R CMD check' started to fail recently on the Linux builder(s) over a missing dependency, add the missing dependency to 'Suggests:' in your DESCRIPTION file. See Renviron.bioc for more information. |
| Package: gpuMagic |
| Version: 1.25.1 |
| Command: /Library/Frameworks/R.framework/Resources/bin/R CMD build --keep-empty-dirs --no-resave-data gpuMagic |
| StartedAt: 2025-10-23 16:38:17 -0400 (Thu, 23 Oct 2025) |
| EndedAt: 2025-10-23 16:38:27 -0400 (Thu, 23 Oct 2025) |
| EllapsedTime: 10.1 seconds |
| RetCode: 1 |
| Status: ERROR |
| PackageFile: None |
| PackageFileSize: NA |
##############################################################################
##############################################################################
###
### Running command:
###
### /Library/Frameworks/R.framework/Resources/bin/R CMD build --keep-empty-dirs --no-resave-data gpuMagic
###
##############################################################################
##############################################################################
* checking for file ‘gpuMagic/DESCRIPTION’ ... OK
* preparing ‘gpuMagic’:
* checking DESCRIPTION meta-information ... OK
* cleaning src
* installing the package to build vignettes
* creating vignettes ... ERROR
--- re-building ‘Customized-openCL-code.Rmd’ using rmarkdown
UNSUPPORTED (log once): createKernel: newComputePipelineState failed
Quitting from Customized-openCL-code.Rmd:39-71 [unnamed-chunk-1]
~~~~~~~~~~~~~~~~~~~~~~~~~~~~~~~~~~~~~~~~~~~~~~~~~~~~~~~~~~~~~~~~~~~~~~~~~~~~~~~~
<error/rlang_error>
Error in `.kernel()`:
! Fail to create kernel, error info: CL_INVALID_KERNEL
---
Backtrace:
▆
1. └─gpuMagic::.kernel(...)
~~~~~~~~~~~~~~~~~~~~~~~~~~~~~~~~~~~~~~~~~~~~~~~~~~~~~~~~~~~~~~~~~~~~~~~~~~~~~~~~
Error: processing vignette 'Customized-openCL-code.Rmd' failed with diagnostics:
Fail to create kernel, error info: CL_INVALID_KERNEL
--- failed re-building ‘Customized-openCL-code.Rmd’
--- re-building ‘Quick_start_guide.Rmd’ using rmarkdown
Quitting from Quick_start_guide.Rmd:74-78 [unnamed-chunk-6]
~~~~~~~~~~~~~~~~~~~~~~~~~~~~~~~~~~~~~~~~~~~~~~~~~~~~~~~~~~~~~~~~~~~~~~~~~~~~~~~~
<error/rlang_error>
Error in `.kernel()`:
! Fail to create kernel, error info: CL_INVALID_KERNEL
---
Backtrace:
▆
1. └─gpuMagic::gpuSapply(1:k, matMul, A, B)
2. └─gpuMagic:::gpuSapply_singleDev(...)
3. └─gpuMagic::.kernel(...)
~~~~~~~~~~~~~~~~~~~~~~~~~~~~~~~~~~~~~~~~~~~~~~~~~~~~~~~~~~~~~~~~~~~~~~~~~~~~~~~~
Error: processing vignette 'Quick_start_guide.Rmd' failed with diagnostics:
Fail to create kernel, error info: CL_INVALID_KERNEL
--- failed re-building ‘Quick_start_guide.Rmd’
SUMMARY: processing the following files failed:
‘Customized-openCL-code.Rmd’ ‘Quick_start_guide.Rmd’
Error: Vignette re-building failed.
Execution halted