| Back to Multiple platform build/check report for BioC 3.22: simplified long |
|
This page was generated on 2025-10-25 12:06 -0400 (Sat, 25 Oct 2025).
| Hostname | OS | Arch (*) | R version | Installed pkgs |
|---|---|---|---|---|
| nebbiolo2 | Linux (Ubuntu 24.04.3 LTS) | x86_64 | 4.5.1 Patched (2025-08-23 r88802) -- "Great Square Root" | 4901 |
| lconway | macOS 12.7.6 Monterey | x86_64 | 4.5.1 Patched (2025-09-10 r88807) -- "Great Square Root" | 4691 |
| kjohnson3 | macOS 13.7.7 Ventura | arm64 | 4.5.1 Patched (2025-09-10 r88807) -- "Great Square Root" | 4637 |
| taishan | Linux (openEuler 24.03 LTS) | aarch64 | 4.5.0 (2025-04-11) -- "How About a Twenty-Six" | 4658 |
| Click on any hostname to see more info about the system (e.g. compilers) (*) as reported by 'uname -p', except on Windows and Mac OS X | ||||
| Package 605/2361 | Hostname | OS / Arch | INSTALL | BUILD | CHECK | BUILD BIN | ||||||||
| dmGsea 0.99.11 (landing page) Zongli Xu
| nebbiolo2 | Linux (Ubuntu 24.04.3 LTS) / x86_64 | OK | OK | OK | |||||||||
| lconway | macOS 12.7.6 Monterey / x86_64 | OK | OK | OK | OK | |||||||||
| kjohnson3 | macOS 13.7.7 Ventura / arm64 | OK | ERROR | skipped | skipped | |||||||||
| taishan | Linux (openEuler 24.03 LTS) / aarch64 | OK | NA | NA | ||||||||||
|
To the developers/maintainers of the dmGsea package: - Allow up to 24 hours (and sometimes 48 hours) for your latest push to git@git.bioconductor.org:packages/dmGsea.git to reflect on this report. See Troubleshooting Build Report for more information. - Use the following Renviron settings to reproduce errors and warnings. - If 'R CMD check' started to fail recently on the Linux builder(s) over a missing dependency, add the missing dependency to 'Suggests:' in your DESCRIPTION file. See Renviron.bioc for more information. |
| Package: dmGsea |
| Version: 0.99.11 |
| Command: /Library/Frameworks/R.framework/Resources/bin/R CMD build --keep-empty-dirs --no-resave-data dmGsea |
| StartedAt: 2025-10-24 16:16:38 -0400 (Fri, 24 Oct 2025) |
| EndedAt: 2025-10-24 16:17:11 -0400 (Fri, 24 Oct 2025) |
| EllapsedTime: 32.4 seconds |
| RetCode: 1 |
| Status: ERROR |
| PackageFile: None |
| PackageFileSize: NA |
##############################################################################
##############################################################################
###
### Running command:
###
### /Library/Frameworks/R.framework/Resources/bin/R CMD build --keep-empty-dirs --no-resave-data dmGsea
###
##############################################################################
##############################################################################
* checking for file ‘dmGsea/DESCRIPTION’ ... OK
* preparing ‘dmGsea’:
* checking DESCRIPTION meta-information ... OK
* installing the package to build vignettes
* creating vignettes ... ERROR
--- re-building ‘dmGsea.Rmd’ using rmarkdown
Quitting from dmGsea.Rmd:58-76 [example1]
~~~~~~~~~~~~~~~~~~~~~~~~~~~~~~~~~~~~~~~~~~~~~~~~~~~~~~~~~~~~~~~~~~~~~~~~~~~~~~~~
<error/rlang_error>
Error:
! Diagonal values in 'R' must all be equal to 1.
---
Backtrace:
▆
1. └─dmGsea::gsGene(...)
2. └─dmGsea:::calcGeneP(...)
3. └─parallel::mclapply(...)
4. └─base::lapply(X = X, FUN = FUN, ...)
5. └─dmGsea (local) FUN(X[[i]], ...)
6. ├─base::eval(parse(text = paste0("poolr::", combpMethod, "(p=allp,adjust=combpAdjust,\n R=Rmatrix)")))
7. │ └─base::eval(parse(text = paste0("poolr::", combpMethod, "(p=allp,adjust=combpAdjust,\n R=Rmatrix)")))
8. └─poolr::fisher(p = allp, adjust = combpAdjust, R = Rmatrix)
9. └─poolr:::.check.m(R = R, adjust = adjust, m = m, k = k, ...)
10. └─poolr::meff(R = R, method = adjust, ...)
11. └─poolr:::.check.R(...)
~~~~~~~~~~~~~~~~~~~~~~~~~~~~~~~~~~~~~~~~~~~~~~~~~~~~~~~~~~~~~~~~~~~~~~~~~~~~~~~~
Error: processing vignette 'dmGsea.Rmd' failed with diagnostics:
Diagonal values in 'R' must all be equal to 1.
--- failed re-building ‘dmGsea.Rmd’
SUMMARY: processing the following file failed:
‘dmGsea.Rmd’
Error: Vignette re-building failed.
Execution halted