| Back to Multiple platform build/check report for BioC 3.22: simplified long |
|
This page was generated on 2025-10-24 12:06 -0400 (Fri, 24 Oct 2025).
| Hostname | OS | Arch (*) | R version | Installed pkgs |
|---|---|---|---|---|
| nebbiolo2 | Linux (Ubuntu 24.04.3 LTS) | x86_64 | 4.5.1 Patched (2025-08-23 r88802) -- "Great Square Root" | 4898 |
| lconway | macOS 12.7.6 Monterey | x86_64 | 4.5.1 Patched (2025-09-10 r88807) -- "Great Square Root" | 4688 |
| kjohnson3 | macOS 13.7.7 Ventura | arm64 | 4.5.1 Patched (2025-09-10 r88807) -- "Great Square Root" | 4634 |
| taishan | Linux (openEuler 24.03 LTS) | aarch64 | 4.5.0 (2025-04-11) -- "How About a Twenty-Six" | 4658 |
| Click on any hostname to see more info about the system (e.g. compilers) (*) as reported by 'uname -p', except on Windows and Mac OS X | ||||
| Package 563/2359 | Hostname | OS / Arch | INSTALL | BUILD | CHECK | BUILD BIN | ||||||||
| densvis 1.19.0 (landing page) Alan O'Callaghan
| nebbiolo2 | Linux (Ubuntu 24.04.3 LTS) / x86_64 | OK | OK | OK | |||||||||
| lconway | macOS 12.7.6 Monterey / x86_64 | OK | OK | OK | OK | |||||||||
| kjohnson3 | macOS 13.7.7 Ventura / arm64 | OK | ERROR | skipped | skipped | |||||||||
| taishan | Linux (openEuler 24.03 LTS) / aarch64 | OK | OK | OK | ||||||||||
|
To the developers/maintainers of the densvis package: - Allow up to 24 hours (and sometimes 48 hours) for your latest push to git@git.bioconductor.org:packages/densvis.git to reflect on this report. See Troubleshooting Build Report for more information. - Use the following Renviron settings to reproduce errors and warnings. - If 'R CMD check' started to fail recently on the Linux builder(s) over a missing dependency, add the missing dependency to 'Suggests:' in your DESCRIPTION file. See Renviron.bioc for more information. |
| Package: densvis |
| Version: 1.19.0 |
| Command: /Library/Frameworks/R.framework/Resources/bin/R CMD build --keep-empty-dirs --no-resave-data densvis |
| StartedAt: 2025-10-23 16:10:52 -0400 (Thu, 23 Oct 2025) |
| EndedAt: 2025-10-23 16:11:14 -0400 (Thu, 23 Oct 2025) |
| EllapsedTime: 22.2 seconds |
| RetCode: 1 |
| Status: ERROR |
| PackageFile: None |
| PackageFileSize: NA |
##############################################################################
##############################################################################
###
### Running command:
###
### /Library/Frameworks/R.framework/Resources/bin/R CMD build --keep-empty-dirs --no-resave-data densvis
###
##############################################################################
##############################################################################
* checking for file ‘densvis/DESCRIPTION’ ... OK
* preparing ‘densvis’:
* checking DESCRIPTION meta-information ... OK
* cleaning src
* installing the package to build vignettes
* creating vignettes ... ERROR
--- re-building ‘densvis.Rmd’ using rmarkdown
2025-10-23 16:11:00.190 R[84651:531025722] XType: Using static font registry.
Quitting from densvis.Rmd:122-130 [run-densmap]
~~~~~~~~~~~~~~~~~~~~~~~~~~~~~~~~~~~~~~~~~~~~~~~~~~~~~~~~~~~~~~~~~~~~~~~~~~~~~~~~
<error/rlang_error>
Error in `py_module_import()`:
! OSError: Could not find/load shared object file
Run `reticulate::py_last_error()` for details.
---
Backtrace:
▆
1. └─densvis::densmap(data[, 1:2], dens_frac = 0.5, dens_lambda = 0.5)
2. └─densvis::umap(..., densmap = TRUE)
3. └─basilisk::basiliskRun(...)
4. └─densvis (local) fun(...)
5. └─reticulate::import("umap")
6. └─reticulate:::py_module_import(module, convert = convert)
~~~~~~~~~~~~~~~~~~~~~~~~~~~~~~~~~~~~~~~~~~~~~~~~~~~~~~~~~~~~~~~~~~~~~~~~~~~~~~~~
Error: processing vignette 'densvis.Rmd' failed with diagnostics:
OSError: Could not find/load shared object file
Run `reticulate::py_last_error()` for details.
--- failed re-building ‘densvis.Rmd’
SUMMARY: processing the following file failed:
‘densvis.Rmd’
Error: Vignette re-building failed.
Execution halted