| Back to Multiple platform build/check report for BioC 3.22: simplified long |
|
This page was generated on 2025-10-24 12:07 -0400 (Fri, 24 Oct 2025).
| Hostname | OS | Arch (*) | R version | Installed pkgs |
|---|---|---|---|---|
| nebbiolo2 | Linux (Ubuntu 24.04.3 LTS) | x86_64 | 4.5.1 Patched (2025-08-23 r88802) -- "Great Square Root" | 4898 |
| lconway | macOS 12.7.6 Monterey | x86_64 | 4.5.1 Patched (2025-09-10 r88807) -- "Great Square Root" | 4688 |
| kjohnson3 | macOS 13.7.7 Ventura | arm64 | 4.5.1 Patched (2025-09-10 r88807) -- "Great Square Root" | 4634 |
| taishan | Linux (openEuler 24.03 LTS) | aarch64 | 4.5.0 (2025-04-11) -- "How About a Twenty-Six" | 4658 |
| Click on any hostname to see more info about the system (e.g. compilers) (*) as reported by 'uname -p', except on Windows and Mac OS X | ||||
| Package 2146/2359 | Hostname | OS / Arch | INSTALL | BUILD | CHECK | BUILD BIN | ||||||||
| SubCellBarCode 1.25.0 (landing page) Taner Arslan
| nebbiolo2 | Linux (Ubuntu 24.04.3 LTS) / x86_64 | OK | OK | WARNINGS | |||||||||
| lconway | macOS 12.7.6 Monterey / x86_64 | OK | OK | WARNINGS | OK | |||||||||
| kjohnson3 | macOS 13.7.7 Ventura / arm64 | OK | OK | WARNINGS | OK | |||||||||
| taishan | Linux (openEuler 24.03 LTS) / aarch64 | OK | OK | NA | ||||||||||
|
To the developers/maintainers of the SubCellBarCode package: - Allow up to 24 hours (and sometimes 48 hours) for your latest push to git@git.bioconductor.org:packages/SubCellBarCode.git to reflect on this report. See Troubleshooting Build Report for more information. - Use the following Renviron settings to reproduce errors and warnings. - If 'R CMD check' started to fail recently on the Linux builder(s) over a missing dependency, add the missing dependency to 'Suggests:' in your DESCRIPTION file. See Renviron.bioc for more information. |
| Package: SubCellBarCode |
| Version: 1.25.0 |
| Command: /Library/Frameworks/R.framework/Resources/bin/R CMD check --install=check:SubCellBarCode.install-out.txt --library=/Library/Frameworks/R.framework/Resources/library --no-vignettes --timings SubCellBarCode_1.25.0.tar.gz |
| StartedAt: 2025-10-23 22:29:48 -0400 (Thu, 23 Oct 2025) |
| EndedAt: 2025-10-23 22:31:18 -0400 (Thu, 23 Oct 2025) |
| EllapsedTime: 90.1 seconds |
| RetCode: 0 |
| Status: WARNINGS |
| CheckDir: SubCellBarCode.Rcheck |
| Warnings: 1 |
##############################################################################
##############################################################################
###
### Running command:
###
### /Library/Frameworks/R.framework/Resources/bin/R CMD check --install=check:SubCellBarCode.install-out.txt --library=/Library/Frameworks/R.framework/Resources/library --no-vignettes --timings SubCellBarCode_1.25.0.tar.gz
###
##############################################################################
##############################################################################
* using log directory ‘/Users/biocbuild/bbs-3.22-bioc/meat/SubCellBarCode.Rcheck’
* using R version 4.5.1 Patched (2025-09-10 r88807)
* using platform: aarch64-apple-darwin20
* R was compiled by
Apple clang version 16.0.0 (clang-1600.0.26.6)
GNU Fortran (GCC) 14.2.0
* running under: macOS Ventura 13.7.7
* using session charset: UTF-8
* using option ‘--no-vignettes’
* checking for file ‘SubCellBarCode/DESCRIPTION’ ... OK
* checking extension type ... Package
* this is package ‘SubCellBarCode’ version ‘1.25.0’
* package encoding: UTF-8
* checking package namespace information ... OK
* checking package dependencies ... OK
* checking if this is a source package ... OK
* checking if there is a namespace ... OK
* checking for hidden files and directories ... OK
* checking for portable file names ... OK
* checking for sufficient/correct file permissions ... OK
* checking whether package ‘SubCellBarCode’ can be installed ... WARNING
Found the following significant warnings:
Warning: replacing previous import ‘e1071::element’ by ‘ggplot2::element’ when loading ‘SubCellBarCode’
See ‘/Users/biocbuild/bbs-3.22-bioc/meat/SubCellBarCode.Rcheck/00install.out’ for details.
* checking installed package size ... OK
* checking package directory ... OK
* checking ‘build’ directory ... OK
* checking DESCRIPTION meta-information ... OK
* checking top-level files ... OK
* checking for left-over files ... OK
* checking index information ... OK
* checking package subdirectories ... OK
* checking code files for non-ASCII characters ... OK
* checking R files for syntax errors ... OK
* checking whether the package can be loaded ... OK
* checking whether the package can be loaded with stated dependencies ... OK
* checking whether the package can be unloaded cleanly ... OK
* checking whether the namespace can be loaded with stated dependencies ... OK
* checking whether the namespace can be unloaded cleanly ... OK
* checking dependencies in R code ... OK
* checking S3 generic/method consistency ... OK
* checking replacement functions ... OK
* checking foreign function calls ... OK
* checking R code for possible problems ... NOTE
calculateCoveredProtein: no visible binding for global variable
‘Compartments’
calculateCoveredProtein: no visible binding for global variable
‘ProteinCoverage’
candidateRelocatedProteins: no visible binding for global variable
‘Pearson.Corr’
markerQualityControl: no visible binding for global variable
‘Correlation’
markerQualityControl: no visible binding for global variable ‘Pearson’
markerQualityControl: no visible binding for global variable ‘Spearman’
plotBarcode: no visible binding for global variable ‘Level’
plotBarcode: no visible binding for global variable ‘Probability’
plotBarcode: no visible binding for global variable ‘Locs’
plotMultipleProtein: no visible binding for global variable
‘Neighborhood’
plotMultipleProtein: no visible binding for global variable ‘Count’
plotMultipleProtein: no visible binding for global variable
‘Compartment’
Undefined global functions or variables:
Compartment Compartments Correlation Count Level Locs Neighborhood
Pearson Pearson.Corr Probability ProteinCoverage Spearman
* checking Rd files ... OK
* checking Rd metadata ... OK
* checking Rd cross-references ... OK
* checking for missing documentation entries ... OK
* checking for code/documentation mismatches ... OK
* checking Rd \usage sections ... OK
* checking Rd contents ... OK
* checking for unstated dependencies in examples ... OK
* checking contents of ‘data’ directory ... OK
* checking data for non-ASCII characters ... OK
* checking LazyData ... OK
* checking data for ASCII and uncompressed saves ... OK
* checking files in ‘vignettes’ ... OK
* checking examples ... OK
Examples with CPU (user + system) or elapsed time > 5s
user system elapsed
applyThresholdCompartment 4.884 0.147 5.157
* checking for unstated dependencies in vignettes ... OK
* checking package vignettes ... OK
* checking running R code from vignettes ... SKIPPED
* checking re-building of vignette outputs ... SKIPPED
* checking PDF version of manual ... OK
* DONE
Status: 1 WARNING, 1 NOTE
See
‘/Users/biocbuild/bbs-3.22-bioc/meat/SubCellBarCode.Rcheck/00check.log’
for details.
SubCellBarCode.Rcheck/00install.out
############################################################################## ############################################################################## ### ### Running command: ### ### /Library/Frameworks/R.framework/Resources/bin/R CMD INSTALL SubCellBarCode ### ############################################################################## ############################################################################## * installing to library ‘/Library/Frameworks/R.framework/Versions/4.5-arm64/Resources/library’ * installing *source* package ‘SubCellBarCode’ ... ** this is package ‘SubCellBarCode’ version ‘1.25.0’ ** using staged installation ** R ** data *** moving datasets to lazyload DB ** byte-compile and prepare package for lazy loading Warning: replacing previous import ‘e1071::element’ by ‘ggplot2::element’ when loading ‘SubCellBarCode’ ** help *** installing help indices ** building package indices ** installing vignettes ** testing if installed package can be loaded from temporary location Warning: replacing previous import ‘e1071::element’ by ‘ggplot2::element’ when loading ‘SubCellBarCode’ ** testing if installed package can be loaded from final location Warning: replacing previous import ‘e1071::element’ by ‘ggplot2::element’ when loading ‘SubCellBarCode’ ** testing if installed package keeps a record of temporary installation path * DONE (SubCellBarCode)
SubCellBarCode.Rcheck/SubCellBarCode-Ex.timings
| name | user | system | elapsed | |
| applyThresholdCompartment | 4.884 | 0.147 | 5.157 | |
| applyThresholdNeighborhood | 4.208 | 0.110 | 4.396 | |
| calRowMean | 0.002 | 0.000 | 0.002 | |
| calculateCoveredProtein | 0.068 | 0.004 | 0.078 | |
| candidateRelocatedProteins | 2.074 | 0.335 | 2.464 | |
| compareCls | 0.005 | 0.001 | 0.007 | |
| computeThresholdCompartment | 3.674 | 0.086 | 3.825 | |
| computeThresholdNeighborhood | 3.509 | 0.081 | 3.682 | |
| convert2symbol | 0 | 0 | 0 | |
| hcc827Ctrl | 0.001 | 0.000 | 0.001 | |
| hcc827CtrlPSMCount | 0.002 | 0.000 | 0.002 | |
| hcc827GEF | 0.001 | 0.001 | 0.000 | |
| hcc827GEFClass | 0 | 0 | 0 | |
| hcc827GefPSMCount | 0.001 | 0.000 | 0.000 | |
| hcc827exon | 0.000 | 0.000 | 0.001 | |
| loadData | 0.001 | 0.000 | 0.000 | |
| markerQualityControl | 0.232 | 0.001 | 0.234 | |
| mergeCls | 0.002 | 0.000 | 0.002 | |
| mergeProbability | 0.001 | 0.000 | 0.001 | |
| plotBarcode | 0.206 | 0.001 | 0.206 | |
| plotMultipleProtein | 0.143 | 0.001 | 0.144 | |
| replacePrediction | 0.001 | 0.000 | 0.001 | |
| sankeyPlot | 0.008 | 0.001 | 0.008 | |
| sumProbability | 0.001 | 0.000 | 0.001 | |
| svmClassification | 2.853 | 0.101 | 2.985 | |
| svmExternalData | 3.242 | 0.072 | 3.415 | |
| tsneVisualization | 0.092 | 0.002 | 0.095 | |