| Back to Multiple platform build/check report for BioC 3.22: simplified long |
|
This page was generated on 2025-10-25 12:06 -0400 (Sat, 25 Oct 2025).
| Hostname | OS | Arch (*) | R version | Installed pkgs |
|---|---|---|---|---|
| nebbiolo2 | Linux (Ubuntu 24.04.3 LTS) | x86_64 | 4.5.1 Patched (2025-08-23 r88802) -- "Great Square Root" | 4901 |
| lconway | macOS 12.7.6 Monterey | x86_64 | 4.5.1 Patched (2025-09-10 r88807) -- "Great Square Root" | 4691 |
| kjohnson3 | macOS 13.7.7 Ventura | arm64 | 4.5.1 Patched (2025-09-10 r88807) -- "Great Square Root" | 4637 |
| taishan | Linux (openEuler 24.03 LTS) | aarch64 | 4.5.0 (2025-04-11) -- "How About a Twenty-Six" | 4658 |
| Click on any hostname to see more info about the system (e.g. compilers) (*) as reported by 'uname -p', except on Windows and Mac OS X | ||||
| Package 998/2361 | Hostname | OS / Arch | INSTALL | BUILD | CHECK | BUILD BIN | ||||||||
| HiTC 1.53.1 (landing page) Nicolas Servant
| nebbiolo2 | Linux (Ubuntu 24.04.3 LTS) / x86_64 | OK | OK | WARNINGS | |||||||||
| lconway | macOS 12.7.6 Monterey / x86_64 | OK | OK | WARNINGS | OK | |||||||||
| kjohnson3 | macOS 13.7.7 Ventura / arm64 | OK | OK | WARNINGS | OK | |||||||||
| taishan | Linux (openEuler 24.03 LTS) / aarch64 | OK | NA | NA | ||||||||||
|
To the developers/maintainers of the HiTC package: - Allow up to 24 hours (and sometimes 48 hours) for your latest push to git@git.bioconductor.org:packages/HiTC.git to reflect on this report. See Troubleshooting Build Report for more information. - Use the following Renviron settings to reproduce errors and warnings. - If 'R CMD check' started to fail recently on the Linux builder(s) over a missing dependency, add the missing dependency to 'Suggests:' in your DESCRIPTION file. See Renviron.bioc for more information. |
| Package: HiTC |
| Version: 1.53.1 |
| Command: /Library/Frameworks/R.framework/Resources/bin/R CMD check --install=check:HiTC.install-out.txt --library=/Library/Frameworks/R.framework/Resources/library --no-vignettes --timings HiTC_1.53.1.tar.gz |
| StartedAt: 2025-10-24 20:13:43 -0400 (Fri, 24 Oct 2025) |
| EndedAt: 2025-10-24 20:15:26 -0400 (Fri, 24 Oct 2025) |
| EllapsedTime: 103.3 seconds |
| RetCode: 0 |
| Status: WARNINGS |
| CheckDir: HiTC.Rcheck |
| Warnings: 1 |
##############################################################################
##############################################################################
###
### Running command:
###
### /Library/Frameworks/R.framework/Resources/bin/R CMD check --install=check:HiTC.install-out.txt --library=/Library/Frameworks/R.framework/Resources/library --no-vignettes --timings HiTC_1.53.1.tar.gz
###
##############################################################################
##############################################################################
* using log directory ‘/Users/biocbuild/bbs-3.22-bioc/meat/HiTC.Rcheck’
* using R version 4.5.1 Patched (2025-09-10 r88807)
* using platform: aarch64-apple-darwin20
* R was compiled by
Apple clang version 16.0.0 (clang-1600.0.26.6)
GNU Fortran (GCC) 14.2.0
* running under: macOS Ventura 13.7.7
* using session charset: UTF-8
* using option ‘--no-vignettes’
* checking for file ‘HiTC/DESCRIPTION’ ... OK
* checking extension type ... Package
* this is package ‘HiTC’ version ‘1.53.1’
* checking package namespace information ... OK
* checking package dependencies ... OK
* checking if this is a source package ... OK
* checking if there is a namespace ... OK
* checking for hidden files and directories ... OK
* checking for portable file names ... OK
* checking for sufficient/correct file permissions ... OK
* checking whether package ‘HiTC’ can be installed ... OK
* checking installed package size ... OK
* checking package directory ... OK
* checking ‘build’ directory ... OK
* checking DESCRIPTION meta-information ... OK
* checking top-level files ... OK
* checking for left-over files ... OK
* checking index information ... OK
* checking package subdirectories ... NOTE
Problems with news in ‘NEWS’:
Cannot process chunk/lines:
SIGNIFICANT USER-VISIBLE CHANGES
Cannot process chunk/lines:
BUG FIXES
Cannot process chunk/lines:
NEW FEATURES
* checking code files for non-ASCII characters ... OK
* checking R files for syntax errors ... OK
* checking whether the package can be loaded ... OK
* checking whether the package can be loaded with stated dependencies ... OK
* checking whether the package can be unloaded cleanly ... OK
* checking whether the namespace can be loaded with stated dependencies ... OK
* checking whether the namespace can be unloaded cleanly ... OK
* checking dependencies in R code ... OK
* checking S3 generic/method consistency ... OK
* checking replacement functions ... OK
* checking foreign function calls ... OK
* checking R code for possible problems ... NOTE
directionalityIndex: no visible global function definition for
‘subjectHits’
directionalityIndex: no visible global function definition for
‘queryHits’
getBlocsIndex: no visible global function definition for ‘Rle’
getExpectedCountsMean: no visible global function definition for ‘Rle’
normLGF: no visible global function definition for ‘glm.nb’
slidingWindow: no visible binding for global variable ‘consV’
splitCombinedContacts : <anonymous>: no visible global function
definition for ‘seqlevels<-’
divide,HTCexp-HTCexp: no visible global function definition for
‘queryHits’
divide,HTCexp-HTCexp: no visible global function definition for
‘subjectHits’
isBinned,HTCexp: no visible global function definition for
‘countMatches’
substract,HTCexp-HTCexp: no visible global function definition for
‘queryHits’
substract,HTCexp-HTCexp: no visible global function definition for
‘subjectHits’
Undefined global functions or variables:
Rle consV countMatches glm.nb queryHits seqlevels<- subjectHits
* checking Rd files ... WARNING
checkRd: (5) HTClist-class.Rd:52-54: \item in \describe must have non-empty label
* checking Rd metadata ... OK
* checking Rd cross-references ... NOTE
Found the following Rd file(s) with Rd \link{} targets missing package
anchors:
import.my5C.Rd: Matrix-class
Please provide package anchors for all Rd \link{} targets not in the
package itself and the base packages.
* checking for missing documentation entries ... OK
* checking for code/documentation mismatches ... OK
* checking Rd \usage sections ... OK
* checking Rd contents ... OK
* checking for unstated dependencies in examples ... OK
* checking contents of ‘data’ directory ... OK
* checking data for non-ASCII characters ... OK
* checking data for ASCII and uncompressed saves ... OK
* checking sizes of PDF files under ‘inst/doc’ ... OK
* checking files in ‘vignettes’ ... OK
* checking examples ... OK
Examples with CPU (user + system) or elapsed time > 5s
user system elapsed
directionalityIndex 7.712 0.124 7.856
* checking for unstated dependencies in vignettes ... OK
* checking package vignettes ... OK
* checking running R code from vignettes ... SKIPPED
* checking re-building of vignette outputs ... SKIPPED
* checking PDF version of manual ... OK
* DONE
Status: 1 WARNING, 3 NOTEs
See
‘/Users/biocbuild/bbs-3.22-bioc/meat/HiTC.Rcheck/00check.log’
for details.
HiTC.Rcheck/00install.out
############################################################################## ############################################################################## ### ### Running command: ### ### /Library/Frameworks/R.framework/Resources/bin/R CMD INSTALL HiTC ### ############################################################################## ############################################################################## * installing to library ‘/Library/Frameworks/R.framework/Versions/4.5-arm64/Resources/library’ * installing *source* package ‘HiTC’ ... ** this is package ‘HiTC’ version ‘1.53.1’ ** using staged installation ** R ** data ** inst ** byte-compile and prepare package for lazy loading ** help *** installing help indices ** building package indices ** installing vignettes ** testing if installed package can be loaded from temporary location ** testing if installed package can be loaded from final location ** testing if installed package keeps a record of temporary installation path * DONE (HiTC)
HiTC.Rcheck/HiTC-Ex.timings
| name | user | system | elapsed | |
| CQC | 1.775 | 0.104 | 2.074 | |
| HTCexp-class | 1.045 | 0.043 | 1.106 | |
| HTClist-class | 0.378 | 0.013 | 0.393 | |
| Nora_5C | 0.066 | 0.003 | 0.069 | |
| binningC | 0.314 | 0.005 | 0.324 | |
| directionalityIndex | 7.712 | 0.124 | 7.856 | |
| discretize | 0 | 0 | 0 | |
| export.my5C | 0 | 0 | 0 | |
| exportC | 0.001 | 0.000 | 0.000 | |
| extractRegion | 0.101 | 0.002 | 0.103 | |
| getAnnotatedRestrictionSites | 0 | 0 | 0 | |
| getExpectedCounts | 0.721 | 0.212 | 0.930 | |
| getPearsonMap | 0.159 | 0.008 | 0.169 | |
| getRestrictionFragmentsPerChromosome | 0 | 0 | 0 | |
| import.my5C | 0.028 | 0.000 | 0.032 | |
| importC | 0 | 0 | 0 | |
| intervalsDist | 0.125 | 0.018 | 0.143 | |
| mapC | 1.185 | 0.116 | 1.308 | |
| normICE | 0 | 0 | 0 | |
| normLGF | 0.001 | 0.000 | 0.000 | |
| pca.hic | 0.143 | 0.004 | 0.146 | |
| removeIntervals | 0.082 | 0.003 | 0.085 | |
| setGenomicFeatures | 0 | 0 | 0 | |
| setIntervalScale | 0.259 | 0.006 | 0.265 | |