| Back to Multiple platform build/check report for BioC 3.19: simplified long | 
 | 
This page was generated on 2024-10-18 20:38 -0400 (Fri, 18 Oct 2024).
| Hostname | OS | Arch (*) | R version | Installed pkgs | 
|---|---|---|---|---|
| nebbiolo1 | Linux (Ubuntu 22.04.3 LTS) | x86_64 | 4.4.1 (2024-06-14) -- "Race for Your Life" | 4763 | 
| palomino7 | Windows Server 2022 Datacenter | x64 | 4.4.1 (2024-06-14 ucrt) -- "Race for Your Life" | 4500 | 
| merida1 | macOS 12.7.5 Monterey | x86_64 | 4.4.1 (2024-06-14) -- "Race for Your Life" | 4530 | 
| kjohnson1 | macOS 13.6.6 Ventura | arm64 | 4.4.1 (2024-06-14) -- "Race for Your Life" | 4480 | 
| Click on any hostname to see more info about the system (e.g. compilers) (*) as reported by 'uname -p', except on Windows and Mac OS X | ||||
| Package 1273/2300 | Hostname | OS / Arch | INSTALL | BUILD | CHECK | BUILD BIN | ||||||||
| mina 1.12.0  (landing page) Rui Guan 
 | nebbiolo1 | Linux (Ubuntu 22.04.3 LTS) / x86_64 | OK | OK | WARNINGS |  | ||||||||
| palomino7 | Windows Server 2022 Datacenter / x64 | OK | OK | WARNINGS | OK |  | ||||||||
| merida1 | macOS 12.7.5 Monterey / x86_64 | OK | OK | WARNINGS | OK |  | ||||||||
| kjohnson1 | macOS 13.6.6 Ventura / arm64 | OK | OK | WARNINGS | OK |  | ||||||||
| To the developers/maintainers of the mina package: - Allow up to 24 hours (and sometimes 48 hours) for your latest push to git@git.bioconductor.org:packages/mina.git to reflect on this report. See Troubleshooting Build Report for more information. - Use the following Renviron settings to reproduce errors and warnings. - If 'R CMD check' started to fail recently on the Linux builder(s) over a missing dependency, add the missing dependency to 'Suggests:' in your DESCRIPTION file. See Renviron.bioc for more information. | 
| Package: mina | 
| Version: 1.12.0 | 
| Command: /home/biocbuild/bbs-3.19-bioc/R/bin/R CMD check --install=check:mina.install-out.txt --library=/home/biocbuild/bbs-3.19-bioc/R/site-library --timings mina_1.12.0.tar.gz | 
| StartedAt: 2024-10-17 02:27:32 -0400 (Thu, 17 Oct 2024) | 
| EndedAt: 2024-10-17 02:32:20 -0400 (Thu, 17 Oct 2024) | 
| EllapsedTime: 288.5 seconds | 
| RetCode: 0 | 
| Status: WARNINGS | 
| CheckDir: mina.Rcheck | 
| Warnings: 1 | 
##############################################################################
##############################################################################
###
### Running command:
###
###   /home/biocbuild/bbs-3.19-bioc/R/bin/R CMD check --install=check:mina.install-out.txt --library=/home/biocbuild/bbs-3.19-bioc/R/site-library --timings mina_1.12.0.tar.gz
###
##############################################################################
##############################################################################
* using log directory ‘/home/biocbuild/bbs-3.19-bioc/meat/mina.Rcheck’
* using R version 4.4.1 (2024-06-14)
* using platform: x86_64-pc-linux-gnu
* R was compiled by
    gcc (Ubuntu 11.4.0-1ubuntu1~22.04) 11.4.0
    GNU Fortran (Ubuntu 11.4.0-1ubuntu1~22.04) 11.4.0
* running under: Ubuntu 22.04.5 LTS
* using session charset: UTF-8
* checking for file ‘mina/DESCRIPTION’ ... OK
* this is package ‘mina’ version ‘1.12.0’
* package encoding: UTF-8
* checking package namespace information ... OK
* checking package dependencies ... OK
* checking if this is a source package ... OK
* checking if there is a namespace ... OK
* checking for hidden files and directories ... OK
* checking for portable file names ... OK
* checking for sufficient/correct file permissions ... OK
* checking whether package ‘mina’ can be installed ... OK
* used C++ compiler: ‘g++ (Ubuntu 11.4.0-1ubuntu1~22.04) 11.4.0’
* checking installed package size ... NOTE
  installed size is  8.7Mb
  sub-directories of 1Mb or more:
    data   7.6Mb
* checking package directory ... OK
* checking ‘build’ directory ... OK
* checking DESCRIPTION meta-information ... OK
* checking top-level files ... OK
* checking for left-over files ... OK
* checking index information ... OK
* checking package subdirectories ... OK
* checking code files for non-ASCII characters ... OK
* checking R files for syntax errors ... OK
* checking whether the package can be loaded ... OK
* checking whether the package can be loaded with stated dependencies ... OK
* checking whether the package can be unloaded cleanly ... OK
* checking whether the namespace can be loaded with stated dependencies ... OK
* checking whether the namespace can be unloaded cleanly ... OK
* checking loading without being on the library search path ... OK
* checking dependencies in R code ... OK
* checking S3 generic/method consistency ... OK
* checking replacement functions ... OK
* checking foreign function calls ... OK
* checking R code for possible problems ... NOTE
sparcc: no visible binding for global variable ‘i’
net_dis_pcoa,character: no visible binding for global variable ‘y’
net_dis_pcoa,character: no visible binding for global variable ‘Group’
net_dis_plot,mina: no visible binding for global variable ‘Group1’
net_dis_plot,mina: no visible binding for global variable ‘Group2’
net_dis_plot,mina: no visible binding for global variable ‘Distance’
net_dis_plot,mina: no visible binding for global variable ‘Sig’
Undefined global functions or variables:
  Distance Group Group1 Group2 Sig i y
* checking Rd files ... NOTE
checkRd: (-1) re_format_AP.Rd:10: Lost braces; missing escapes or markup?
    10 | \item{x}{an {APResult} object from \pkg{apcluster}.}
       |             ^
* checking Rd metadata ... OK
* checking Rd cross-references ... OK
* checking for missing documentation entries ... OK
* checking for code/documentation mismatches ... OK
* checking Rd \usage sections ... OK
* checking Rd contents ... OK
* checking for unstated dependencies in examples ... OK
* checking contents of ‘data’ directory ... OK
* checking data for non-ASCII characters ... OK
* checking LazyData ... WARNING
  LazyData DB of 7.6 MB without LazyDataCompression set
  See §1.1.6 of 'Writing R Extensions'
* checking data for ASCII and uncompressed saves ... OK
* checking line endings in C/C++/Fortran sources/headers ... OK
* checking compiled code ... NOTE
Note: information on .o files is not available
* checking files in ‘vignettes’ ... OK
* checking examples ... OK
Examples with CPU (user + system) or elapsed time > 5s
                    user system elapsed
net_dis_plot      43.475  3.524  28.484
net_dis-mina      23.531  1.458  15.604
dis_stat_accessor 18.525  1.801  12.546
com_plot-mina     16.797  0.250   1.500
net_cls-mina      15.014  0.171  14.715
bs_pm-mina        12.374  1.332   6.271
net_dis            5.599  1.142   1.986
net_cls            6.584  0.137   6.079
net_cls-matrix     6.620  0.049   6.210
* checking for unstated dependencies in vignettes ... OK
* checking package vignettes ... OK
* checking re-building of vignette outputs ... OK
* checking PDF version of manual ... OK
* DONE
Status: 1 WARNING, 4 NOTEs
See
  ‘/home/biocbuild/bbs-3.19-bioc/meat/mina.Rcheck/00check.log’
for details.
mina.Rcheck/00install.out
############################################################################## ############################################################################## ### ### Running command: ### ### /home/biocbuild/bbs-3.19-bioc/R/bin/R CMD INSTALL mina ### ############################################################################## ############################################################################## * installing to library ‘/home/biocbuild/bbs-3.19-bioc/R/site-library’ * installing *source* package ‘mina’ ... ** using staged installation ** libs using C++ compiler: ‘g++ (Ubuntu 11.4.0-1ubuntu1~22.04) 11.4.0’ g++ -std=gnu++17 -I"/home/biocbuild/bbs-3.19-bioc/R/include" -DNDEBUG -I'/home/biocbuild/bbs-3.19-bioc/R/site-library/Rcpp/include' -I'/home/biocbuild/bbs-3.19-bioc/R/site-library/RcppParallel/include' -I'/home/biocbuild/bbs-3.19-bioc/R/site-library/RcppArmadillo/include' -I/usr/local/include -fpic -g -O2 -Wall -c RcppExports.cpp -o RcppExports.o g++ -std=gnu++17 -I"/home/biocbuild/bbs-3.19-bioc/R/include" -DNDEBUG -I'/home/biocbuild/bbs-3.19-bioc/R/site-library/Rcpp/include' -I'/home/biocbuild/bbs-3.19-bioc/R/site-library/RcppParallel/include' -I'/home/biocbuild/bbs-3.19-bioc/R/site-library/RcppArmadillo/include' -I/usr/local/include -fpic -g -O2 -Wall -c cp_cor.cpp -o cp_cor.o g++ -std=gnu++17 -shared -L/home/biocbuild/bbs-3.19-bioc/R/lib -L/usr/local/lib -o mina.so RcppExports.o cp_cor.o -L/home/biocbuild/bbs-3.19-bioc/R/lib -lR installing to /home/biocbuild/bbs-3.19-bioc/R/site-library/00LOCK-mina/00new/mina/libs ** R ** data *** moving datasets to lazyload DB ** byte-compile and prepare package for lazy loading Creating a new generic function for ‘norm’ in package ‘mina’ ** help *** installing help indices ** building package indices ** installing vignettes ** testing if installed package can be loaded from temporary location ** checking absolute paths in shared objects and dynamic libraries ** testing if installed package can be loaded from final location ** testing if installed package keeps a record of temporary installation path * DONE (mina)
mina.Rcheck/mina-Ex.timings
| name | user | system | elapsed | |
| adj-matrix | 0.625 | 0.113 | 0.344 | |
| adj-mina | 0.873 | 0.026 | 0.488 | |
| adj | 1.084 | 0.004 | 0.617 | |
| adj_method_list | 0.066 | 0.006 | 0.076 | |
| bs_pm-mina | 12.374 | 1.332 | 6.271 | |
| bs_pm | 4.032 | 0.475 | 1.792 | |
| check_mina | 0.061 | 0.015 | 0.076 | |
| check_mina_de | 0.059 | 0.012 | 0.070 | |
| check_mina_qu | 0.065 | 0.003 | 0.068 | |
| cls_tab | 0.063 | 0.008 | 0.071 | |
| com_dis-matrix | 0.595 | 0.082 | 0.268 | |
| com_dis-mina | 0.419 | 0.005 | 0.058 | |
| com_dis | 0.620 | 0.006 | 0.270 | |
| com_dis_list | 0.079 | 0.016 | 0.095 | |
| com_plot-mina | 16.797 | 0.250 | 1.500 | |
| com_plot | 0.157 | 0.001 | 0.136 | |
| com_r2-mina | 0.814 | 0.003 | 0.483 | |
| com_r2 | 1.047 | 0.003 | 0.590 | |
| data-hmp | 0.002 | 0.000 | 0.001 | |
| data-maize | 0.001 | 0.000 | 0.001 | |
| des_accessor | 0.003 | 0.000 | 0.003 | |
| dis_accessor | 0.373 | 0.004 | 0.040 | |
| dis_stat_accessor | 18.525 | 1.801 | 12.546 | |
| dmr-matrix | 0.697 | 0.007 | 0.346 | |
| dmr-mina | 0.669 | 0.030 | 0.352 | |
| dmr | 0.694 | 0.013 | 0.355 | |
| dmr_accessor | 0.676 | 0.005 | 0.341 | |
| fit_tabs-mina | 0.586 | 0.051 | 0.636 | |
| fit_tabs | 0.889 | 0.030 | 0.918 | |
| get_net_cls_tab-matrix-data.frame-method | 2.653 | 0.030 | 2.263 | |
| get_net_cls_tab | 2.968 | 0.026 | 2.525 | |
| get_r2-mat | 0.949 | 0.004 | 0.556 | |
| get_r2 | 0.810 | 0.009 | 0.481 | |
| get_rep-matrix | 0.324 | 0.012 | 0.337 | |
| get_rep-mima | 0.769 | 0.014 | 0.782 | |
| hmp_des | 0.000 | 0.001 | 0.002 | |
| hmp_otu | 0.001 | 0.000 | 0.001 | |
| maize_asv | 0.001 | 0.000 | 0.001 | |
| maize_asv2 | 0.001 | 0.000 | 0.001 | |
| maize_des | 0.001 | 0.000 | 0.001 | |
| maize_des2 | 0.001 | 0.000 | 0.001 | |
| mina-class | 0.001 | 0.000 | 0.001 | |
| net_cls-matrix | 6.620 | 0.049 | 6.210 | |
| net_cls-mina | 15.014 | 0.171 | 14.715 | |
| net_cls | 6.584 | 0.137 | 6.079 | |
| net_cls_tab-mina-method | 1.809 | 0.020 | 1.387 | |
| net_cls_tab | 2.655 | 0.094 | 2.142 | |
| net_dis-mina | 23.531 | 1.458 | 15.604 | |
| net_dis | 5.599 | 1.142 | 1.986 | |
| net_dis_indi | 0.001 | 0.000 | 0.001 | |
| net_dis_pcoa | 0.000 | 0.001 | 0.001 | |
| net_dis_plot | 43.475 | 3.524 | 28.484 | |
| net_grp_cmp | 0 | 0 | 0 | |
| net_node_cmp | 0 | 0 | 0 | |
| norm_accessor | 0.028 | 0.000 | 0.027 | |
| norm_tab-matrix | 0.753 | 0.016 | 0.770 | |
| norm_tab-mina | 0.966 | 0.080 | 1.046 | |
| norm_tab | 0.029 | 0.000 | 0.029 | |
| norm_tab_method_list | 0.058 | 0.004 | 0.064 | |
| pcoa_plot | 1.493 | 0.020 | 0.805 | |
| sim_par | 0.000 | 0.000 | 0.001 | |
| sparcc | 0 | 0 | 0 | |
| tab_accessor | 0.001 | 0.000 | 0.000 | |
| tina-matrix-method | 0.001 | 0.000 | 0.000 | |
| tina | 0.000 | 0.000 | 0.001 | |