| Back to Multiple platform build/check report for BioC 3.19: simplified long |
|
This page was generated on 2024-10-18 20:41 -0400 (Fri, 18 Oct 2024).
| Hostname | OS | Arch (*) | R version | Installed pkgs |
|---|---|---|---|---|
| nebbiolo1 | Linux (Ubuntu 22.04.3 LTS) | x86_64 | 4.4.1 (2024-06-14) -- "Race for Your Life" | 4763 |
| palomino7 | Windows Server 2022 Datacenter | x64 | 4.4.1 (2024-06-14 ucrt) -- "Race for Your Life" | 4500 |
| merida1 | macOS 12.7.5 Monterey | x86_64 | 4.4.1 (2024-06-14) -- "Race for Your Life" | 4530 |
| kjohnson1 | macOS 13.6.6 Ventura | arm64 | 4.4.1 (2024-06-14) -- "Race for Your Life" | 4480 |
| Click on any hostname to see more info about the system (e.g. compilers) (*) as reported by 'uname -p', except on Windows and Mac OS X | ||||
| Package 1273/2300 | Hostname | OS / Arch | INSTALL | BUILD | CHECK | BUILD BIN | ||||||||
| mina 1.12.0 (landing page) Rui Guan
| nebbiolo1 | Linux (Ubuntu 22.04.3 LTS) / x86_64 | OK | OK | WARNINGS | |||||||||
| palomino7 | Windows Server 2022 Datacenter / x64 | OK | OK | WARNINGS | OK | |||||||||
| merida1 | macOS 12.7.5 Monterey / x86_64 | OK | OK | WARNINGS | OK | |||||||||
| kjohnson1 | macOS 13.6.6 Ventura / arm64 | OK | OK | WARNINGS | OK | |||||||||
|
To the developers/maintainers of the mina package: - Allow up to 24 hours (and sometimes 48 hours) for your latest push to git@git.bioconductor.org:packages/mina.git to reflect on this report. See Troubleshooting Build Report for more information. - Use the following Renviron settings to reproduce errors and warnings. - If 'R CMD check' started to fail recently on the Linux builder(s) over a missing dependency, add the missing dependency to 'Suggests:' in your DESCRIPTION file. See Renviron.bioc for more information. |
| Package: mina |
| Version: 1.12.0 |
| Command: /Library/Frameworks/R.framework/Resources/bin/R CMD check --install=check:mina.install-out.txt --library=/Library/Frameworks/R.framework/Resources/library --no-vignettes --timings mina_1.12.0.tar.gz |
| StartedAt: 2024-10-17 08:38:14 -0400 (Thu, 17 Oct 2024) |
| EndedAt: 2024-10-17 08:56:23 -0400 (Thu, 17 Oct 2024) |
| EllapsedTime: 1088.7 seconds |
| RetCode: 0 |
| Status: WARNINGS |
| CheckDir: mina.Rcheck |
| Warnings: 1 |
##############################################################################
##############################################################################
###
### Running command:
###
### /Library/Frameworks/R.framework/Resources/bin/R CMD check --install=check:mina.install-out.txt --library=/Library/Frameworks/R.framework/Resources/library --no-vignettes --timings mina_1.12.0.tar.gz
###
##############################################################################
##############################################################################
* using log directory ‘/Users/biocbuild/bbs-3.19-bioc/meat/mina.Rcheck’
* using R version 4.4.1 (2024-06-14)
* using platform: x86_64-apple-darwin20
* R was compiled by
Apple clang version 14.0.0 (clang-1400.0.29.202)
GNU Fortran (GCC) 12.2.0
* running under: macOS Monterey 12.7.6
* using session charset: UTF-8
* using option ‘--no-vignettes’
* checking for file ‘mina/DESCRIPTION’ ... OK
* this is package ‘mina’ version ‘1.12.0’
* package encoding: UTF-8
* checking package namespace information ... OK
* checking package dependencies ... OK
* checking if this is a source package ... OK
* checking if there is a namespace ... OK
* checking for hidden files and directories ... OK
* checking for portable file names ... OK
* checking for sufficient/correct file permissions ... OK
* checking whether package ‘mina’ can be installed ... OK
* used C++ compiler: ‘Apple clang version 14.0.0 (clang-1400.0.29.202)’
* used SDK: ‘MacOSX11.3.sdk’
* checking installed package size ... NOTE
installed size is 8.0Mb
sub-directories of 1Mb or more:
data 7.4Mb
* checking package directory ... OK
* checking ‘build’ directory ... OK
* checking DESCRIPTION meta-information ... OK
* checking top-level files ... OK
* checking for left-over files ... OK
* checking index information ... OK
* checking package subdirectories ... OK
* checking code files for non-ASCII characters ... OK
* checking R files for syntax errors ... OK
* checking whether the package can be loaded ... OK
* checking whether the package can be loaded with stated dependencies ... OK
* checking whether the package can be unloaded cleanly ... OK
* checking whether the namespace can be loaded with stated dependencies ... OK
* checking whether the namespace can be unloaded cleanly ... OK
* checking dependencies in R code ... OK
* checking S3 generic/method consistency ... OK
* checking replacement functions ... OK
* checking foreign function calls ... OK
* checking R code for possible problems ... NOTE
sparcc: no visible binding for global variable ‘i’
net_dis_pcoa,character: no visible binding for global variable ‘y’
net_dis_pcoa,character: no visible binding for global variable ‘Group’
net_dis_plot,mina: no visible binding for global variable ‘Group1’
net_dis_plot,mina: no visible binding for global variable ‘Group2’
net_dis_plot,mina: no visible binding for global variable ‘Distance’
net_dis_plot,mina: no visible binding for global variable ‘Sig’
Undefined global functions or variables:
Distance Group Group1 Group2 Sig i y
* checking Rd files ... NOTE
checkRd: (-1) re_format_AP.Rd:10: Lost braces; missing escapes or markup?
10 | \item{x}{an {APResult} object from \pkg{apcluster}.}
| ^
* checking Rd metadata ... OK
* checking Rd cross-references ... OK
* checking for missing documentation entries ... OK
* checking for code/documentation mismatches ... OK
* checking Rd \usage sections ... OK
* checking Rd contents ... OK
* checking for unstated dependencies in examples ... OK
* checking contents of ‘data’ directory ... OK
* checking data for non-ASCII characters ... OK
* checking LazyData ... WARNING
LazyData DB of 7.4 MB without LazyDataCompression set
See §1.1.6 of 'Writing R Extensions'
* checking data for ASCII and uncompressed saves ... OK
* checking line endings in C/C++/Fortran sources/headers ... OK
* checking compiled code ... NOTE
Note: information on .o files is not available
* checking files in ‘vignettes’ ... OK
* checking examples ... OK
Examples with CPU (user + system) or elapsed time > 5s
user system elapsed
net_dis_plot 51.488 10.948 62.745
net_dis-mina 26.830 4.742 33.218
com_plot-mina 20.708 3.370 5.252
dis_stat_accessor 20.617 3.223 25.478
net_cls-mina 20.819 0.735 27.790
bs_pm-mina 12.276 1.438 15.076
net_cls-matrix 11.126 0.413 14.236
net_cls 11.063 0.316 14.687
get_net_cls_tab 3.865 0.556 5.105
* checking for unstated dependencies in vignettes ... OK
* checking package vignettes ... OK
* checking running R code from vignettes ... SKIPPED
* checking re-building of vignette outputs ... SKIPPED
* checking PDF version of manual ... OK
* DONE
Status: 1 WARNING, 4 NOTEs
See
‘/Users/biocbuild/bbs-3.19-bioc/meat/mina.Rcheck/00check.log’
for details.
mina.Rcheck/00install.out
############################################################################## ############################################################################## ### ### Running command: ### ### /Library/Frameworks/R.framework/Resources/bin/R CMD INSTALL mina ### ############################################################################## ############################################################################## * installing to library ‘/Library/Frameworks/R.framework/Versions/4.4-x86_64/Resources/library’ * installing *source* package ‘mina’ ... ** using staged installation ** libs using C++ compiler: ‘Apple clang version 14.0.0 (clang-1400.0.29.202)’ using SDK: ‘MacOSX11.3.sdk’ clang++ -arch x86_64 -std=gnu++17 -I"/Library/Frameworks/R.framework/Resources/include" -DNDEBUG -I'/Library/Frameworks/R.framework/Versions/4.4-x86_64/Resources/library/Rcpp/include' -I'/Library/Frameworks/R.framework/Versions/4.4-x86_64/Resources/library/RcppParallel/include' -I'/Library/Frameworks/R.framework/Versions/4.4-x86_64/Resources/library/RcppArmadillo/include' -I/opt/R/x86_64/include -fPIC -falign-functions=64 -Wall -g -O2 -c RcppExports.cpp -o RcppExports.o clang++ -arch x86_64 -std=gnu++17 -I"/Library/Frameworks/R.framework/Resources/include" -DNDEBUG -I'/Library/Frameworks/R.framework/Versions/4.4-x86_64/Resources/library/Rcpp/include' -I'/Library/Frameworks/R.framework/Versions/4.4-x86_64/Resources/library/RcppParallel/include' -I'/Library/Frameworks/R.framework/Versions/4.4-x86_64/Resources/library/RcppArmadillo/include' -I/opt/R/x86_64/include -fPIC -falign-functions=64 -Wall -g -O2 -c cp_cor.cpp -o cp_cor.o clang++ -arch x86_64 -std=gnu++17 -dynamiclib -Wl,-headerpad_max_install_names -undefined dynamic_lookup -L/Library/Frameworks/R.framework/Resources/lib -L/opt/R/x86_64/lib -o mina.so RcppExports.o cp_cor.o -F/Library/Frameworks/R.framework/.. -framework R -Wl,-framework -Wl,CoreFoundation installing to /Library/Frameworks/R.framework/Versions/4.4-x86_64/Resources/library/00LOCK-mina/00new/mina/libs ** R ** data *** moving datasets to lazyload DB ** byte-compile and prepare package for lazy loading Creating a new generic function for ‘norm’ in package ‘mina’ ** help *** installing help indices ** building package indices ** installing vignettes ** testing if installed package can be loaded from temporary location ** checking absolute paths in shared objects and dynamic libraries ** testing if installed package can be loaded from final location ** testing if installed package keeps a record of temporary installation path * DONE (mina)
mina.Rcheck/mina-Ex.timings
| name | user | system | elapsed | |
| adj-matrix | 0.857 | 0.070 | 0.894 | |
| adj-mina | 1.323 | 0.061 | 1.491 | |
| adj | 1.321 | 0.071 | 1.416 | |
| adj_method_list | 0.124 | 0.084 | 0.435 | |
| bs_pm-mina | 12.276 | 1.438 | 15.076 | |
| bs_pm | 2.664 | 0.335 | 3.617 | |
| check_mina | 0.107 | 0.051 | 0.195 | |
| check_mina_de | 0.103 | 0.049 | 0.179 | |
| check_mina_qu | 0.105 | 0.051 | 0.177 | |
| cls_tab | 0.101 | 0.056 | 0.192 | |
| com_dis-matrix | 1.903 | 0.021 | 0.755 | |
| com_dis-mina | 1.144 | 0.020 | 0.230 | |
| com_dis | 1.920 | 0.052 | 0.802 | |
| com_dis_list | 0.208 | 0.062 | 0.345 | |
| com_plot-mina | 20.708 | 3.370 | 5.252 | |
| com_plot | 0.295 | 0.019 | 0.353 | |
| com_r2-mina | 2.292 | 0.030 | 1.130 | |
| com_r2 | 1.725 | 0.066 | 1.601 | |
| data-hmp | 0.002 | 0.004 | 0.007 | |
| data-maize | 0.002 | 0.003 | 0.004 | |
| des_accessor | 0.005 | 0.002 | 0.010 | |
| dis_accessor | 1.134 | 0.017 | 0.183 | |
| dis_stat_accessor | 20.617 | 3.223 | 25.478 | |
| dmr-matrix | 1.945 | 0.022 | 0.788 | |
| dmr-mina | 2.013 | 0.030 | 0.835 | |
| dmr | 2.077 | 0.121 | 1.028 | |
| dmr_accessor | 1.919 | 0.024 | 0.712 | |
| fit_tabs-mina | 1.082 | 0.341 | 1.583 | |
| fit_tabs | 1.524 | 0.153 | 1.767 | |
| get_net_cls_tab-matrix-data.frame-method | 3.537 | 0.423 | 4.314 | |
| get_net_cls_tab | 3.865 | 0.556 | 5.105 | |
| get_r2-mat | 2.253 | 0.031 | 1.143 | |
| get_r2 | 2.335 | 0.146 | 1.352 | |
| get_rep-matrix | 0.434 | 0.010 | 0.465 | |
| get_rep-mima | 1.222 | 0.041 | 1.665 | |
| hmp_des | 0.001 | 0.003 | 0.007 | |
| hmp_otu | 0.001 | 0.002 | 0.004 | |
| maize_asv | 0.002 | 0.002 | 0.006 | |
| maize_asv2 | 0.001 | 0.003 | 0.004 | |
| maize_des | 0.002 | 0.003 | 0.017 | |
| maize_des2 | 0.002 | 0.002 | 0.007 | |
| mina-class | 0.002 | 0.000 | 0.003 | |
| net_cls-matrix | 11.126 | 0.413 | 14.236 | |
| net_cls-mina | 20.819 | 0.735 | 27.790 | |
| net_cls | 11.063 | 0.316 | 14.687 | |
| net_cls_tab-mina-method | 2.816 | 0.039 | 3.033 | |
| net_cls_tab | 3.367 | 0.194 | 3.950 | |
| net_dis-mina | 26.830 | 4.742 | 33.218 | |
| net_dis | 2.403 | 0.468 | 3.139 | |
| net_dis_indi | 0.000 | 0.001 | 0.002 | |
| net_dis_pcoa | 0.001 | 0.002 | 0.001 | |
| net_dis_plot | 51.488 | 10.948 | 62.745 | |
| net_grp_cmp | 0.000 | 0.001 | 0.001 | |
| net_node_cmp | 0.000 | 0.000 | 0.001 | |
| norm_accessor | 0.048 | 0.002 | 0.076 | |
| norm_tab-matrix | 1.538 | 0.010 | 1.574 | |
| norm_tab-mina | 1.790 | 0.417 | 2.292 | |
| norm_tab | 0.054 | 0.001 | 0.057 | |
| norm_tab_method_list | 0.107 | 0.049 | 2.626 | |
| pcoa_plot | 4.250 | 0.133 | 2.411 | |
| sim_par | 0.000 | 0.001 | 0.001 | |
| sparcc | 0.001 | 0.000 | 0.001 | |
| tab_accessor | 0.000 | 0.002 | 0.002 | |
| tina-matrix-method | 0.001 | 0.001 | 0.001 | |
| tina | 0.000 | 0.000 | 0.001 | |