| Back to Multiple platform build/check report for BioC 3.19: simplified long |
|
This page was generated on 2024-10-15 21:54 -0400 (Tue, 15 Oct 2024).
| Hostname | OS | Arch (*) | R version | Installed pkgs |
|---|---|---|---|---|
| nebbiolo1 | Linux (Ubuntu 22.04.3 LTS) | x86_64 | 4.4.1 (2024-06-14) -- "Race for Your Life" | 4763 |
| merida1 | macOS 12.7.5 Monterey | x86_64 | 4.4.1 (2024-06-14) -- "Race for Your Life" | 4529 |
| kjohnson1 | macOS 13.6.6 Ventura | arm64 | 4.4.1 (2024-06-14) -- "Race for Your Life" | 4479 |
| Click on any hostname to see more info about the system (e.g. compilers) (*) as reported by 'uname -p', except on Windows and Mac OS X | ||||
| Package 527/2300 | Hostname | OS / Arch | INSTALL | BUILD | CHECK | BUILD BIN | ||||||||
| decoupleR 2.10.0 (landing page) Pau Badia-i-Mompel
| nebbiolo1 | Linux (Ubuntu 22.04.3 LTS) / x86_64 | OK | OK | WARNINGS | |||||||||
| merida1 | macOS 12.7.5 Monterey / x86_64 | OK | OK | TIMEOUT | OK | |||||||||
| kjohnson1 | macOS 13.6.6 Ventura / arm64 | OK | OK | ERROR | OK | |||||||||
|
To the developers/maintainers of the decoupleR package: - Allow up to 24 hours (and sometimes 48 hours) for your latest push to git@git.bioconductor.org:packages/decoupleR.git to reflect on this report. See Troubleshooting Build Report for more information. - Use the following Renviron settings to reproduce errors and warnings. - If 'R CMD check' started to fail recently on the Linux builder(s) over a missing dependency, add the missing dependency to 'Suggests:' in your DESCRIPTION file. See Renviron.bioc for more information. |
| Package: decoupleR |
| Version: 2.10.0 |
| Command: /Library/Frameworks/R.framework/Resources/bin/R CMD check --install=check:decoupleR.install-out.txt --library=/Library/Frameworks/R.framework/Resources/library --no-vignettes --timings decoupleR_2.10.0.tar.gz |
| StartedAt: 2024-10-14 03:37:31 -0400 (Mon, 14 Oct 2024) |
| EndedAt: 2024-10-14 04:17:31 -0400 (Mon, 14 Oct 2024) |
| EllapsedTime: 2400.3 seconds |
| RetCode: None |
| Status: TIMEOUT |
| CheckDir: decoupleR.Rcheck |
| Warnings: NA |
##############################################################################
##############################################################################
###
### Running command:
###
### /Library/Frameworks/R.framework/Resources/bin/R CMD check --install=check:decoupleR.install-out.txt --library=/Library/Frameworks/R.framework/Resources/library --no-vignettes --timings decoupleR_2.10.0.tar.gz
###
##############################################################################
##############################################################################
* using log directory ‘/Users/biocbuild/bbs-3.19-bioc/meat/decoupleR.Rcheck’
* using R version 4.4.1 (2024-06-14)
* using platform: x86_64-apple-darwin20
* R was compiled by
Apple clang version 14.0.0 (clang-1400.0.29.202)
GNU Fortran (GCC) 12.2.0
* running under: macOS Monterey 12.7.6
* using session charset: UTF-8
* using option ‘--no-vignettes’
* checking for file ‘decoupleR/DESCRIPTION’ ... OK
* checking extension type ... Package
* this is package ‘decoupleR’ version ‘2.10.0’
* package encoding: UTF-8
* checking package namespace information ... OK
* checking package dependencies ... OK
* checking if this is a source package ... OK
* checking if there is a namespace ... OK
* checking for hidden files and directories ... OK
* checking for portable file names ... OK
* checking for sufficient/correct file permissions ... OK
* checking whether package ‘decoupleR’ can be installed ... OK
* checking installed package size ... OK
* checking package directory ... OK
* checking ‘build’ directory ... OK
* checking DESCRIPTION meta-information ... OK
* checking top-level files ... OK
* checking for left-over files ... OK
* checking index information ... OK
* checking package subdirectories ... OK
* checking code files for non-ASCII characters ... OK
* checking R files for syntax errors ... OK
* checking whether the package can be loaded ... OK
* checking whether the package can be loaded with stated dependencies ... OK
* checking whether the package can be unloaded cleanly ... OK
* checking whether the namespace can be loaded with stated dependencies ... OK
* checking whether the namespace can be unloaded cleanly ... OK
* checking dependencies in R code ... NOTE
[2024-10-14 03:38:49] [TRACE] [OmnipathR] Reading JSON from `/Users/biocbuild/Library/Caches/OmnipathR/cache.json` (encoding: UTF-8).
[2024-10-14 03:38:49] [TRACE] [OmnipathR] JSON validation successful: TRUE
[2024-10-14 03:38:49] [INFO] [OmnipathR] Initialized cache: `/Users/biocbuild/Library/Caches/OmnipathR`.
[2024-10-14 03:38:49] [TRACE] [OmnipathR] Running on a build server, wiping cache.
[2024-10-14 03:38:49] [TRACE] [OmnipathR] Cache is at `/Users/biocbuild/Library/Caches/OmnipathR`.
[2024-10-14 03:38:49] [TRACE] [OmnipathR] Contains 8 files.
[2024-10-14 03:38:49] [TRACE] [OmnipathR] Cache is locked: FALSE.
[2024-10-14 03:38:49] [TRACE] [OmnipathR] Reading JSON from `/Users/biocbuild/Library/Caches/OmnipathR/cache.json` (encoding: UTF-8).
[2024-10-14 03:38:49] [TRACE] [OmnipathR] JSON validation successful: TRUE
[2024-10-14 03:38:49] [SUCCESS] [OmnipathR] Removing all cache contents from `/Users/biocbuild/Library/Caches/OmnipathR`.
[2024-10-14 03:38:49] [TRACE] [OmnipathR] Pandoc version: `2.7.3`.
[2024-10-14 03:38:49] [TRACE] [OmnipathR] Reading JSON from `/Library/Frameworks/R.framework/Versions/4.4-x86_64/Resources/library/OmnipathR/db/db_def.json` (encoding: UTF-8).
[2024-10-14 03:38:49] [TRACE] [OmnipathR] JSON validation successful: TRUE
[2024-10-14 03:38:50] [TRACE] [OmnipathR] Reading JSON from `/Library/Frameworks/R.framework/Versions/4.4-x86_64/Resources/library/OmnipathR/internal/magic_bytes.json` (encoding: UTF-8).
[2024-10-14 03:38:50] [TRACE] [OmnipathR] JSON validation successful: TRUE
[2024-10-14 03:38:50] [TRACE] [OmnipathR] Reading JSON from `/Library/Frameworks/R.framework/Versions/4.4-x86_64/Resources/library/OmnipathR/internal/urls.json` (encoding: UTF-8).
[2024-10-14 03:38:50] [TRACE] [OmnipathR] JSON validation successful: TRUE
[2024-10-14 03:38:50] [TRACE] [OmnipathR] Reading JSON from `/Library/Frameworks/R.framework/Versions/4.4-x86_64/Resources/library/OmnipathR/internal/id_types.json` (encoding: UTF-8).
[2024-10-14 03:38:50] [TRACE] [OmnipathR] JSON validation successful: TRUE
[2024-10-14 03:38:50] [TRACE] [OmnipathR] Cache locked: FALSE
* checking S3 generic/method consistency ... OK
* checking replacement functions ... OK
* checking foreign function calls ... OK
* checking R code for possible problems ... OK
* checking Rd files ... OK
* checking Rd metadata ... OK
* checking Rd cross-references ... WARNING
Missing link or links in Rd file 'run_gsva.Rd':
‘GSVA::gsva’ ‘GeneSetCollection’
See section 'Cross-references' in the 'Writing R Extensions' manual.
* checking for missing documentation entries ... OK
* checking for code/documentation mismatches ... OK
* checking Rd \usage sections ... OK
* checking Rd contents ... OK
* checking for unstated dependencies in examples ... OK
* checking files in ‘vignettes’ ... OK
* checking examples ... OK
Examples with CPU (user + system) or elapsed time > 5s
user system elapsed
get_dorothea 1294.258 14.692 1676.511
get_collectri 315.869 3.754 421.761
run_fgsea 26.557 0.484 35.526
run_aucell 17.541 1.865 26.399
get_progeny 10.172 0.941 15.303
run_consensus 4.448 0.044 6.132
* checking for unstated dependencies in ‘tests’ ... OK
* checking tests ...
Running ‘testthat.R’
decoupleR.Rcheck/00install.out
############################################################################## ############################################################################## ### ### Running command: ### ### /Library/Frameworks/R.framework/Resources/bin/R CMD INSTALL decoupleR ### ############################################################################## ############################################################################## * installing to library ‘/Library/Frameworks/R.framework/Versions/4.4-x86_64/Resources/library’ * installing *source* package ‘decoupleR’ ... ** using staged installation ** R ** inst ** byte-compile and prepare package for lazy loading ** help *** installing help indices *** copying figures ** building package indices ** installing vignettes ** testing if installed package can be loaded from temporary location ** testing if installed package can be loaded from final location ** testing if installed package keeps a record of temporary installation path * DONE (decoupleR)
decoupleR.Rcheck/tests/testthat.Rout
R version 4.4.1 (2024-06-14) -- "Race for Your Life"
Copyright (C) 2024 The R Foundation for Statistical Computing
Platform: x86_64-apple-darwin20
R is free software and comes with ABSOLUTELY NO WARRANTY.
You are welcome to redistribute it under certain conditions.
Type 'license()' or 'licence()' for distribution details.
R is a collaborative project with many contributors.
Type 'contributors()' for more information and
'citation()' on how to cite R or R packages in publications.
Type 'demo()' for some demos, 'help()' for on-line help, or
'help.start()' for an HTML browser interface to help.
Type 'q()' to quit R.
> library(testthat)
> library(decoupleR)
>
> test_check("decoupleR")
decoupleR.Rcheck/decoupleR-Ex.timings
| name | user | system | elapsed | |
| check_corr | 0.174 | 0.027 | 0.254 | |
| convert_f_defaults | 0.064 | 0.009 | 0.089 | |
| decouple | 0.002 | 0.001 | 0.004 | |
| dot-fit_preprocessing | 0.046 | 0.006 | 0.070 | |
| extract_sets | 0.050 | 0.002 | 0.063 | |
| filt_minsize | 0.094 | 0.002 | 0.119 | |
| get_collectri | 315.869 | 3.754 | 421.761 | |
| get_dorothea | 1294.258 | 14.692 | 1676.511 | |
| get_profile_of | 0.000 | 0.002 | 0.003 | |
| get_progeny | 10.172 | 0.941 | 15.303 | |
| get_resource | 0.715 | 0.045 | 2.285 | |
| get_toy_data | 0.005 | 0.000 | 0.006 | |
| intersect_regulons | 0.055 | 0.004 | 0.073 | |
| pipe | 0.000 | 0.000 | 0.001 | |
| pivot_wider_profile | 0.000 | 0.001 | 0.002 | |
| randomize_matrix | 0.000 | 0.000 | 0.001 | |
| rename_net | 0.083 | 0.002 | 0.108 | |
| run_aucell | 17.541 | 1.865 | 26.399 | |
| run_consensus | 4.448 | 0.044 | 6.132 | |
| run_fgsea | 26.557 | 0.484 | 35.526 | |
| run_gsva | 3.309 | 0.194 | 4.523 | |
| run_mdt | 0.283 | 0.028 | 0.410 | |
| run_mlm | 0.211 | 0.006 | 0.271 | |
| run_ora | 1.096 | 0.015 | 1.395 | |
| run_udt | 0.684 | 0.012 | 0.857 | |
| run_ulm | 0.157 | 0.002 | 0.184 | |
| run_viper | 1.592 | 0.154 | 2.151 | |
| run_wmean | 1.777 | 0.031 | 2.116 | |
| run_wsum | 1.647 | 0.021 | 1.989 | |
| show_methods | 0.124 | 0.011 | 0.173 | |
| show_resources | 0.135 | 0.007 | 0.757 | |
| tidyeval | 0.000 | 0.001 | 0.001 | |